Results for 4.1.0 20050519 (experimental) testsuite on x86_64-suse-linux-gnu
Eric Botcazou
eric@linux.site
Fri May 20 22:07:00 GMT 2005
LAST_UPDATED: Thu May 19 16:27:25 UTC 2005
Native configuration is x86_64-suse-linux-gnu
=== gcc tests ===
Running target unix
FAIL: gcc.c-torture/execute/simd-1.c compilation, -O1
UNRESOLVED: gcc.c-torture/execute/simd-1.c execution, -O1
XPASS: gcc.dg/cpp/cmdlne-dI-M.c scan-file (^|\\\\n)cmdlne-dI-M.*:[^\\\\n]*cmdlne-dI-M.c
XPASS: gcc.dg/cpp/cmdlne-dM-M.c scan-file (^|\\\\n)cmdlne-dM-M[^\\\\n]*:[^\\\\n]*cmdlne-dM-M.c
XPASS: gcc.dg/uninit-9.c uninitialized variable warning (test for bogus messages, line 26)
FAIL: gcc.dg/tree-ssa/gen-vect-11.c (test for excess errors)
WARNING: gcc.dg/tree-ssa/gen-vect-11.c compilation failed to produce executable
FAIL: gcc.dg/tree-ssa/gen-vect-11b.c (test for excess errors)
WARNING: gcc.dg/tree-ssa/gen-vect-11b.c compilation failed to produce executable
FAIL: gcc.dg/tree-ssa/gen-vect-11b.c scan-tree-dump-times vectorized 0 loops 1
FAIL: gcc.dg/tree-ssa/gen-vect-11c.c scan-tree-dump-times vectorized 0 loops 1
FAIL: gcc.dg/vect/pr18400.c (test for excess errors)
WARNING: gcc.dg/vect/pr18400.c compilation failed to produce executable
FAIL: gcc.dg/vect/vect-11a.c (test for excess errors)
WARNING: gcc.dg/vect/vect-11a.c compilation failed to produce executable
FAIL: gcc.dg/vect/vect-11a.c scan-tree-dump-times vectorized 1 loops 2
FAIL: gcc.dg/vect/vect-2.c (test for excess errors)
WARNING: gcc.dg/vect/vect-2.c compilation failed to produce executable
XPASS: gcc.dg/vect/vect-22.c scan-tree-dump-times vectorized 3 loops 1
FAIL: gcc.dg/vect/vect-34.c (test for excess errors)
WARNING: gcc.dg/vect/vect-34.c compilation failed to produce executable
FAIL: gcc.dg/vect/vect-66.c (test for excess errors)
WARNING: gcc.dg/vect/vect-66.c compilation failed to produce executable
XPASS: gcc.dg/vect/vect-67.c scan-tree-dump-times vectorized 1 loops 1
FAIL: gcc.dg/vect/vect-93.c (test for excess errors)
WARNING: gcc.dg/vect/vect-93.c compilation failed to produce executable
FAIL: gcc.dg/vect/vect-all.c (test for excess errors)
WARNING: gcc.dg/vect/vect-all.c compilation failed to produce executable
FAIL: gcc.dg/vect/vect-none.c scan-tree-dump-times vectorized 1 loops 1
=== gcc Summary ===
# of expected passes 35243
# of unexpected failures 14
# of unexpected successes 5
# of expected failures 105
# of unresolved testcases 1
# of untested testcases 28
# of unsupported tests 437
/home/eric/build/gcc/native/gcc/xgcc version 4.1.0 20050519 (experimental)
=== gfortran tests ===
Running target unix
XPASS: gfortran.dg/ret_pointer_1.f90 -O0 execution test
XPASS: gfortran.dg/ret_pointer_1.f90 -O1 execution test
XPASS: gfortran.dg/ret_pointer_1.f90 -O2 execution test
XPASS: gfortran.dg/ret_pointer_1.f90 -O3 -fomit-frame-pointer execution test
XPASS: gfortran.dg/ret_pointer_1.f90 -O3 -fomit-frame-pointer -funroll-loops execution test
XPASS: gfortran.dg/ret_pointer_1.f90 -O3 -fomit-frame-pointer -funroll-all-loops -finline-functions execution test
XPASS: gfortran.dg/ret_pointer_1.f90 -O3 -g execution test
XPASS: gfortran.dg/ret_pointer_1.f90 -Os execution test
FAIL: gfortran.dg/vect/vect-5.f90 -O (test for excess errors)
WARNING: gfortran.dg/vect/vect-5.f90 -O compilation failed to produce executable
=== gfortran Summary ===
# of expected passes 6861
# of unexpected failures 1
# of unexpected successes 8
# of expected failures 27
# of unsupported tests 16
/home/eric/build/gcc/native/gcc/testsuite/../gfortran version 4.1.0 20050519 (experimental)
=== g++ tests ===
Running target unix
FAIL: g++.dg/tree-ssa/pr14814.C scan-tree-dump-times &this 0
XPASS: g++.old-deja/g++.other/init5.C execution test
=== g++ Summary ===
# of expected passes 10971
# of unexpected failures 1
# of unexpected successes 1
# of expected failures 65
# of unsupported tests 95
/home/eric/build/gcc/native/gcc/testsuite/../g++ version 4.1.0 20050519 (experimental)
=== objc tests ===
Running target unix
=== objc Summary ===
# of expected passes 1534
# of unsupported tests 12
/home/eric/build/gcc/native/gcc/xgcc version 4.1.0 20050519 (experimental)
=== treelang tests ===
Running target unix
FAIL: treelang/compile/unsigned.tree (test for excess errors)
ERROR: treelang/compile/unsigned.tree: error executing dg-final: no files matched glob pattern "unsigned.tree.t??.generic"
UNRESOLVED: treelang/compile/unsigned.tree: error executing dg-final: no files matched glob pattern "unsigned.tree.t??.generic"
=== treelang Summary ===
# of expected passes 46
# of unexpected failures 1
# of unresolved testcases 1
=== libffi tests ===
Running target unix
=== libffi Summary ===
# of expected passes 219
# of unsupported tests 2
=== libjava tests ===
Running target unix
=== libjava Summary ===
# of expected passes 3815
# of expected failures 10
# of untested testcases 8
=== libmudflap tests ===
Running target unix
=== libmudflap Summary ===
# of expected passes 1331
=== libstdc++ tests ===
Running target unix
XPASS: 26_numerics/cmath/c99_classification_macros_c.cc (test for excess errors)
XPASS: 27_io/fpos/14320-1.cc execution test
=== libstdc++ Summary ===
# of expected passes 3641
# of unexpected successes 2
# of expected failures 11
Compiler version: 4.1.0 20050519 (experimental)
Platform: x86_64-suse-linux-gnu
configure flags: x86_64-suse-linux --prefix=/home/eric/install/gcc --enable-__cxa_atexit --enable-checking=assert,misc,tree,rtl,rtlflag --enable-languages=c,c++,f95,java,objc,treelang
BOOT_CFLAGS=-g -O2
More information about the Gcc-testresults
mailing list