Results for 3.4.4 testsuite on i686-pc-linux-gnu
CodeSourcery Automatic Testing System
gcc@codesourcery.com
Fri May 20 21:20:00 GMT 2005
LAST_UPDATED: Obtained from CVS: -rgcc_3_4_4_release
Native configuration is i686-pc-linux-gnu
=== g++ tests ===
Running target unix
XPASS: g++.dg/rtti/tinfo1.C scan-assembler _ZTIP9CTemplateIhE:
XPASS: g++.dg/rtti/tinfo1.C scan-assembler-not .globl[ \\t]+_ZTIP9CTemplateIhE
WARNING: g++.old-deja/g++.mike/p10769a.C compilation failed to produce executable
WARNING: g++.old-deja/g++.other/enum5.C compilation failed to produce executable
WARNING: g++.old-deja/g++.pt/friend44.C compilation failed to produce executable
=== g++ Summary ===
# of expected passes 9867
# of unexpected successes 2
# of expected failures 72
# of unsupported tests 43
/scratch/gcc/depots-3.4.4/i686-pc-linux-gnu/build_gcc/install/bin/c++ version 3.4.4
=== gcc tests ===
Running target unix
FAIL: gcc.c-torture/execute/va-arg-25.c execution, -Os
=== gcc Summary ===
# of expected passes 25139
# of unexpected failures 1
# of expected failures 70
# of untested testcases 7
# of unsupported tests 208
/scratch/gcc/depots-3.4.4/i686-pc-linux-gnu/build_gcc/install/bin/gcc version 3.4.4
=== libstdc++ tests ===
Running target unix
XPASS: 22_locale/locale/cons/12658_thread.cc execution test
FAIL: 22_locale/messages/members/char/1.cc execution test
FAIL: 22_locale/messages/members/char/2.cc execution test
FAIL: 22_locale/messages/members/char/wrapped_env.cc execution test
FAIL: 22_locale/messages/members/char/wrapped_locale.cc execution test
FAIL: 22_locale/messages_byname/named_equivalence.cc execution test
=== libstdc++ Summary ===
# of expected passes 2730
# of unexpected failures 5
# of unexpected successes 1
# of expected failures 6
Compiler version: 3.4.4
Platform: i686-pc-linux-gnu
configure flags: --disable-nls --build=i686-pc-linux-gnu --host=i686-pc-linux-gnu --target=i686-pc-linux-gnu --enable-languages=c,c++ --enable-threads=posix --disable-libmudflap --with-gnu-as --with-as=/scratch/gcc/depots-3.4.4/i686-pc-linux-gnu/build_gcc/install/bin/as --with-gnu-ld --with-ld=/scratch/gcc/depots-3.4.4/i686-pc-linux-gnu/build_gcc/install/bin/ld --prefix=/scratch/gcc/depots-3.4.4/i686-pc-linux-gnu/build_gcc/install
More information about the Gcc-testresults
mailing list