Results for 4.1.0 20050518 (experimental) testsuite on powerpc-apple-darwin8.1.0
Rainer Orth
ro@TechFak.Uni-Bielefeld.DE
Fri May 20 15:32:00 GMT 2005
LAST_UPDATED: Wed May 18 21:14:10 UTC 2005
Native configuration is powerpc-apple-darwin8.1.0
=== g++ tests ===
Running target unix
FAIL: g++.dg/tree-ssa/pr14814.C scan-tree-dump-times &this 0
FAIL: g++.dg/warn/weak1.C (test for excess errors)
WARNING: g++.dg/warn/weak1.C compilation failed to produce executable
FAIL: g++.dg/pch/pch.C (test for excess errors)
FAIL: g++.dg/pch/pch.C (test for excess errors)
FAIL: g++.dg/pch/pch.C (test for excess errors)
FAIL: g++.dg/special/conpr-3.C execution test
XPASS: g++.old-deja/g++.eh/badalloc1.C execution test
=== g++ Summary ===
# of expected passes 10949
# of unexpected failures 6
# of unexpected successes 1
# of expected failures 66
# of untested testcases 3
# of unsupported tests 102
/amnt/figaro/volumes/obj-gcc/gcc/obj.macos/gcc-4.1.0-20050518/8.1.0-gcc/gcc/testsuite/../g++ version 4.1.0 20050518 (experimental)
=== gcc tests ===
Running target unix
UNRESOLVED: gcc.c-torture/execute/20020720-1.c execution, -O1
UNRESOLVED: gcc.c-torture/execute/20020720-1.c execution, -O2
UNRESOLVED: gcc.c-torture/execute/20020720-1.c execution, -O3 -fomit-frame-pointer
UNRESOLVED: gcc.c-torture/execute/20020720-1.c execution, -O3 -g
UNRESOLVED: gcc.c-torture/execute/20020720-1.c execution, -Os
FAIL: gcc.c-torture/execute/20031215-1.c compilation, -O2
UNRESOLVED: gcc.c-torture/execute/20031215-1.c execution, -O2
FAIL: gcc.c-torture/execute/20031215-1.c compilation, -O3 -fomit-frame-pointer
UNRESOLVED: gcc.c-torture/execute/20031215-1.c execution, -O3 -fomit-frame-pointer
FAIL: gcc.c-torture/execute/20031215-1.c compilation, -O3 -g
UNRESOLVED: gcc.c-torture/execute/20031215-1.c execution, -O3 -g
FAIL: gcc.c-torture/execute/20031215-1.c compilation, -Os
UNRESOLVED: gcc.c-torture/execute/20031215-1.c execution, -Os
FAIL: tmpdir-gcc.dg-struct-layout-1/t001 c_compat_x_tst.o-c_compat_y_tst.o execute
FAIL: tmpdir-gcc.dg-struct-layout-1/t025 c_compat_x_tst.o-c_compat_y_tst.o execute
FAIL: tmpdir-gcc.dg-struct-layout-1/t026 c_compat_x_tst.o-c_compat_y_tst.o execute
FAIL: tmpdir-gcc.dg-struct-layout-1/t027 c_compat_x_tst.o-c_compat_y_tst.o execute
FAIL: tmpdir-gcc.dg-struct-layout-1/t028 c_compat_x_tst.o-c_compat_y_tst.o execute
FAIL: gcc.dg/rs6000-power2-2.c scan-assembler-not lfd
FAIL: gcc.dg/rs6000-power2-2.c scan-assembler lfq
FAIL: gcc.dg/rs6000-power2-2.c scan-assembler stfq
FAIL: gcc.dg/stabs-attrib-vect-darwin.c scan-assembler .stabs.*vi:\\\\(0,16\\\\)=@V
XPASS: gcc.dg/uninit-9.c uninitialized variable warning (test for bogus messages, line 26)
FAIL: gcc.dg/pch/save-temps-1.c (test for excess errors)
FAIL: gcc.dg/pch/save-temps-1.c (test for excess errors)
FAIL: gcc.dg/pch/save-temps-1.c (test for excess errors)
FAIL: gcc.dg/pch/save-temps-1.c (test for excess errors)
FAIL: gcc.dg/pch/save-temps-1.c (test for excess errors)
FAIL: gcc.dg/pch/save-temps-1.c (test for excess errors)
FAIL: gcc.dg/pch/save-temps-1.c (test for excess errors)
FAIL: gcc.dg/vect/pr18400.c (test for excess errors)
WARNING: gcc.dg/vect/pr18400.c compilation failed to produce executable
FAIL: gcc.dg/vect/vect-11a.c (test for excess errors)
WARNING: gcc.dg/vect/vect-11a.c compilation failed to produce executable
FAIL: gcc.dg/vect/vect-11a.c scan-tree-dump-times vectorized 1 loops 2
FAIL: gcc.dg/vect/vect-2.c (test for excess errors)
WARNING: gcc.dg/vect/vect-2.c compilation failed to produce executable
FAIL: gcc.dg/vect/vect-34.c (test for excess errors)
WARNING: gcc.dg/vect/vect-34.c compilation failed to produce executable
FAIL: gcc.dg/vect/vect-66.c (test for excess errors)
WARNING: gcc.dg/vect/vect-66.c compilation failed to produce executable
XPASS: gcc.dg/vect/vect-67.c scan-tree-dump-times vectorized 1 loops 1
FAIL: gcc.dg/vect/vect-93.c (test for excess errors)
WARNING: gcc.dg/vect/vect-93.c compilation failed to produce executable
FAIL: gcc.dg/vect/vect-all.c (test for excess errors)
WARNING: gcc.dg/vect/vect-all.c compilation failed to produce executable
FAIL: gcc.dg/vect/vect-shift-1.c (test for excess errors)
WARNING: gcc.dg/vect/vect-shift-1.c compilation failed to produce executable
=== gcc Summary ===
# of expected passes 36148
# of unexpected failures 29
# of unexpected successes 2
# of expected failures 106
# of unresolved testcases 9
# of untested testcases 35
# of unsupported tests 460
/amnt/figaro/volumes/obj-gcc/gcc/obj.macos/gcc-4.1.0-20050518/8.1.0-gcc/gcc/xgcc version 4.1.0 20050518 (experimental)
=== gfortran tests ===
Running target unix
FAIL: gfortran.dg/dev_null.f90 execution test
FAIL: gfortran.dg/dev_null.f90 execution test
FAIL: gfortran.dg/dev_null.f90 execution test
FAIL: gfortran.dg/dev_null.f90 execution test
FAIL: gfortran.dg/dev_null.f90 execution test
FAIL: gfortran.dg/dev_null.f90 execution test
FAIL: gfortran.dg/dev_null.f90 execution test
FAIL: gfortran.dg/dev_null.f90 execution test
FAIL: gfortran.dg/eoshift.f90 execution test
XPASS: gfortran.dg/ret_pointer_1.f90 execution test
XPASS: gfortran.dg/ret_pointer_1.f90 execution test
XPASS: gfortran.dg/ret_pointer_1.f90 execution test
XPASS: gfortran.dg/ret_pointer_1.f90 execution test
XPASS: gfortran.dg/ret_pointer_1.f90 execution test
XPASS: gfortran.dg/ret_pointer_1.f90 execution test
XPASS: gfortran.dg/ret_pointer_1.f90 execution test
XPASS: gfortran.dg/ret_pointer_1.f90 execution test
FAIL: gfortran.dg/vect/vect-5.f90 (test for excess errors)
WARNING: gfortran.dg/vect/vect-5.f90 compilation failed to produce executable
=== gfortran Summary ===
# of expected passes 6850
# of unexpected failures 10
# of unexpected successes 8
# of expected failures 24
# of unsupported tests 17
/amnt/figaro/volumes/obj-gcc/gcc/obj.macos/gcc-4.1.0-20050518/8.1.0-gcc/gcc/testsuite/../gfortran version 4.1.0 20050518 (experimental)
=== objc tests ===
Running target unix
FAIL: objc.dg/selector-2.m (test for excess errors)
=== objc Summary ===
# of expected passes 1560
# of unexpected failures 1
# of unsupported tests 1
/amnt/figaro/volumes/obj-gcc/gcc/obj.macos/gcc-4.1.0-20050518/8.1.0-gcc/gcc/xgcc version 4.1.0 20050518 (experimental)
=== libffi tests ===
Running target unix
=== libffi Summary ===
# of expected passes 219
# of unsupported tests 2
=== libjava tests ===
Running target unix
FAIL: PR16923.c compilation
FAIL: Array_3 -O3 execution - bytecode->native test
=== libjava Summary ===
# of expected passes 3811
# of unexpected failures 2
# of expected failures 10
# of untested testcases 9
=== libstdc++ tests ===
Running target unix
FAIL: 23_containers/vector/resize/1.cc execution test
FAIL: 26_numerics/complex/13450.cc execution test
FAIL: 27_io/ios_base/storage/2.cc execution test
=== libstdc++ Summary ===
# of expected passes 1146
# of unexpected failures 3
# of expected failures 5
# of unsupported tests 22
Compiler version: 4.1.0 20050518 (experimental)
Platform: powerpc-apple-darwin8.1.0
configure flags: --prefix=/vol/gcc --with-local-prefix=/vol/gcc --disable-nls --with-gmp-dir=/vol/gnu/obj/gmp-4.1.3 --with-mpfr-dir=/vol/gnu/obj/gmp-4.1.3 --disable-libmudflap --enable-languages=c,c++,f95,java,objc
BOOT_CFLAGS=-g -O2 -mdynamic-no-pic
More information about the Gcc-testresults
mailing list