Results for 4.1.0 20050519 (experimental) testsuite on x86_64-unknown-linux-gnu
Al Stone
ahs3@fc.hp.com
Thu May 19 13:34:00 GMT 2005
LAST_UPDATED:
Native configuration is x86_64-unknown-linux-gnu
=== g++ tests ===
Running target unix
WARNING: program timed out.
FAIL: g++.dg/debug/typedef3.C -gdwarf-21 -O3 (test for excess errors)
WARNING: program timed out.
FAIL: g++.dg/expr/anew1.C (test for excess errors)
WARNING: program timed out.
FAIL: g++.dg/tree-ssa/pr14814.C scan-tree-dump-times &this 0
WARNING: program timed out.
FAIL: g++.old-deja/g++.jason/tempsub.C (test for excess errors)
WARNING: program timed out.
WARNING: program timed out.
FAIL: g++.old-deja/g++.robertl/eb76.C (test for excess errors)
=== g++ Summary ===
# of expected passes 10963
# of unexpected failures 5
# of expected failures 66
# of unsupported tests 95
/opt/toolchain/amd64/obj/upstream/gcc/gcc/testsuite/../g++ version 4.1.0 20050519 (experimental)
=== gcc tests ===
Running target unix
WARNING: program timed out.
FAIL: gcc.c-torture/compile/pr19853.c -O3 -fomit-frame-pointer -funroll-all-loops -finline-functions (test for excess errors)
WARNING: program timed out.
FAIL: gcc.c-torture/execute/20030903-1.c compilation, -O0
UNRESOLVED: gcc.c-torture/execute/20030903-1.c execution, -O0
FAIL: gcc.c-torture/execute/20031215-1.c execution, -O2
FAIL: gcc.c-torture/execute/20031215-1.c execution, -O3 -fomit-frame-pointer
FAIL: gcc.c-torture/execute/20031215-1.c execution, -O3 -g
FAIL: gcc.c-torture/execute/20031215-1.c execution, -Os
WARNING: program timed out.
FAIL: gcc.c-torture/execute/930513-1.c compilation, -O1
UNRESOLVED: gcc.c-torture/execute/930513-1.c execution, -O1
WARNING: program timed out.
FAIL: gcc.c-torture/execute/980505-1.c compilation, -O0
UNRESOLVED: gcc.c-torture/execute/980505-1.c execution, -O0
FAIL: gcc.c-torture/execute/simd-1.c compilation, -O1
UNRESOLVED: gcc.c-torture/execute/simd-1.c execution, -O1
WARNING: program timed out.
FAIL: gcc.c-torture/unsorted/opout.c, -O3 -fomit-frame-pointer
FAIL: gcc.dg/setjmp-2.c (test for excess errors)
WARNING: gcc.dg/setjmp-2.c compilation failed to produce executable
FAIL: gcc.dg/short-compare-1.c (test for excess errors)
WARNING: gcc.dg/short-compare-1.c compilation failed to produce executable
FAIL: gcc.dg/short-compare-2.c (test for excess errors)
WARNING: gcc.dg/short-compare-2.c compilation failed to produce executable
XPASS: gcc.dg/uninit-9.c uninitialized variable warning (test for bogus messages, line 26)
FAIL: ./import-2.h -O0 -g (test for excess errors)
FAIL: ./import-2.h -O0 (test for excess errors)
FAIL: ./import-2.h -O1 (test for excess errors)
FAIL: ./import-2.h -O2 (test for excess errors)
FAIL: ./import-2.h -O3 -fomit-frame-pointer (test for excess errors)
FAIL: ./import-2.h -O3 -g (test for excess errors)
FAIL: ./import-2.h -Os (test for excess errors)
FAIL: gcc.dg/tree-ssa/gen-vect-11.c (test for excess errors)
WARNING: gcc.dg/tree-ssa/gen-vect-11.c compilation failed to produce executable
FAIL: gcc.dg/tree-ssa/gen-vect-11b.c (test for excess errors)
WARNING: gcc.dg/tree-ssa/gen-vect-11b.c compilation failed to produce executable
FAIL: gcc.dg/tree-ssa/gen-vect-11b.c scan-tree-dump-times vectorized 0 loops 1
FAIL: gcc.dg/tree-ssa/gen-vect-11c.c scan-tree-dump-times vectorized 0 loops 1
FAIL: gcc.dg/vect/pr18400.c (test for excess errors)
WARNING: gcc.dg/vect/pr18400.c compilation failed to produce executable
FAIL: gcc.dg/vect/vect-11a.c (test for excess errors)
WARNING: gcc.dg/vect/vect-11a.c compilation failed to produce executable
FAIL: gcc.dg/vect/vect-11a.c scan-tree-dump-times vectorized 1 loops 2
FAIL: gcc.dg/vect/vect-2.c (test for excess errors)
WARNING: gcc.dg/vect/vect-2.c compilation failed to produce executable
XPASS: gcc.dg/vect/vect-22.c scan-tree-dump-times vectorized 3 loops 1
FAIL: gcc.dg/vect/vect-34.c (test for excess errors)
WARNING: gcc.dg/vect/vect-34.c compilation failed to produce executable
FAIL: gcc.dg/vect/vect-66.c (test for excess errors)
WARNING: gcc.dg/vect/vect-66.c compilation failed to produce executable
XPASS: gcc.dg/vect/vect-67.c scan-tree-dump-times vectorized 1 loops 1
FAIL: gcc.dg/vect/vect-93.c (test for excess errors)
WARNING: gcc.dg/vect/vect-93.c compilation failed to produce executable
FAIL: gcc.dg/vect/vect-all.c (test for excess errors)
WARNING: gcc.dg/vect/vect-all.c compilation failed to produce executable
FAIL: gcc.dg/vect/vect-none.c scan-tree-dump-times vectorized 1 loops 1
=== gcc Summary ===
# of expected passes 35197
# of unexpected failures 33
# of unexpected successes 3
# of expected failures 107
# of unresolved testcases 4
# of untested testcases 42
# of unsupported tests 434
/opt/toolchain/amd64/obj/upstream/gcc/gcc/xgcc version 4.1.0 20050519 (experimental)
=== libstdc++ tests ===
Running target unix
XPASS: 26_numerics/cmath/c99_classification_macros_c.cc (test for excess errors)
XPASS: 27_io/fpos/14320-1.cc execution test
=== libstdc++ Summary ===
# of expected passes 2876
# of unexpected successes 2
# of expected failures 4
# of unsupported tests 315
Compiler version: 4.1.0 20050519 (experimental)
Platform: x86_64-unknown-linux-gnu
configure flags: --prefix=/opt/toolchain/amd64/tot --with-system-zlib --enable-nls --without-included-gettext --disable-multilib --enable-languages=c,c++
Counting all warnings,
there are 0 warnings in stage3 of this bootstrap.
Number of warnings per file:
Number of warning types:
More information about the Gcc-testresults
mailing list