Results for 4.1.0 20050519 (experimental) gfortran testsuite on x86_64-unknown-linux-gnu
Francois-Xavier Coudert
coudert@lcp.u-psud.fr
Thu May 19 11:02:00 GMT 2005
LAST_UPDATED:
Native configuration is x86_64-unknown-linux-gnu
=== gfortran tests ===
Running target unix
XPASS: gfortran.dg/ret_pointer_1.f90 -O0 execution test
XPASS: gfortran.dg/ret_pointer_1.f90 -O1 execution test
XPASS: gfortran.dg/ret_pointer_1.f90 -O2 execution test
XPASS: gfortran.dg/ret_pointer_1.f90 -O3 -fomit-frame-pointer execution test
XPASS: gfortran.dg/ret_pointer_1.f90 -O3 -fomit-frame-pointer -funroll-loops execution test
XPASS: gfortran.dg/ret_pointer_1.f90 -O3 -fomit-frame-pointer -funroll-all-loops -finline-functions execution test
XPASS: gfortran.dg/ret_pointer_1.f90 -O3 -g execution test
XPASS: gfortran.dg/ret_pointer_1.f90 -Os execution test
FAIL: gfortran.dg/vect/vect-5.f90 -O (test for excess errors)
WARNING: gfortran.dg/vect/vect-5.f90 -O compilation failed to produce executable
=== gfortran Summary ===
# of expected passes 6861
# of unexpected failures 1
# of unexpected successes 8
# of expected failures 27
# of unsupported tests 16
/var/tmp/gfortran-20050519/ibin/gcc/testsuite/../gfortran version 4.1.0 20050519 (experimental)
Compiler version: 4.1.0 20050519 (experimental) gfortran
Platform: x86_64-unknown-linux-gnu
configure flags: --prefix=/var/tmp/gfortran-20050519/irun --enable-languages=c,f95,;t t
More information about the Gcc-testresults
mailing list