Results for 4.1.0 20050518 (experimental) testsuite on mips-sgi-irix6.5
David Billinghurst
David.Billinghurst@riotinto.com
Wed May 18 16:48:00 GMT 2005
This run on SGI Origin 300 cru300 running IRIX 6.5.22m
Bootstrap compiler gcc (GCC) 3.3.1
Using GNU binutils with -mabi=32 multilib disabled
dejagnu version:
Expect version is 5.40.0
Tcl version is 8.4
Framework version is 1.4.4
LAST_UPDATED: Wed May 18 10:09:45 GMT 2005
Native configuration is mips-sgi-irix6.5
=== g++ tests ===
Running target unix
FAIL: g++.dg/opt/reg-stack2.C (test for excess errors)
FAIL: g++.dg/other/static11.C (test for excess errors)
FAIL: g++.dg/tree-ssa/pr14814.C scan-tree-dump-times &this 0
FAIL: g++.dg/special/conpr-1.C execution test
FAIL: g++.dg/special/conpr-2.C execution test
FAIL: g++.dg/special/conpr-3.C execution test
FAIL: g++.dg/special/conpr-4.C execution test
FAIL: g++.dg/special/initp1.C execution test
WARNING: program timed out.
=== g++ Summary for unix ===
# of expected passes 10897
# of unexpected failures 8
# of expected failures 66
# of unsupported tests 128
Running target unix/-mabi=64
FAIL: g++.dg/opt/reg-stack2.C (test for excess errors)
FAIL: g++.dg/other/static11.C (test for excess errors)
FAIL: g++.dg/tree-ssa/pr14814.C scan-tree-dump-times &this 0
FAIL: g++.dg/special/conpr-1.C execution test
FAIL: g++.dg/special/conpr-2.C execution test
FAIL: g++.dg/special/conpr-3.C execution test
FAIL: g++.dg/special/conpr-4.C execution test
FAIL: g++.dg/special/initp1.C execution test
=== g++ Summary for unix/-mabi=64 ===
# of expected passes 10865
# of unexpected failures 8
# of expected failures 66
# of unsupported tests 130
=== g++ Summary ===
# of expected passes 21762
# of unexpected failures 16
# of expected failures 132
# of unsupported tests 258
/disk4/billingd/obj/gcc/gcc/testsuite/../g++ version 4.1.0 20050518
(experimental)
=== gcc tests ===
Running target unix
FAIL: gcc.c-torture/execute/20031215-1.c compilation, -O2
UNRESOLVED: gcc.c-torture/execute/20031215-1.c execution, -O2
FAIL: gcc.c-torture/execute/20031215-1.c
compilation, -O3 -fomit-frame-pointer
UNRESOLVED: gcc.c-torture/execute/20031215-1.c
execution, -O3 -fomit-frame-pointer
FAIL: gcc.c-torture/execute/20031215-1.c compilation, -O3 -g
UNRESOLVED: gcc.c-torture/execute/20031215-1.c execution, -O3 -g
FAIL: gcc.c-torture/execute/20031215-1.c compilation, -Os
UNRESOLVED: gcc.c-torture/execute/20031215-1.c execution, -Os
XPASS: gcc.dg/uninit-9.c uninitialized variable warning (test for bogus
messages, line 26)
FAIL: gcc.dg/pch/inline-4.c -O0 -g (test for excess errors)
FAIL: gcc.dg/pch/inline-4.c -O0 (test for excess errors)
FAIL: gcc.dg/tree-ssa/useless-1.c (test for excess errors)
ERROR: gcc.dg/tree-ssa/useless-1.c: error executing dg-final: no files
matched glob pattern "useless-1.c.t??.useless"
UNRESOLVED: gcc.dg/tree-ssa/useless-1.c: error executing dg-final: no
files matched glob pattern "useless-1.c.t??.useless"
=== gcc Summary for unix ===
# of expected passes 34670
# of unexpected failures 7
# of unexpected successes 1
# of expected failures 77
# of unresolved testcases 5
# of untested testcases 30
# of unsupported tests 490
Running target unix/-mabi=64
FAIL: gcc.c-torture/execute/20031215-1.c compilation, -O2
UNRESOLVED: gcc.c-torture/execute/20031215-1.c execution, -O2
FAIL: gcc.c-torture/execute/20031215-1.c
compilation, -O3 -fomit-frame-pointer
UNRESOLVED: gcc.c-torture/execute/20031215-1.c
execution, -O3 -fomit-frame-pointer
FAIL: gcc.c-torture/execute/20031215-1.c compilation, -O3 -g
UNRESOLVED: gcc.c-torture/execute/20031215-1.c execution, -O3 -g
FAIL: gcc.c-torture/execute/20031215-1.c compilation, -Os
UNRESOLVED: gcc.c-torture/execute/20031215-1.c execution, -Os
XPASS: gcc.dg/uninit-9.c uninitialized variable warning (test for bogus
messages, line 26)
FAIL: gcc.dg/pch/inline-4.c -O0 -g (test for excess errors)
FAIL: gcc.dg/pch/inline-4.c -O0 (test for excess errors)
FAIL: gcc.dg/tree-ssa/loop-4.c scan-tree-dump-times iter 0
FAIL: gcc.dg/tree-ssa/useless-1.c (test for excess errors)
ERROR: gcc.dg/tree-ssa/useless-1.c: error executing dg-final: no files
matched glob pattern "useless-1.c.t??.useless"
UNRESOLVED: gcc.dg/tree-ssa/useless-1.c: error executing dg-final: no
files matched glob pattern "useless-1.c.t??.useless"
=== gcc Summary for unix/-mabi=64 ===
# of expected passes 34668
# of unexpected failures 8
# of unexpected successes 1
# of expected failures 77
# of unresolved testcases 5
# of untested testcases 30
# of unsupported tests 491
=== gcc Summary ===
# of expected passes 69338
# of unexpected failures 15
# of unexpected successes 2
# of expected failures 154
# of unresolved testcases 10
# of untested testcases 60
# of unsupported tests 981
/disk4/billingd/obj/gcc/gcc/xgcc version 4.1.0 20050518 (experimental)
=== gfortran tests ===
Running target unix
FAIL: gfortran.dg/eoshift.f90 -O0 execution test
XPASS: gfortran.dg/ret_pointer_1.f90 -O0 execution test
XPASS: gfortran.dg/ret_pointer_1.f90 -O1 execution test
XPASS: gfortran.dg/ret_pointer_1.f90 -O2 execution test
XPASS: gfortran.dg/ret_pointer_1.f90 -O3 -fomit-frame-pointer execution
test
XPASS:
gfortran.dg/ret_pointer_1.f90 -O3 -fomit-frame-pointer -funroll-loops
execution test
XPASS:
gfortran.dg/ret_pointer_1.f90 -O3 -fomit-frame-pointer -funroll-all-loops
-finline-functions execution test
XPASS: gfortran.dg/ret_pointer_1.f90 -O3 -g execution test
XPASS: gfortran.dg/ret_pointer_1.f90 -Os execution test
FAIL: gfortran.fortran-torture/execute/intrinsic_abs.f90 execution, -O0
FAIL: gfortran.fortran-torture/execute/intrinsic_abs.f90 execution, -O1
FAIL: gfortran.fortran-torture/execute/intrinsic_abs.f90 execution, -O2
FAIL: gfortran.fortran-torture/execute/intrinsic_abs.f90
execution, -O3 -fomit-frame-pointer
FAIL: gfortran.fortran-torture/execute/intrinsic_abs.f90
execution, -O3 -fomit-frame-pointer -funroll-loops
FAIL: gfortran.fortran-torture/execute/intrinsic_abs.f90
execution, -O3 -fomit-frame-pointer -funroll-all-loops -finline-functions
FAIL: gfortran.fortran-torture/execute/intrinsic_abs.f90
execution, -O3 -g
FAIL: gfortran.fortran-torture/execute/intrinsic_abs.f90 execution, -Os
FAIL: gfortran.fortran-torture/execute/strarray_3.f90 execution, -O2
FAIL: gfortran.fortran-torture/execute/strarray_3.f90
execution, -O3 -fomit-frame-pointer
FAIL: gfortran.fortran-torture/execute/strarray_3.f90
execution, -O3 -fomit-frame-pointer -funroll-loops
FAIL: gfortran.fortran-torture/execute/strarray_3.f90
execution, -O3 -fomit-frame-pointer -funroll-all-loops -finline-functions
FAIL: gfortran.fortran-torture/execute/strarray_3.f90 execution, -O3 -g
=== gfortran Summary for unix ===
# of expected passes 6775
# of unexpected failures 14
# of unexpected successes 8
# of expected failures 26
# of unsupported tests 17
Running target unix/-mabi=64
XPASS: gfortran.dg/ret_pointer_1.f90 -O0 execution test
XPASS: gfortran.dg/ret_pointer_1.f90 -O1 execution test
XPASS: gfortran.dg/ret_pointer_1.f90 -O2 execution test
XPASS: gfortran.dg/ret_pointer_1.f90 -O3 -fomit-frame-pointer execution
test
XPASS:
gfortran.dg/ret_pointer_1.f90 -O3 -fomit-frame-pointer -funroll-loops
execution test
XPASS:
gfortran.dg/ret_pointer_1.f90 -O3 -fomit-frame-pointer -funroll-all-loops
-finline-functions execution test
XPASS: gfortran.dg/ret_pointer_1.f90 -O3 -g execution test
XPASS: gfortran.dg/ret_pointer_1.f90 -Os execution test
FAIL: gfortran.fortran-torture/execute/intrinsic_abs.f90 execution, -O0
FAIL: gfortran.fortran-torture/execute/intrinsic_abs.f90 execution, -O1
FAIL: gfortran.fortran-torture/execute/intrinsic_abs.f90 execution, -O2
FAIL: gfortran.fortran-torture/execute/intrinsic_abs.f90
execution, -O3 -fomit-frame-pointer
FAIL: gfortran.fortran-torture/execute/intrinsic_abs.f90
execution, -O3 -fomit-frame-pointer -funroll-loops
FAIL: gfortran.fortran-torture/execute/intrinsic_abs.f90
execution, -O3 -fomit-frame-pointer -funroll-all-loops -finline-functions
FAIL: gfortran.fortran-torture/execute/intrinsic_abs.f90
execution, -O3 -g
FAIL: gfortran.fortran-torture/execute/intrinsic_abs.f90 execution, -Os
FAIL: gfortran.fortran-torture/execute/strarray_3.f90 execution, -O2
FAIL: gfortran.fortran-torture/execute/strarray_3.f90
execution, -O3 -fomit-frame-pointer
FAIL: gfortran.fortran-torture/execute/strarray_3.f90
execution, -O3 -fomit-frame-pointer -funroll-loops
FAIL: gfortran.fortran-torture/execute/strarray_3.f90
execution, -O3 -fomit-frame-pointer -funroll-all-loops -finline-functions
FAIL: gfortran.fortran-torture/execute/strarray_3.f90 execution, -O3 -g
=== gfortran Summary for unix/-mabi=64 ===
# of expected passes 6776
# of unexpected failures 13
# of unexpected successes 8
# of expected failures 26
# of unsupported tests 17
=== gfortran Summary ===
# of expected passes 13551
# of unexpected failures 27
# of unexpected successes 16
# of expected failures 52
# of unsupported tests 34
/disk4/billingd/obj/gcc/gcc/testsuite/../gfortran version 4.1.0 20050518
(experimental)
=== objc tests ===
Running target unix
FAIL: objc/execute/IMP.m execution, -O0
FAIL: objc/execute/IMP.m execution, -O1
FAIL: objc/execute/IMP.m execution, -O2
FAIL: objc/execute/IMP.m execution, -O3 -fomit-frame-pointer
FAIL: objc/execute/IMP.m execution, -O3 -g
FAIL: objc/execute/IMP.m execution, -Os
FAIL: objc/execute/_cmd.m execution, -O0
FAIL: objc/execute/_cmd.m execution, -O1
FAIL: objc/execute/_cmd.m execution, -O2
FAIL: objc/execute/_cmd.m execution, -O3 -fomit-frame-pointer
FAIL: objc/execute/_cmd.m execution, -O3 -g
FAIL: objc/execute/_cmd.m execution, -Os
FAIL: objc/execute/accessing_ivars.m execution, -O0
FAIL: objc/execute/accessing_ivars.m execution, -O1
FAIL: objc/execute/accessing_ivars.m execution, -O2
FAIL: objc/execute/accessing_ivars.m execution, -O3 -fomit-frame-pointer
FAIL: objc/execute/accessing_ivars.m execution, -O3 -g
FAIL: objc/execute/accessing_ivars.m execution, -Os
FAIL: objc/execute/bf-1.m execution, -O0
FAIL: objc/execute/bf-1.m execution, -O1
FAIL: objc/execute/bf-1.m execution, -O2
FAIL: objc/execute/bf-1.m execution, -O3 -fomit-frame-pointer
FAIL: objc/execute/bf-1.m execution, -O3 -g
FAIL: objc/execute/bf-1.m execution, -Os
FAIL: objc/execute/bf-10.m execution, -O0
FAIL: objc/execute/bf-10.m execution, -O1
FAIL: objc/execute/bf-10.m execution, -O2
FAIL: objc/execute/bf-10.m execution, -O3 -fomit-frame-pointer
FAIL: objc/execute/bf-10.m execution, -O3 -g
FAIL: objc/execute/bf-10.m execution, -Os
FAIL: objc/execute/bf-11.m execution, -O0
FAIL: objc/execute/bf-11.m execution, -O1
FAIL: objc/execute/bf-11.m execution, -O2
FAIL: objc/execute/bf-11.m execution, -O3 -fomit-frame-pointer
FAIL: objc/execute/bf-11.m execution, -O3 -g
FAIL: objc/execute/bf-11.m execution, -Os
FAIL: objc/execute/bf-12.m execution, -O0
FAIL: objc/execute/bf-12.m execution, -O1
FAIL: objc/execute/bf-12.m execution, -O2
FAIL: objc/execute/bf-12.m execution, -O3 -fomit-frame-pointer
FAIL: objc/execute/bf-12.m execution, -O3 -g
FAIL: objc/execute/bf-12.m execution, -Os
FAIL: objc/execute/bf-13.m execution, -O0
FAIL: objc/execute/bf-13.m execution, -O1
FAIL: objc/execute/bf-13.m execution, -O2
FAIL: objc/execute/bf-13.m execution, -O3 -fomit-frame-pointer
FAIL: objc/execute/bf-13.m execution, -O3 -g
FAIL: objc/execute/bf-13.m execution, -Os
FAIL: objc/execute/bf-14.m execution, -O0
FAIL: objc/execute/bf-14.m execution, -O1
FAIL: objc/execute/bf-14.m execution, -O2
FAIL: objc/execute/bf-14.m execution, -O3 -fomit-frame-pointer
FAIL: objc/execute/bf-14.m execution, -O3 -g
FAIL: objc/execute/bf-14.m execution, -Os
FAIL: objc/execute/bf-15.m execution, -O0
FAIL: objc/execute/bf-15.m execution, -O1
FAIL: objc/execute/bf-15.m execution, -O2
FAIL: objc/execute/bf-15.m execution, -O3 -fomit-frame-pointer
FAIL: objc/execute/bf-15.m execution, -O3 -g
FAIL: objc/execute/bf-15.m execution, -Os
FAIL: objc/execute/bf-16.m execution, -O0
FAIL: objc/execute/bf-16.m execution, -O1
FAIL: objc/execute/bf-16.m execution, -O2
FAIL: objc/execute/bf-16.m execution, -O3 -fomit-frame-pointer
FAIL: objc/execute/bf-16.m execution, -O3 -g
FAIL: objc/execute/bf-16.m execution, -Os
FAIL: objc/execute/bf-17.m execution, -O0
FAIL: objc/execute/bf-17.m execution, -O1
FAIL: objc/execute/bf-17.m execution, -O2
FAIL: objc/execute/bf-17.m execution, -O3 -fomit-frame-pointer
FAIL: objc/execute/bf-17.m execution, -O3 -g
FAIL: objc/execute/bf-17.m execution, -Os
FAIL: objc/execute/bf-18.m execution, -O0
FAIL: objc/execute/bf-18.m execution, -O1
FAIL: objc/execute/bf-18.m execution, -O2
FAIL: objc/execute/bf-18.m execution, -O3 -fomit-frame-pointer
FAIL: objc/execute/bf-18.m execution, -O3 -g
FAIL: objc/execute/bf-18.m execution, -Os
FAIL: objc/execute/bf-19.m execution, -O0
FAIL: objc/execute/bf-19.m execution, -O1
FAIL: objc/execute/bf-19.m execution, -O2
FAIL: objc/execute/bf-19.m execution, -O3 -fomit-frame-pointer
FAIL: objc/execute/bf-19.m execution, -O3 -g
FAIL: objc/execute/bf-19.m execution, -Os
FAIL: objc/execute/bf-2.m execution, -O0
FAIL: objc/execute/bf-2.m execution, -O1
FAIL: objc/execute/bf-2.m execution, -O2
FAIL: objc/execute/bf-2.m execution, -O3 -fomit-frame-pointer
FAIL: objc/execute/bf-2.m execution, -O3 -g
FAIL: objc/execute/bf-2.m execution, -Os
FAIL: objc/execute/bf-20.m execution, -O0
FAIL: objc/execute/bf-20.m execution, -O1
FAIL: objc/execute/bf-20.m execution, -O2
FAIL: objc/execute/bf-20.m execution, -O3 -fomit-frame-pointer
FAIL: objc/execute/bf-20.m execution, -O3 -g
FAIL: objc/execute/bf-20.m execution, -Os
FAIL: objc/execute/bf-21.m execution, -O0
FAIL: objc/execute/bf-21.m execution, -O1
FAIL: objc/execute/bf-21.m execution, -O2
FAIL: objc/execute/bf-21.m execution, -O3 -fomit-frame-pointer
FAIL: objc/execute/bf-21.m execution, -O3 -g
FAIL: objc/execute/bf-21.m execution, -Os
FAIL: objc/execute/bf-3.m execution, -O0
FAIL: objc/execute/bf-3.m execution, -O1
FAIL: objc/execute/bf-3.m execution, -O2
FAIL: objc/execute/bf-3.m execution, -O3 -fomit-frame-pointer
FAIL: objc/execute/bf-3.m execution, -O3 -g
FAIL: objc/execute/bf-3.m execution, -Os
FAIL: objc/execute/bf-4.m execution, -O0
FAIL: objc/execute/bf-4.m execution, -O1
FAIL: objc/execute/bf-4.m execution, -O2
FAIL: objc/execute/bf-4.m execution, -O3 -fomit-frame-pointer
FAIL: objc/execute/bf-4.m execution, -O3 -g
FAIL: objc/execute/bf-4.m execution, -Os
FAIL: objc/execute/bf-5.m execution, -O0
FAIL: objc/execute/bf-5.m execution, -O1
FAIL: objc/execute/bf-5.m execution, -O2
FAIL: objc/execute/bf-5.m execution, -O3 -fomit-frame-pointer
FAIL: objc/execute/bf-5.m execution, -O3 -g
FAIL: objc/execute/bf-5.m execution, -Os
FAIL: objc/execute/bf-6.m execution, -O0
FAIL: objc/execute/bf-6.m execution, -O1
FAIL: objc/execute/bf-6.m execution, -O2
FAIL: objc/execute/bf-6.m execution, -O3 -fomit-frame-pointer
FAIL: objc/execute/bf-6.m execution, -O3 -g
FAIL: objc/execute/bf-6.m execution, -Os
FAIL: objc/execute/bf-7.m execution, -O0
FAIL: objc/execute/bf-7.m execution, -O1
FAIL: objc/execute/bf-7.m execution, -O2
FAIL: objc/execute/bf-7.m execution, -O3 -fomit-frame-pointer
FAIL: objc/execute/bf-7.m execution, -O3 -g
FAIL: objc/execute/bf-7.m execution, -Os
FAIL: objc/execute/bf-8.m execution, -O0
FAIL: objc/execute/bf-8.m execution, -O1
FAIL: objc/execute/bf-8.m execution, -O2
FAIL: objc/execute/bf-8.m execution, -O3 -fomit-frame-pointer
FAIL: objc/execute/bf-8.m execution, -O3 -g
FAIL: objc/execute/bf-8.m execution, -Os
FAIL: objc/execute/bf-9.m execution, -O0
FAIL: objc/execute/bf-9.m execution, -O1
FAIL: objc/execute/bf-9.m execution, -O2
FAIL: objc/execute/bf-9.m execution, -O3 -fomit-frame-pointer
FAIL: objc/execute/bf-9.m execution, -O3 -g
FAIL: objc/execute/bf-9.m execution, -Os
FAIL: objc/execute/bycopy-1.m execution, -O0
FAIL: objc/execute/bycopy-1.m execution, -O1
FAIL: objc/execute/bycopy-1.m execution, -O2
FAIL: objc/execute/bycopy-1.m execution, -O3 -fomit-frame-pointer
FAIL: objc/execute/bycopy-1.m execution, -O3 -g
FAIL: objc/execute/bycopy-1.m execution, -Os
FAIL: objc/execute/bycopy-2.m execution, -O0
FAIL: objc/execute/bycopy-2.m execution, -O1
FAIL: objc/execute/bycopy-2.m execution, -O2
FAIL: objc/execute/bycopy-2.m execution, -O3 -fomit-frame-pointer
FAIL: objc/execute/bycopy-2.m execution, -O3 -g
FAIL: objc/execute/bycopy-2.m execution, -Os
FAIL: objc/execute/bycopy-3.m execution, -O0
FAIL: objc/execute/bycopy-3.m execution, -O1
FAIL: objc/execute/bycopy-3.m execution, -O2
FAIL: objc/execute/bycopy-3.m execution, -O3 -fomit-frame-pointer
FAIL: objc/execute/bycopy-3.m execution, -O3 -g
FAIL: objc/execute/bycopy-3.m execution, -Os
FAIL: objc/execute/cascading-1.m execution, -O0
FAIL: objc/execute/cascading-1.m execution, -O1
FAIL: objc/execute/cascading-1.m execution, -O2
FAIL: objc/execute/cascading-1.m execution, -O3 -fomit-frame-pointer
FAIL: objc/execute/cascading-1.m execution, -O3 -g
FAIL: objc/execute/cascading-1.m execution, -Os
FAIL: objc/execute/class-1.m execution, -O0
FAIL: objc/execute/class-1.m execution, -O1
FAIL: objc/execute/class-1.m execution, -O2
FAIL: objc/execute/class-1.m execution, -O3 -fomit-frame-pointer
FAIL: objc/execute/class-1.m execution, -O3 -g
FAIL: objc/execute/class-1.m execution, -Os
FAIL: objc/execute/class-10.m execution, -O0
FAIL: objc/execute/class-10.m execution, -O1
FAIL: objc/execute/class-10.m execution, -O2
FAIL: objc/execute/class-10.m execution, -O3 -fomit-frame-pointer
FAIL: objc/execute/class-10.m execution, -O3 -g
FAIL: objc/execute/class-10.m execution, -Os
FAIL: objc/execute/class-11.m execution, -O0
FAIL: objc/execute/class-11.m execution, -O1
FAIL: objc/execute/class-11.m execution, -O2
FAIL: objc/execute/class-11.m execution, -O3 -fomit-frame-pointer
FAIL: objc/execute/class-11.m execution, -O3 -g
FAIL: objc/execute/class-11.m execution, -Os
FAIL: objc/execute/class-12.m execution, -O0
FAIL: objc/execute/class-12.m execution, -O1
FAIL: objc/execute/class-12.m execution, -O2
FAIL: objc/execute/class-12.m execution, -O3 -fomit-frame-pointer
FAIL: objc/execute/class-12.m execution, -O3 -g
FAIL: objc/execute/class-12.m execution, -Os
FAIL: objc/execute/class-13.m execution, -O0
FAIL: objc/execute/class-13.m execution, -O1
FAIL: objc/execute/class-13.m execution, -O2
FAIL: objc/execute/class-13.m execution, -O3 -fomit-frame-pointer
FAIL: objc/execute/class-13.m execution, -O3 -g
FAIL: objc/execute/class-13.m execution, -Os
FAIL: objc/execute/class-14.m execution, -O0
FAIL: objc/execute/class-14.m execution, -O1
FAIL: objc/execute/class-14.m execution, -O2
FAIL: objc/execute/class-14.m execution, -O3 -fomit-frame-pointer
FAIL: objc/execute/class-14.m execution, -O3 -g
FAIL: objc/execute/class-14.m execution, -Os
FAIL: objc/execute/class-2.m execution, -O0
FAIL: objc/execute/class-2.m execution, -O1
FAIL: objc/execute/class-2.m execution, -O2
FAIL: objc/execute/class-2.m execution, -O3 -fomit-frame-pointer
FAIL: objc/execute/class-2.m execution, -O3 -g
FAIL: objc/execute/class-2.m execution, -Os
FAIL: objc/execute/class-3.m execution, -O0
FAIL: objc/execute/class-3.m execution, -O1
FAIL: objc/execute/class-3.m execution, -O2
FAIL: objc/execute/class-3.m execution, -O3 -fomit-frame-pointer
FAIL: objc/execute/class-3.m execution, -O3 -g
FAIL: objc/execute/class-3.m execution, -Os
FAIL: objc/execute/class-4.m execution, -O0
FAIL: objc/execute/class-4.m execution, -O1
FAIL: objc/execute/class-4.m execution, -O2
FAIL: objc/execute/class-4.m execution, -O3 -fomit-frame-pointer
FAIL: objc/execute/class-4.m execution, -O3 -g
FAIL: objc/execute/class-4.m execution, -Os
FAIL: objc/execute/class-5.m execution, -O0
FAIL: objc/execute/class-5.m execution, -O1
FAIL: objc/execute/class-5.m execution, -O2
FAIL: objc/execute/class-5.m execution, -O3 -fomit-frame-pointer
FAIL: objc/execute/class-5.m execution, -O3 -g
FAIL: objc/execute/class-5.m execution, -Os
FAIL: objc/execute/class-6.m execution, -O0
FAIL: objc/execute/class-6.m execution, -O1
FAIL: objc/execute/class-6.m execution, -O2
FAIL: objc/execute/class-6.m execution, -O3 -fomit-frame-pointer
FAIL: objc/execute/class-6.m execution, -O3 -g
FAIL: objc/execute/class-6.m execution, -Os
FAIL: objc/execute/class-7.m execution, -O0
FAIL: objc/execute/class-7.m execution, -O1
FAIL: objc/execute/class-7.m execution, -O2
FAIL: objc/execute/class-7.m execution, -O3 -fomit-frame-pointer
FAIL: objc/execute/class-7.m execution, -O3 -g
FAIL: objc/execute/class-7.m execution, -Os
FAIL: objc/execute/class-8.m execution, -O0
FAIL: objc/execute/class-8.m execution, -O1
FAIL: objc/execute/class-8.m execution, -O2
FAIL: objc/execute/class-8.m execution, -O3 -fomit-frame-pointer
FAIL: objc/execute/class-8.m execution, -O3 -g
FAIL: objc/execute/class-8.m execution, -Os
FAIL: objc/execute/class-9.m execution, -O0
FAIL: objc/execute/class-9.m execution, -O1
FAIL: objc/execute/class-9.m execution, -O2
FAIL: objc/execute/class-9.m execution, -O3 -fomit-frame-pointer
FAIL: objc/execute/class-9.m execution, -O3 -g
FAIL: objc/execute/class-9.m execution, -Os
FAIL: objc/execute/class_self-1.m execution, -O0
FAIL: objc/execute/class_self-1.m execution, -O1
FAIL: objc/execute/class_self-1.m execution, -O2
FAIL: objc/execute/class_self-1.m execution, -O3 -fomit-frame-pointer
FAIL: objc/execute/class_self-1.m execution, -O3 -g
FAIL: objc/execute/class_self-1.m execution, -Os
FAIL: objc/execute/class_self-2.m execution, -O0
FAIL: objc/execute/class_self-2.m execution, -O1
FAIL: objc/execute/class_self-2.m execution, -O2
FAIL: objc/execute/class_self-2.m execution, -O3 -fomit-frame-pointer
FAIL: objc/execute/class_self-2.m execution, -O3 -g
FAIL: objc/execute/class_self-2.m execution, -Os
FAIL: objc/execute/compatibility_alias.m execution, -O0
FAIL: objc/execute/compatibility_alias.m execution, -O1
FAIL: objc/execute/compatibility_alias.m execution, -O2
FAIL: objc/execute/compatibility_alias.m
execution, -O3 -fomit-frame-pointer
FAIL: objc/execute/compatibility_alias.m execution, -O3 -g
FAIL: objc/execute/compatibility_alias.m execution, -Os
FAIL: objc/execute/encode-1.m execution, -O0
FAIL: objc/execute/encode-1.m execution, -O1
FAIL: objc/execute/encode-1.m execution, -O2
FAIL: objc/execute/encode-1.m execution, -O3 -fomit-frame-pointer
FAIL: objc/execute/encode-1.m execution, -O3 -g
FAIL: objc/execute/encode-1.m execution, -Os
FAIL: objc/execute/enumeration-1.m execution, -O0
FAIL: objc/execute/enumeration-1.m execution, -O1
FAIL: objc/execute/enumeration-1.m execution, -O2
FAIL: objc/execute/enumeration-1.m execution, -O3 -fomit-frame-pointer
FAIL: objc/execute/enumeration-1.m execution, -O3 -g
FAIL: objc/execute/enumeration-1.m execution, -Os
FAIL: objc/execute/enumeration-2.m execution, -O0
FAIL: objc/execute/enumeration-2.m execution, -O1
FAIL: objc/execute/enumeration-2.m execution, -O2
FAIL: objc/execute/enumeration-2.m execution, -O3 -fomit-frame-pointer
FAIL: objc/execute/enumeration-2.m execution, -O3 -g
FAIL: objc/execute/enumeration-2.m execution, -Os
FAIL: objc/execute/fdecl.m execution, -O0
FAIL: objc/execute/fdecl.m execution, -O1
FAIL: objc/execute/fdecl.m execution, -O2
FAIL: objc/execute/fdecl.m execution, -O3 -fomit-frame-pointer
FAIL: objc/execute/fdecl.m execution, -O3 -g
FAIL: objc/execute/fdecl.m execution, -Os
FAIL: objc/execute/formal_protocol-1.m execution, -O0
FAIL: objc/execute/formal_protocol-1.m execution, -O1
FAIL: objc/execute/formal_protocol-1.m execution, -O2
FAIL: objc/execute/formal_protocol-1.m
execution, -O3 -fomit-frame-pointer
FAIL: objc/execute/formal_protocol-1.m execution, -O3 -g
FAIL: objc/execute/formal_protocol-1.m execution, -Os
FAIL: objc/execute/formal_protocol-2.m execution, -O0
FAIL: objc/execute/formal_protocol-2.m execution, -O1
FAIL: objc/execute/formal_protocol-2.m execution, -O2
FAIL: objc/execute/formal_protocol-2.m
execution, -O3 -fomit-frame-pointer
FAIL: objc/execute/formal_protocol-2.m execution, -O3 -g
FAIL: objc/execute/formal_protocol-2.m execution, -Os
FAIL: objc/execute/formal_protocol-3.m execution, -O0
FAIL: objc/execute/formal_protocol-3.m execution, -O1
FAIL: objc/execute/formal_protocol-3.m execution, -O2
FAIL: objc/execute/formal_protocol-3.m
execution, -O3 -fomit-frame-pointer
FAIL: objc/execute/formal_protocol-3.m execution, -O3 -g
FAIL: objc/execute/formal_protocol-3.m execution, -Os
FAIL: objc/execute/formal_protocol-4.m execution, -O0
FAIL: objc/execute/formal_protocol-4.m execution, -O1
FAIL: objc/execute/formal_protocol-4.m execution, -O2
FAIL: objc/execute/formal_protocol-4.m
execution, -O3 -fomit-frame-pointer
FAIL: objc/execute/formal_protocol-4.m execution, -O3 -g
FAIL: objc/execute/formal_protocol-4.m execution, -Os
FAIL: objc/execute/formal_protocol-5.m execution, -O0
FAIL: objc/execute/formal_protocol-5.m execution, -O1
FAIL: objc/execute/formal_protocol-5.m execution, -O2
FAIL: objc/execute/formal_protocol-5.m
execution, -O3 -fomit-frame-pointer
FAIL: objc/execute/formal_protocol-5.m execution, -O3 -g
FAIL: objc/execute/formal_protocol-5.m execution, -Os
FAIL: objc/execute/formal_protocol-6.m execution, -O0
FAIL: objc/execute/formal_protocol-6.m execution, -O1
FAIL: objc/execute/formal_protocol-6.m execution, -O2
FAIL: objc/execute/formal_protocol-6.m
execution, -O3 -fomit-frame-pointer
FAIL: objc/execute/formal_protocol-6.m execution, -O3 -g
FAIL: objc/execute/formal_protocol-6.m execution, -Os
FAIL: objc/execute/formal_protocol-7.m execution, -O0
FAIL: objc/execute/formal_protocol-7.m execution, -O1
FAIL: objc/execute/formal_protocol-7.m execution, -O2
FAIL: objc/execute/formal_protocol-7.m
execution, -O3 -fomit-frame-pointer
FAIL: objc/execute/formal_protocol-7.m execution, -O3 -g
FAIL: objc/execute/formal_protocol-7.m execution, -Os
FAIL: objc/execute/function-message-1.m execution, -O0
FAIL: objc/execute/function-message-1.m execution, -O1
FAIL: objc/execute/function-message-1.m execution, -O2
FAIL: objc/execute/function-message-1.m
execution, -O3 -fomit-frame-pointer
FAIL: objc/execute/function-message-1.m execution, -O3 -g
FAIL: objc/execute/function-message-1.m execution, -Os
FAIL: objc/execute/informal_protocol.m execution, -O0
FAIL: objc/execute/informal_protocol.m execution, -O1
FAIL: objc/execute/informal_protocol.m execution, -O2
FAIL: objc/execute/informal_protocol.m
execution, -O3 -fomit-frame-pointer
FAIL: objc/execute/informal_protocol.m execution, -O3 -g
FAIL: objc/execute/informal_protocol.m execution, -Os
FAIL: objc/execute/initialize.m execution, -O0
FAIL: objc/execute/initialize.m execution, -O1
FAIL: objc/execute/initialize.m execution, -O2
FAIL: objc/execute/initialize.m execution, -O3 -fomit-frame-pointer
FAIL: objc/execute/initialize.m execution, -O3 -g
FAIL: objc/execute/initialize.m execution, -Os
FAIL: objc/execute/load-2.m execution, -O0
FAIL: objc/execute/load-2.m execution, -O1
FAIL: objc/execute/load-2.m execution, -O2
FAIL: objc/execute/load-2.m execution, -O3 -fomit-frame-pointer
FAIL: objc/execute/load-2.m execution, -O3 -g
FAIL: objc/execute/load-2.m execution, -Os
FAIL: objc/execute/load-3.m execution, -O0
FAIL: objc/execute/load-3.m execution, -O1
FAIL: objc/execute/load-3.m execution, -O2
FAIL: objc/execute/load-3.m execution, -O3 -fomit-frame-pointer
FAIL: objc/execute/load-3.m
execution, -O3 -fomit-frame-pointer -funroll-loops
FAIL: objc/execute/load-3.m
execution, -O3 -fomit-frame-pointer -funroll-all-loops -finline-functions
FAIL: objc/execute/load-3.m execution, -O3 -g
FAIL: objc/execute/load-3.m execution, -Os
FAIL: objc/execute/load.m execution, -O0
FAIL: objc/execute/load.m execution, -O1
FAIL: objc/execute/load.m execution, -O2
FAIL: objc/execute/load.m execution, -O3 -fomit-frame-pointer
FAIL: objc/execute/load.m execution, -O3 -g
FAIL: objc/execute/load.m execution, -Os
FAIL: objc/execute/many_args_method.m execution, -O0
FAIL: objc/execute/many_args_method.m execution, -O1
FAIL: objc/execute/many_args_method.m execution, -O2
FAIL: objc/execute/many_args_method.m execution, -O3 -fomit-frame-pointer
FAIL: objc/execute/many_args_method.m execution, -O3 -g
FAIL: objc/execute/many_args_method.m execution, -Os
FAIL: objc/execute/nested-1.m execution, -O0
FAIL: objc/execute/nested-1.m execution, -O1
FAIL: objc/execute/nested-1.m execution, -O2
FAIL: objc/execute/nested-1.m execution, -O3 -fomit-frame-pointer
FAIL: objc/execute/nested-1.m execution, -O3 -g
FAIL: objc/execute/nested-1.m execution, -Os
FAIL: objc/execute/nested-2.m execution, -O0
FAIL: objc/execute/nested-2.m execution, -O1
FAIL: objc/execute/nested-2.m execution, -O2
FAIL: objc/execute/nested-2.m execution, -O3 -fomit-frame-pointer
FAIL: objc/execute/nested-2.m execution, -O3 -g
FAIL: objc/execute/nested-2.m execution, -Os
FAIL: objc/execute/nested-3.m execution, -O0
FAIL: objc/execute/nested-3.m execution, -O1
FAIL: objc/execute/nested-3.m execution, -O2
FAIL: objc/execute/nested-3.m execution, -O3 -fomit-frame-pointer
FAIL: objc/execute/nested-3.m execution, -O3 -g
FAIL: objc/execute/nested-3.m execution, -Os
FAIL: objc/execute/nil_method-1.m execution, -O0
FAIL: objc/execute/nil_method-1.m execution, -O1
FAIL: objc/execute/nil_method-1.m execution, -O2
FAIL: objc/execute/nil_method-1.m execution, -O3 -fomit-frame-pointer
FAIL: objc/execute/nil_method-1.m execution, -O3 -g
FAIL: objc/execute/nil_method-1.m execution, -Os
FAIL: objc/execute/no_clash.m execution, -O0
FAIL: objc/execute/no_clash.m execution, -O1
FAIL: objc/execute/no_clash.m execution, -O2
FAIL: objc/execute/no_clash.m execution, -O3 -fomit-frame-pointer
FAIL: objc/execute/no_clash.m execution, -O3 -g
FAIL: objc/execute/no_clash.m execution, -Os
FAIL: objc/execute/np-1.m execution, -O0
FAIL: objc/execute/np-1.m execution, -O1
FAIL: objc/execute/np-1.m execution, -O2
FAIL: objc/execute/np-1.m execution, -O3 -fomit-frame-pointer
FAIL: objc/execute/np-1.m execution, -O3 -g
FAIL: objc/execute/np-1.m execution, -Os
FAIL: objc/execute/np-2.m execution, -O0
FAIL: objc/execute/np-2.m execution, -O1
FAIL: objc/execute/np-2.m execution, -O2
FAIL: objc/execute/np-2.m execution, -O3 -fomit-frame-pointer
FAIL: objc/execute/np-2.m execution, -O3 -g
FAIL: objc/execute/np-2.m execution, -Os
FAIL: objc/execute/object_is_class.m execution, -O0
FAIL: objc/execute/object_is_class.m execution, -O1
FAIL: objc/execute/object_is_class.m execution, -O2
FAIL: objc/execute/object_is_class.m execution, -O3 -fomit-frame-pointer
FAIL: objc/execute/object_is_class.m execution, -O3 -g
FAIL: objc/execute/object_is_class.m execution, -Os
FAIL: objc/execute/object_is_meta_class.m execution, -O0
FAIL: objc/execute/object_is_meta_class.m execution, -O1
FAIL: objc/execute/object_is_meta_class.m execution, -O2
FAIL: objc/execute/object_is_meta_class.m
execution, -O3 -fomit-frame-pointer
FAIL: objc/execute/object_is_meta_class.m execution, -O3 -g
FAIL: objc/execute/object_is_meta_class.m execution, -Os
FAIL: objc/execute/private.m execution, -O0
FAIL: objc/execute/private.m execution, -O1
FAIL: objc/execute/private.m execution, -O2
FAIL: objc/execute/private.m execution, -O3 -fomit-frame-pointer
FAIL: objc/execute/private.m execution, -O3 -g
FAIL: objc/execute/private.m execution, -Os
FAIL: objc/execute/protocol-isEqual-1.m execution, -O0
FAIL: objc/execute/protocol-isEqual-1.m execution, -O1
FAIL: objc/execute/protocol-isEqual-1.m execution, -O2
FAIL: objc/execute/protocol-isEqual-1.m
execution, -O3 -fomit-frame-pointer
FAIL: objc/execute/protocol-isEqual-1.m execution, -O3 -g
FAIL: objc/execute/protocol-isEqual-1.m execution, -Os
FAIL: objc/execute/protocol-isEqual-2.m execution, -O0
FAIL: objc/execute/protocol-isEqual-2.m execution, -O1
FAIL: objc/execute/protocol-isEqual-2.m execution, -O2
FAIL: objc/execute/protocol-isEqual-2.m
execution, -O3 -fomit-frame-pointer
FAIL: objc/execute/protocol-isEqual-2.m execution, -O3 -g
FAIL: objc/execute/protocol-isEqual-2.m execution, -Os
FAIL: objc/execute/protocol-isEqual-3.m execution, -O0
FAIL: objc/execute/protocol-isEqual-3.m execution, -O1
FAIL: objc/execute/protocol-isEqual-3.m execution, -O2
FAIL: objc/execute/protocol-isEqual-3.m
execution, -O3 -fomit-frame-pointer
FAIL: objc/execute/protocol-isEqual-3.m execution, -O3 -g
FAIL: objc/execute/protocol-isEqual-3.m execution, -Os
FAIL: objc/execute/protocol-isEqual-4.m execution, -O0
FAIL: objc/execute/protocol-isEqual-4.m execution, -O1
FAIL: objc/execute/protocol-isEqual-4.m execution, -O2
FAIL: objc/execute/protocol-isEqual-4.m
execution, -O3 -fomit-frame-pointer
FAIL: objc/execute/protocol-isEqual-4.m execution, -O3 -g
FAIL: objc/execute/protocol-isEqual-4.m execution, -Os
FAIL: objc/execute/protocol.m execution, -O0
FAIL: objc/execute/protocol.m execution, -O1
FAIL: objc/execute/protocol.m execution, -O2
FAIL: objc/execute/protocol.m execution, -O3 -fomit-frame-pointer
FAIL: objc/execute/protocol.m execution, -O3 -g
FAIL: objc/execute/protocol.m execution, -Os
FAIL: objc/execute/redefining_self.m execution, -O0
FAIL: objc/execute/redefining_self.m execution, -O1
FAIL: objc/execute/redefining_self.m execution, -O2
FAIL: objc/execute/redefining_self.m execution, -O3 -fomit-frame-pointer
FAIL: objc/execute/redefining_self.m execution, -O3 -g
FAIL: objc/execute/redefining_self.m execution, -Os
FAIL: objc/execute/root_methods.m execution, -O0
FAIL: objc/execute/root_methods.m execution, -O1
FAIL: objc/execute/root_methods.m execution, -O2
FAIL: objc/execute/root_methods.m execution, -O3 -fomit-frame-pointer
FAIL: objc/execute/root_methods.m execution, -O3 -g
FAIL: objc/execute/root_methods.m execution, -Os
FAIL: objc/execute/selector-1.m execution, -O0
FAIL: objc/execute/selector-1.m execution, -O1
FAIL: objc/execute/selector-1.m execution, -O2
FAIL: objc/execute/selector-1.m execution, -O3 -fomit-frame-pointer
FAIL: objc/execute/selector-1.m execution, -O3 -g
FAIL: objc/execute/selector-1.m execution, -Os
FAIL: objc/execute/static-1.m execution, -O0
FAIL: objc/execute/static-1.m execution, -O1
FAIL: objc/execute/static-1.m execution, -O2
FAIL: objc/execute/static-1.m execution, -O3 -fomit-frame-pointer
FAIL: objc/execute/static-1.m execution, -O3 -g
FAIL: objc/execute/static-1.m execution, -Os
FAIL: objc/execute/static-2.m execution, -O0
FAIL: objc/execute/static-2.m execution, -O1
FAIL: objc/execute/static-2.m execution, -O2
FAIL: objc/execute/static-2.m execution, -O3 -fomit-frame-pointer
FAIL: objc/execute/static-2.m execution, -O3 -g
FAIL: objc/execute/static-2.m execution, -Os
FAIL: objc/execute/string1.m execution, -O0
FAIL: objc/execute/string1.m execution, -O1
FAIL: objc/execute/string1.m execution, -O2
FAIL: objc/execute/string1.m execution, -O3 -fomit-frame-pointer
FAIL: objc/execute/string1.m execution, -O3 -g
FAIL: objc/execute/string1.m execution, -Os
FAIL: objc/execute/string2.m execution, -O0
FAIL: objc/execute/string2.m execution, -O1
FAIL: objc/execute/string2.m execution, -O2
FAIL: objc/execute/string2.m execution, -O3 -fomit-frame-pointer
FAIL: objc/execute/string2.m execution, -O3 -g
FAIL: objc/execute/string2.m execution, -Os
FAIL: objc/execute/string3.m execution, -O0
FAIL: objc/execute/string3.m execution, -O1
FAIL: objc/execute/string3.m execution, -O2
FAIL: objc/execute/string3.m execution, -O3 -fomit-frame-pointer
FAIL: objc/execute/string3.m execution, -O3 -g
FAIL: objc/execute/string3.m execution, -Os
FAIL: objc/execute/string4.m execution, -O0
FAIL: objc/execute/string4.m execution, -O1
FAIL: objc/execute/string4.m execution, -O2
FAIL: objc/execute/string4.m execution, -O3 -fomit-frame-pointer
FAIL: objc/execute/string4.m execution, -O3 -g
FAIL: objc/execute/string4.m execution, -Os
FAIL: objc/execute/va_method.m execution, -O0
FAIL: objc/execute/va_method.m execution, -O1
FAIL: objc/execute/va_method.m execution, -O2
FAIL: objc/execute/va_method.m execution, -O3 -fomit-frame-pointer
FAIL: objc/execute/va_method.m
execution, -O3 -fomit-frame-pointer -funroll-loops
FAIL: objc/execute/va_method.m
execution, -O3 -fomit-frame-pointer -funroll-all-loops -finline-functions
FAIL: objc/execute/va_method.m execution, -O3 -g
FAIL: objc/execute/va_method.m execution, -Os
FAIL: objc.dg/bitfield-1.m execution test
FAIL: objc.dg/bitfield-3.m execution test
FAIL: objc.dg/call-super-1.m execution test
FAIL: objc.dg/call-super-3.m execution test
FAIL: objc.dg/category-1.m execution test
FAIL: objc.dg/defs.m execution test
FAIL: objc.dg/desig-init-1.m execution test
FAIL: objc.dg/encode-1.m execution test
FAIL: objc.dg/encode-2.m execution test
FAIL: objc.dg/encode-3.m execution test
FAIL: objc.dg/encode-4.m execution test
FAIL: objc.dg/func-ptr-1.m execution test
FAIL: objc.dg/func-ptr-2.m execution test
FAIL: objc.dg/method-10.m execution test
FAIL: objc.dg/method-13.m execution test
FAIL: objc.dg/method-3.m execution test
FAIL: objc.dg/nested-func-1.m execution test
FAIL: objc.dg/proto-lossage-3.m execution test
FAIL: objc.dg/proto-qual-1.m execution test
FAIL: objc.dg/sizeof-1.m execution test
FAIL: objc.dg/stabs-1.m scan-assembler
(.SUBSPA.*[\$]CODE[\$]|.text"?)\\n\\t.stabs.*100,0,0,(\\\\.)?L?L[\$]?etext
[0-9]*\\n(\\\\.)?L?L[\$]?etext
FAIL: objc.dg/stret-1.m execution test
FAIL: objc.dg/super-class-3.m execution test
FAIL: objc.dg/try-catch-2.m execution test
FAIL: objc.dg/type-size-2.m execution test
FAIL: objc.dg/va-meth-1.m execution test
FAIL: objc.dg/special/unclaimed-category-1.m unclaimed-category-1a.o
execution test
=== objc Summary for unix ===
# of expected passes 975
# of unexpected failures 559
# of unsupported tests 12
Running target unix/-mabi=64
FAIL: objc/execute/IMP.m execution, -O0
FAIL: objc/execute/IMP.m execution, -O1
FAIL: objc/execute/IMP.m execution, -O2
FAIL: objc/execute/IMP.m execution, -O3 -fomit-frame-pointer
FAIL: objc/execute/IMP.m execution, -O3 -g
FAIL: objc/execute/IMP.m execution, -Os
FAIL: objc/execute/_cmd.m execution, -O0
FAIL: objc/execute/_cmd.m execution, -O1
FAIL: objc/execute/_cmd.m execution, -O2
FAIL: objc/execute/_cmd.m execution, -O3 -fomit-frame-pointer
FAIL: objc/execute/_cmd.m execution, -O3 -g
FAIL: objc/execute/_cmd.m execution, -Os
FAIL: objc/execute/accessing_ivars.m execution, -O0
FAIL: objc/execute/accessing_ivars.m execution, -O1
FAIL: objc/execute/accessing_ivars.m execution, -O2
FAIL: objc/execute/accessing_ivars.m execution, -O3 -fomit-frame-pointer
FAIL: objc/execute/accessing_ivars.m execution, -O3 -g
FAIL: objc/execute/accessing_ivars.m execution, -Os
FAIL: objc/execute/bf-1.m execution, -O0
FAIL: objc/execute/bf-1.m execution, -O1
FAIL: objc/execute/bf-1.m execution, -O2
FAIL: objc/execute/bf-1.m execution, -O3 -fomit-frame-pointer
FAIL: objc/execute/bf-1.m execution, -O3 -g
FAIL: objc/execute/bf-1.m execution, -Os
FAIL: objc/execute/bf-10.m execution, -O0
FAIL: objc/execute/bf-10.m execution, -O1
FAIL: objc/execute/bf-10.m execution, -O2
FAIL: objc/execute/bf-10.m execution, -O3 -fomit-frame-pointer
FAIL: objc/execute/bf-10.m execution, -O3 -g
FAIL: objc/execute/bf-10.m execution, -Os
FAIL: objc/execute/bf-11.m execution, -O0
FAIL: objc/execute/bf-11.m execution, -O1
FAIL: objc/execute/bf-11.m execution, -O2
FAIL: objc/execute/bf-11.m execution, -O3 -fomit-frame-pointer
FAIL: objc/execute/bf-11.m execution, -O3 -g
FAIL: objc/execute/bf-11.m execution, -Os
FAIL: objc/execute/bf-12.m execution, -O0
FAIL: objc/execute/bf-12.m execution, -O1
FAIL: objc/execute/bf-12.m execution, -O2
FAIL: objc/execute/bf-12.m execution, -O3 -fomit-frame-pointer
FAIL: objc/execute/bf-12.m execution, -O3 -g
FAIL: objc/execute/bf-12.m execution, -Os
FAIL: objc/execute/bf-13.m execution, -O0
FAIL: objc/execute/bf-13.m execution, -O1
FAIL: objc/execute/bf-13.m execution, -O2
FAIL: objc/execute/bf-13.m execution, -O3 -fomit-frame-pointer
FAIL: objc/execute/bf-13.m execution, -O3 -g
FAIL: objc/execute/bf-13.m execution, -Os
FAIL: objc/execute/bf-14.m execution, -O0
FAIL: objc/execute/bf-14.m execution, -O1
FAIL: objc/execute/bf-14.m execution, -O2
FAIL: objc/execute/bf-14.m execution, -O3 -fomit-frame-pointer
FAIL: objc/execute/bf-14.m execution, -O3 -g
FAIL: objc/execute/bf-14.m execution, -Os
FAIL: objc/execute/bf-15.m execution, -O0
FAIL: objc/execute/bf-15.m execution, -O1
FAIL: objc/execute/bf-15.m execution, -O2
FAIL: objc/execute/bf-15.m execution, -O3 -fomit-frame-pointer
FAIL: objc/execute/bf-15.m execution, -O3 -g
FAIL: objc/execute/bf-15.m execution, -Os
FAIL: objc/execute/bf-16.m execution, -O0
FAIL: objc/execute/bf-16.m execution, -O1
FAIL: objc/execute/bf-16.m execution, -O2
FAIL: objc/execute/bf-16.m execution, -O3 -fomit-frame-pointer
FAIL: objc/execute/bf-16.m execution, -O3 -g
FAIL: objc/execute/bf-16.m execution, -Os
FAIL: objc/execute/bf-17.m execution, -O0
FAIL: objc/execute/bf-17.m execution, -O1
FAIL: objc/execute/bf-17.m execution, -O2
FAIL: objc/execute/bf-17.m execution, -O3 -fomit-frame-pointer
FAIL: objc/execute/bf-17.m execution, -O3 -g
FAIL: objc/execute/bf-17.m execution, -Os
FAIL: objc/execute/bf-18.m execution, -O0
FAIL: objc/execute/bf-18.m execution, -O1
FAIL: objc/execute/bf-18.m execution, -O2
FAIL: objc/execute/bf-18.m execution, -O3 -fomit-frame-pointer
FAIL: objc/execute/bf-18.m execution, -O3 -g
FAIL: objc/execute/bf-18.m execution, -Os
FAIL: objc/execute/bf-19.m execution, -O0
FAIL: objc/execute/bf-19.m execution, -O1
FAIL: objc/execute/bf-19.m execution, -O2
FAIL: objc/execute/bf-19.m execution, -O3 -fomit-frame-pointer
FAIL: objc/execute/bf-19.m execution, -O3 -g
FAIL: objc/execute/bf-19.m execution, -Os
FAIL: objc/execute/bf-2.m execution, -O0
FAIL: objc/execute/bf-2.m execution, -O1
FAIL: objc/execute/bf-2.m execution, -O2
FAIL: objc/execute/bf-2.m execution, -O3 -fomit-frame-pointer
FAIL: objc/execute/bf-2.m execution, -O3 -g
FAIL: objc/execute/bf-2.m execution, -Os
FAIL: objc/execute/bf-20.m execution, -O0
FAIL: objc/execute/bf-20.m execution, -O1
FAIL: objc/execute/bf-20.m execution, -O2
FAIL: objc/execute/bf-20.m execution, -O3 -fomit-frame-pointer
FAIL: objc/execute/bf-20.m execution, -O3 -g
FAIL: objc/execute/bf-20.m execution, -Os
FAIL: objc/execute/bf-21.m execution, -O0
FAIL: objc/execute/bf-21.m execution, -O1
FAIL: objc/execute/bf-21.m execution, -O2
FAIL: objc/execute/bf-21.m execution, -O3 -fomit-frame-pointer
FAIL: objc/execute/bf-21.m execution, -O3 -g
FAIL: objc/execute/bf-21.m execution, -Os
FAIL: objc/execute/bf-3.m execution, -O0
FAIL: objc/execute/bf-3.m execution, -O1
FAIL: objc/execute/bf-3.m execution, -O2
FAIL: objc/execute/bf-3.m execution, -O3 -fomit-frame-pointer
FAIL: objc/execute/bf-3.m execution, -O3 -g
FAIL: objc/execute/bf-3.m execution, -Os
FAIL: objc/execute/bf-4.m execution, -O0
FAIL: objc/execute/bf-4.m execution, -O1
FAIL: objc/execute/bf-4.m execution, -O2
FAIL: objc/execute/bf-4.m execution, -O3 -fomit-frame-pointer
FAIL: objc/execute/bf-4.m execution, -O3 -g
FAIL: objc/execute/bf-4.m execution, -Os
FAIL: objc/execute/bf-5.m execution, -O0
FAIL: objc/execute/bf-5.m execution, -O1
FAIL: objc/execute/bf-5.m execution, -O2
FAIL: objc/execute/bf-5.m execution, -O3 -fomit-frame-pointer
FAIL: objc/execute/bf-5.m execution, -O3 -g
FAIL: objc/execute/bf-5.m execution, -Os
FAIL: objc/execute/bf-6.m execution, -O0
FAIL: objc/execute/bf-6.m execution, -O1
FAIL: objc/execute/bf-6.m execution, -O2
FAIL: objc/execute/bf-6.m execution, -O3 -fomit-frame-pointer
FAIL: objc/execute/bf-6.m execution, -O3 -g
FAIL: objc/execute/bf-6.m execution, -Os
FAIL: objc/execute/bf-7.m execution, -O0
FAIL: objc/execute/bf-7.m execution, -O1
FAIL: objc/execute/bf-7.m execution, -O2
FAIL: objc/execute/bf-7.m execution, -O3 -fomit-frame-pointer
FAIL: objc/execute/bf-7.m execution, -O3 -g
FAIL: objc/execute/bf-7.m execution, -Os
FAIL: objc/execute/bf-8.m execution, -O0
FAIL: objc/execute/bf-8.m execution, -O1
FAIL: objc/execute/bf-8.m execution, -O2
FAIL: objc/execute/bf-8.m execution, -O3 -fomit-frame-pointer
FAIL: objc/execute/bf-8.m execution, -O3 -g
FAIL: objc/execute/bf-8.m execution, -Os
FAIL: objc/execute/bf-9.m execution, -O0
FAIL: objc/execute/bf-9.m execution, -O1
FAIL: objc/execute/bf-9.m execution, -O2
FAIL: objc/execute/bf-9.m execution, -O3 -fomit-frame-pointer
FAIL: objc/execute/bf-9.m execution, -O3 -g
FAIL: objc/execute/bf-9.m execution, -Os
FAIL: objc/execute/bycopy-1.m execution, -O0
FAIL: objc/execute/bycopy-1.m execution, -O1
FAIL: objc/execute/bycopy-1.m execution, -O2
FAIL: objc/execute/bycopy-1.m execution, -O3 -fomit-frame-pointer
FAIL: objc/execute/bycopy-1.m execution, -O3 -g
FAIL: objc/execute/bycopy-1.m execution, -Os
FAIL: objc/execute/bycopy-2.m execution, -O0
FAIL: objc/execute/bycopy-2.m execution, -O1
FAIL: objc/execute/bycopy-2.m execution, -O2
FAIL: objc/execute/bycopy-2.m execution, -O3 -fomit-frame-pointer
FAIL: objc/execute/bycopy-2.m execution, -O3 -g
FAIL: objc/execute/bycopy-2.m execution, -Os
FAIL: objc/execute/bycopy-3.m execution, -O0
FAIL: objc/execute/bycopy-3.m execution, -O1
FAIL: objc/execute/bycopy-3.m execution, -O2
FAIL: objc/execute/bycopy-3.m execution, -O3 -fomit-frame-pointer
FAIL: objc/execute/bycopy-3.m execution, -O3 -g
FAIL: objc/execute/bycopy-3.m execution, -Os
FAIL: objc/execute/cascading-1.m execution, -O0
FAIL: objc/execute/cascading-1.m execution, -O1
FAIL: objc/execute/cascading-1.m execution, -O2
FAIL: objc/execute/cascading-1.m execution, -O3 -fomit-frame-pointer
FAIL: objc/execute/cascading-1.m execution, -O3 -g
FAIL: objc/execute/cascading-1.m execution, -Os
FAIL: objc/execute/class-1.m execution, -O0
FAIL: objc/execute/class-1.m execution, -O1
FAIL: objc/execute/class-1.m execution, -O2
FAIL: objc/execute/class-1.m execution, -O3 -fomit-frame-pointer
FAIL: objc/execute/class-1.m execution, -O3 -g
FAIL: objc/execute/class-1.m execution, -Os
FAIL: objc/execute/class-10.m execution, -O0
FAIL: objc/execute/class-10.m execution, -O1
FAIL: objc/execute/class-10.m execution, -O2
FAIL: objc/execute/class-10.m execution, -O3 -fomit-frame-pointer
FAIL: objc/execute/class-10.m execution, -O3 -g
FAIL: objc/execute/class-10.m execution, -Os
FAIL: objc/execute/class-11.m execution, -O0
FAIL: objc/execute/class-11.m execution, -O1
FAIL: objc/execute/class-11.m execution, -O2
FAIL: objc/execute/class-11.m execution, -O3 -fomit-frame-pointer
FAIL: objc/execute/class-11.m execution, -O3 -g
FAIL: objc/execute/class-11.m execution, -Os
FAIL: objc/execute/class-12.m execution, -O0
FAIL: objc/execute/class-12.m execution, -O1
FAIL: objc/execute/class-12.m execution, -O2
FAIL: objc/execute/class-12.m execution, -O3 -fomit-frame-pointer
FAIL: objc/execute/class-12.m execution, -O3 -g
FAIL: objc/execute/class-12.m execution, -Os
FAIL: objc/execute/class-13.m execution, -O0
FAIL: objc/execute/class-13.m execution, -O1
FAIL: objc/execute/class-13.m execution, -O2
FAIL: objc/execute/class-13.m execution, -O3 -fomit-frame-pointer
FAIL: objc/execute/class-13.m execution, -O3 -g
FAIL: objc/execute/class-13.m execution, -Os
FAIL: objc/execute/class-14.m execution, -O0
FAIL: objc/execute/class-14.m execution, -O1
FAIL: objc/execute/class-14.m execution, -O2
FAIL: objc/execute/class-14.m execution, -O3 -fomit-frame-pointer
FAIL: objc/execute/class-14.m execution, -O3 -g
FAIL: objc/execute/class-14.m execution, -Os
FAIL: objc/execute/class-2.m execution, -O0
FAIL: objc/execute/class-2.m execution, -O1
FAIL: objc/execute/class-2.m execution, -O2
FAIL: objc/execute/class-2.m execution, -O3 -fomit-frame-pointer
FAIL: objc/execute/class-2.m execution, -O3 -g
FAIL: objc/execute/class-2.m execution, -Os
FAIL: objc/execute/class-3.m execution, -O0
FAIL: objc/execute/class-3.m execution, -O1
FAIL: objc/execute/class-3.m execution, -O2
FAIL: objc/execute/class-3.m execution, -O3 -fomit-frame-pointer
FAIL: objc/execute/class-3.m execution, -O3 -g
FAIL: objc/execute/class-3.m execution, -Os
FAIL: objc/execute/class-4.m execution, -O0
FAIL: objc/execute/class-4.m execution, -O1
FAIL: objc/execute/class-4.m execution, -O2
FAIL: objc/execute/class-4.m execution, -O3 -fomit-frame-pointer
FAIL: objc/execute/class-4.m execution, -O3 -g
FAIL: objc/execute/class-4.m execution, -Os
FAIL: objc/execute/class-5.m execution, -O0
FAIL: objc/execute/class-5.m execution, -O1
FAIL: objc/execute/class-5.m execution, -O2
FAIL: objc/execute/class-5.m execution, -O3 -fomit-frame-pointer
FAIL: objc/execute/class-5.m execution, -O3 -g
FAIL: objc/execute/class-5.m execution, -Os
FAIL: objc/execute/class-6.m execution, -O0
FAIL: objc/execute/class-6.m execution, -O1
FAIL: objc/execute/class-6.m execution, -O2
FAIL: objc/execute/class-6.m execution, -O3 -fomit-frame-pointer
FAIL: objc/execute/class-6.m execution, -O3 -g
FAIL: objc/execute/class-6.m execution, -Os
FAIL: objc/execute/class-7.m execution, -O0
FAIL: objc/execute/class-7.m execution, -O1
FAIL: objc/execute/class-7.m execution, -O2
FAIL: objc/execute/class-7.m execution, -O3 -fomit-frame-pointer
FAIL: objc/execute/class-7.m execution, -O3 -g
FAIL: objc/execute/class-7.m execution, -Os
FAIL: objc/execute/class-8.m execution, -O0
FAIL: objc/execute/class-8.m execution, -O1
FAIL: objc/execute/class-8.m execution, -O2
FAIL: objc/execute/class-8.m execution, -O3 -fomit-frame-pointer
FAIL: objc/execute/class-8.m execution, -O3 -g
FAIL: objc/execute/class-8.m execution, -Os
FAIL: objc/execute/class-9.m execution, -O0
FAIL: objc/execute/class-9.m execution, -O1
FAIL: objc/execute/class-9.m execution, -O2
FAIL: objc/execute/class-9.m execution, -O3 -fomit-frame-pointer
FAIL: objc/execute/class-9.m execution, -O3 -g
FAIL: objc/execute/class-9.m execution, -Os
FAIL: objc/execute/class_self-1.m execution, -O0
FAIL: objc/execute/class_self-1.m execution, -O1
FAIL: objc/execute/class_self-1.m execution, -O2
FAIL: objc/execute/class_self-1.m execution, -O3 -fomit-frame-pointer
FAIL: objc/execute/class_self-1.m execution, -O3 -g
FAIL: objc/execute/class_self-1.m execution, -Os
FAIL: objc/execute/class_self-2.m execution, -O0
FAIL: objc/execute/class_self-2.m execution, -O1
FAIL: objc/execute/class_self-2.m execution, -O2
FAIL: objc/execute/class_self-2.m execution, -O3 -fomit-frame-pointer
FAIL: objc/execute/class_self-2.m execution, -O3 -g
FAIL: objc/execute/class_self-2.m execution, -Os
FAIL: objc/execute/compatibility_alias.m execution, -O0
FAIL: objc/execute/compatibility_alias.m execution, -O1
FAIL: objc/execute/compatibility_alias.m execution, -O2
FAIL: objc/execute/compatibility_alias.m
execution, -O3 -fomit-frame-pointer
FAIL: objc/execute/compatibility_alias.m execution, -O3 -g
FAIL: objc/execute/compatibility_alias.m execution, -Os
FAIL: objc/execute/encode-1.m execution, -O0
FAIL: objc/execute/encode-1.m execution, -O1
FAIL: objc/execute/encode-1.m execution, -O2
FAIL: objc/execute/encode-1.m execution, -O3 -fomit-frame-pointer
FAIL: objc/execute/encode-1.m execution, -O3 -g
FAIL: objc/execute/encode-1.m execution, -Os
FAIL: objc/execute/enumeration-1.m execution, -O0
FAIL: objc/execute/enumeration-1.m execution, -O1
FAIL: objc/execute/enumeration-1.m execution, -O2
FAIL: objc/execute/enumeration-1.m execution, -O3 -fomit-frame-pointer
FAIL: objc/execute/enumeration-1.m execution, -O3 -g
FAIL: objc/execute/enumeration-1.m execution, -Os
FAIL: objc/execute/enumeration-2.m execution, -O0
FAIL: objc/execute/enumeration-2.m execution, -O1
FAIL: objc/execute/enumeration-2.m execution, -O2
FAIL: objc/execute/enumeration-2.m execution, -O3 -fomit-frame-pointer
FAIL: objc/execute/enumeration-2.m execution, -O3 -g
FAIL: objc/execute/enumeration-2.m execution, -Os
FAIL: objc/execute/fdecl.m execution, -O0
FAIL: objc/execute/fdecl.m execution, -O1
FAIL: objc/execute/fdecl.m execution, -O2
FAIL: objc/execute/fdecl.m execution, -O3 -fomit-frame-pointer
FAIL: objc/execute/fdecl.m execution, -O3 -g
FAIL: objc/execute/fdecl.m execution, -Os
FAIL: objc/execute/formal_protocol-1.m execution, -O0
FAIL: objc/execute/formal_protocol-1.m execution, -O1
FAIL: objc/execute/formal_protocol-1.m execution, -O2
FAIL: objc/execute/formal_protocol-1.m
execution, -O3 -fomit-frame-pointer
FAIL: objc/execute/formal_protocol-1.m execution, -O3 -g
FAIL: objc/execute/formal_protocol-1.m execution, -Os
FAIL: objc/execute/formal_protocol-2.m execution, -O0
FAIL: objc/execute/formal_protocol-2.m execution, -O1
FAIL: objc/execute/formal_protocol-2.m execution, -O2
FAIL: objc/execute/formal_protocol-2.m
execution, -O3 -fomit-frame-pointer
FAIL: objc/execute/formal_protocol-2.m execution, -O3 -g
FAIL: objc/execute/formal_protocol-2.m execution, -Os
FAIL: objc/execute/formal_protocol-3.m execution, -O0
FAIL: objc/execute/formal_protocol-3.m execution, -O1
FAIL: objc/execute/formal_protocol-3.m execution, -O2
FAIL: objc/execute/formal_protocol-3.m
execution, -O3 -fomit-frame-pointer
FAIL: objc/execute/formal_protocol-3.m execution, -O3 -g
FAIL: objc/execute/formal_protocol-3.m execution, -Os
FAIL: objc/execute/formal_protocol-4.m execution, -O0
FAIL: objc/execute/formal_protocol-4.m execution, -O1
FAIL: objc/execute/formal_protocol-4.m execution, -O2
FAIL: objc/execute/formal_protocol-4.m
execution, -O3 -fomit-frame-pointer
FAIL: objc/execute/formal_protocol-4.m execution, -O3 -g
FAIL: objc/execute/formal_protocol-4.m execution, -Os
FAIL: objc/execute/formal_protocol-5.m execution, -O0
FAIL: objc/execute/formal_protocol-5.m execution, -O1
FAIL: objc/execute/formal_protocol-5.m execution, -O2
FAIL: objc/execute/formal_protocol-5.m
execution, -O3 -fomit-frame-pointer
FAIL: objc/execute/formal_protocol-5.m execution, -O3 -g
FAIL: objc/execute/formal_protocol-5.m execution, -Os
FAIL: objc/execute/formal_protocol-6.m execution, -O0
FAIL: objc/execute/formal_protocol-6.m execution, -O1
FAIL: objc/execute/formal_protocol-6.m execution, -O2
FAIL: objc/execute/formal_protocol-6.m
execution, -O3 -fomit-frame-pointer
FAIL: objc/execute/formal_protocol-6.m execution, -O3 -g
FAIL: objc/execute/formal_protocol-6.m execution, -Os
FAIL: objc/execute/formal_protocol-7.m execution, -O0
FAIL: objc/execute/formal_protocol-7.m execution, -O1
FAIL: objc/execute/formal_protocol-7.m execution, -O2
FAIL: objc/execute/formal_protocol-7.m
execution, -O3 -fomit-frame-pointer
FAIL: objc/execute/formal_protocol-7.m execution, -O3 -g
FAIL: objc/execute/formal_protocol-7.m execution, -Os
FAIL: objc/execute/function-message-1.m execution, -O0
FAIL: objc/execute/function-message-1.m execution, -O1
FAIL: objc/execute/function-message-1.m execution, -O2
FAIL: objc/execute/function-message-1.m
execution, -O3 -fomit-frame-pointer
FAIL: objc/execute/function-message-1.m execution, -O3 -g
FAIL: objc/execute/function-message-1.m execution, -Os
FAIL: objc/execute/informal_protocol.m execution, -O0
FAIL: objc/execute/informal_protocol.m execution, -O1
FAIL: objc/execute/informal_protocol.m execution, -O2
FAIL: objc/execute/informal_protocol.m
execution, -O3 -fomit-frame-pointer
FAIL: objc/execute/informal_protocol.m execution, -O3 -g
FAIL: objc/execute/informal_protocol.m execution, -Os
FAIL: objc/execute/initialize.m execution, -O0
FAIL: objc/execute/initialize.m execution, -O1
FAIL: objc/execute/initialize.m execution, -O2
FAIL: objc/execute/initialize.m execution, -O3 -fomit-frame-pointer
FAIL: objc/execute/initialize.m execution, -O3 -g
FAIL: objc/execute/initialize.m execution, -Os
FAIL: objc/execute/load-2.m execution, -O0
FAIL: objc/execute/load-2.m execution, -O1
FAIL: objc/execute/load-2.m execution, -O2
FAIL: objc/execute/load-2.m execution, -O3 -fomit-frame-pointer
FAIL: objc/execute/load-2.m execution, -O3 -g
FAIL: objc/execute/load-2.m execution, -Os
FAIL: objc/execute/load-3.m execution, -O0
FAIL: objc/execute/load-3.m execution, -O1
FAIL: objc/execute/load-3.m execution, -O2
FAIL: objc/execute/load-3.m execution, -O3 -fomit-frame-pointer
FAIL: objc/execute/load-3.m
execution, -O3 -fomit-frame-pointer -funroll-loops
FAIL: objc/execute/load-3.m
execution, -O3 -fomit-frame-pointer -funroll-all-loops -finline-functions
FAIL: objc/execute/load-3.m execution, -O3 -g
FAIL: objc/execute/load-3.m execution, -Os
FAIL: objc/execute/load.m execution, -O0
FAIL: objc/execute/load.m execution, -O1
FAIL: objc/execute/load.m execution, -O2
FAIL: objc/execute/load.m execution, -O3 -fomit-frame-pointer
FAIL: objc/execute/load.m execution, -O3 -g
FAIL: objc/execute/load.m execution, -Os
FAIL: objc/execute/many_args_method.m execution, -O0
FAIL: objc/execute/many_args_method.m execution, -O1
FAIL: objc/execute/many_args_method.m execution, -O2
FAIL: objc/execute/many_args_method.m execution, -O3 -fomit-frame-pointer
FAIL: objc/execute/many_args_method.m execution, -O3 -g
FAIL: objc/execute/many_args_method.m execution, -Os
FAIL: objc/execute/nested-1.m execution, -O0
FAIL: objc/execute/nested-1.m execution, -O1
FAIL: objc/execute/nested-1.m execution, -O2
FAIL: objc/execute/nested-1.m execution, -O3 -fomit-frame-pointer
FAIL: objc/execute/nested-1.m execution, -O3 -g
FAIL: objc/execute/nested-1.m execution, -Os
FAIL: objc/execute/nested-2.m execution, -O0
FAIL: objc/execute/nested-2.m execution, -O1
FAIL: objc/execute/nested-2.m execution, -O2
FAIL: objc/execute/nested-2.m execution, -O3 -fomit-frame-pointer
FAIL: objc/execute/nested-2.m execution, -O3 -g
FAIL: objc/execute/nested-2.m execution, -Os
FAIL: objc/execute/nested-3.m execution, -O0
FAIL: objc/execute/nested-3.m execution, -O1
FAIL: objc/execute/nested-3.m execution, -O2
FAIL: objc/execute/nested-3.m execution, -O3 -fomit-frame-pointer
FAIL: objc/execute/nested-3.m execution, -O3 -g
FAIL: objc/execute/nested-3.m execution, -Os
FAIL: objc/execute/nil_method-1.m execution, -O0
FAIL: objc/execute/nil_method-1.m execution, -O1
FAIL: objc/execute/nil_method-1.m execution, -O2
FAIL: objc/execute/nil_method-1.m execution, -O3 -fomit-frame-pointer
FAIL: objc/execute/nil_method-1.m execution, -O3 -g
FAIL: objc/execute/nil_method-1.m execution, -Os
FAIL: objc/execute/no_clash.m execution, -O0
FAIL: objc/execute/no_clash.m execution, -O1
FAIL: objc/execute/no_clash.m execution, -O2
FAIL: objc/execute/no_clash.m execution, -O3 -fomit-frame-pointer
FAIL: objc/execute/no_clash.m execution, -O3 -g
FAIL: objc/execute/no_clash.m execution, -Os
FAIL: objc/execute/np-1.m execution, -O0
FAIL: objc/execute/np-1.m execution, -O1
FAIL: objc/execute/np-1.m execution, -O2
FAIL: objc/execute/np-1.m execution, -O3 -fomit-frame-pointer
FAIL: objc/execute/np-1.m execution, -O3 -g
FAIL: objc/execute/np-1.m execution, -Os
FAIL: objc/execute/np-2.m execution, -O0
FAIL: objc/execute/np-2.m execution, -O1
FAIL: objc/execute/np-2.m execution, -O2
FAIL: objc/execute/np-2.m execution, -O3 -fomit-frame-pointer
FAIL: objc/execute/np-2.m execution, -O3 -g
FAIL: objc/execute/np-2.m execution, -Os
FAIL: objc/execute/object_is_class.m execution, -O0
FAIL: objc/execute/object_is_class.m execution, -O1
FAIL: objc/execute/object_is_class.m execution, -O2
FAIL: objc/execute/object_is_class.m execution, -O3 -fomit-frame-pointer
FAIL: objc/execute/object_is_class.m execution, -O3 -g
FAIL: objc/execute/object_is_class.m execution, -Os
FAIL: objc/execute/object_is_meta_class.m execution, -O0
FAIL: objc/execute/object_is_meta_class.m execution, -O1
FAIL: objc/execute/object_is_meta_class.m execution, -O2
FAIL: objc/execute/object_is_meta_class.m
execution, -O3 -fomit-frame-pointer
FAIL: objc/execute/object_is_meta_class.m execution, -O3 -g
FAIL: objc/execute/object_is_meta_class.m execution, -Os
FAIL: objc/execute/private.m execution, -O0
FAIL: objc/execute/private.m execution, -O1
FAIL: objc/execute/private.m execution, -O2
FAIL: objc/execute/private.m execution, -O3 -fomit-frame-pointer
FAIL: objc/execute/private.m execution, -O3 -g
FAIL: objc/execute/private.m execution, -Os
FAIL: objc/execute/protocol-isEqual-1.m execution, -O0
FAIL: objc/execute/protocol-isEqual-1.m execution, -O1
FAIL: objc/execute/protocol-isEqual-1.m execution, -O2
FAIL: objc/execute/protocol-isEqual-1.m
execution, -O3 -fomit-frame-pointer
FAIL: objc/execute/protocol-isEqual-1.m execution, -O3 -g
FAIL: objc/execute/protocol-isEqual-1.m execution, -Os
FAIL: objc/execute/protocol-isEqual-2.m execution, -O0
FAIL: objc/execute/protocol-isEqual-2.m execution, -O1
FAIL: objc/execute/protocol-isEqual-2.m execution, -O2
FAIL: objc/execute/protocol-isEqual-2.m
execution, -O3 -fomit-frame-pointer
FAIL: objc/execute/protocol-isEqual-2.m execution, -O3 -g
FAIL: objc/execute/protocol-isEqual-2.m execution, -Os
FAIL: objc/execute/protocol-isEqual-3.m execution, -O0
FAIL: objc/execute/protocol-isEqual-3.m execution, -O1
FAIL: objc/execute/protocol-isEqual-3.m execution, -O2
FAIL: objc/execute/protocol-isEqual-3.m
execution, -O3 -fomit-frame-pointer
FAIL: objc/execute/protocol-isEqual-3.m execution, -O3 -g
FAIL: objc/execute/protocol-isEqual-3.m execution, -Os
FAIL: objc/execute/protocol-isEqual-4.m execution, -O0
FAIL: objc/execute/protocol-isEqual-4.m execution, -O1
FAIL: objc/execute/protocol-isEqual-4.m execution, -O2
FAIL: objc/execute/protocol-isEqual-4.m
execution, -O3 -fomit-frame-pointer
FAIL: objc/execute/protocol-isEqual-4.m execution, -O3 -g
FAIL: objc/execute/protocol-isEqual-4.m execution, -Os
FAIL: objc/execute/protocol.m execution, -O0
FAIL: objc/execute/protocol.m execution, -O1
FAIL: objc/execute/protocol.m execution, -O2
FAIL: objc/execute/protocol.m execution, -O3 -fomit-frame-pointer
FAIL: objc/execute/protocol.m execution, -O3 -g
FAIL: objc/execute/protocol.m execution, -Os
FAIL: objc/execute/redefining_self.m execution, -O0
FAIL: objc/execute/redefining_self.m execution, -O1
FAIL: objc/execute/redefining_self.m execution, -O2
FAIL: objc/execute/redefining_self.m execution, -O3 -fomit-frame-pointer
FAIL: objc/execute/redefining_self.m execution, -O3 -g
FAIL: objc/execute/redefining_self.m execution, -Os
FAIL: objc/execute/root_methods.m execution, -O0
FAIL: objc/execute/root_methods.m execution, -O1
FAIL: objc/execute/root_methods.m execution, -O2
FAIL: objc/execute/root_methods.m execution, -O3 -fomit-frame-pointer
FAIL: objc/execute/root_methods.m execution, -O3 -g
FAIL: objc/execute/root_methods.m execution, -Os
FAIL: objc/execute/selector-1.m execution, -O0
FAIL: objc/execute/selector-1.m execution, -O1
FAIL: objc/execute/selector-1.m execution, -O2
FAIL: objc/execute/selector-1.m execution, -O3 -fomit-frame-pointer
FAIL: objc/execute/selector-1.m execution, -O3 -g
FAIL: objc/execute/selector-1.m execution, -Os
FAIL: objc/execute/static-1.m execution, -O0
FAIL: objc/execute/static-1.m execution, -O1
FAIL: objc/execute/static-1.m execution, -O2
FAIL: objc/execute/static-1.m execution, -O3 -fomit-frame-pointer
FAIL: objc/execute/static-1.m execution, -O3 -g
FAIL: objc/execute/static-1.m execution, -Os
FAIL: objc/execute/static-2.m execution, -O0
FAIL: objc/execute/static-2.m execution, -O1
FAIL: objc/execute/static-2.m execution, -O2
FAIL: objc/execute/static-2.m execution, -O3 -fomit-frame-pointer
FAIL: objc/execute/static-2.m execution, -O3 -g
FAIL: objc/execute/static-2.m execution, -Os
FAIL: objc/execute/string1.m execution, -O0
FAIL: objc/execute/string1.m execution, -O1
FAIL: objc/execute/string1.m execution, -O2
FAIL: objc/execute/string1.m execution, -O3 -fomit-frame-pointer
FAIL: objc/execute/string1.m execution, -O3 -g
FAIL: objc/execute/string1.m execution, -Os
FAIL: objc/execute/string2.m execution, -O0
FAIL: objc/execute/string2.m execution, -O1
FAIL: objc/execute/string2.m execution, -O2
FAIL: objc/execute/string2.m execution, -O3 -fomit-frame-pointer
FAIL: objc/execute/string2.m execution, -O3 -g
FAIL: objc/execute/string2.m execution, -Os
FAIL: objc/execute/string3.m execution, -O0
FAIL: objc/execute/string3.m execution, -O1
FAIL: objc/execute/string3.m execution, -O2
FAIL: objc/execute/string3.m execution, -O3 -fomit-frame-pointer
FAIL: objc/execute/string3.m execution, -O3 -g
FAIL: objc/execute/string3.m execution, -Os
FAIL: objc/execute/string4.m execution, -O0
FAIL: objc/execute/string4.m execution, -O1
FAIL: objc/execute/string4.m execution, -O2
FAIL: objc/execute/string4.m execution, -O3 -fomit-frame-pointer
FAIL: objc/execute/string4.m execution, -O3 -g
FAIL: objc/execute/string4.m execution, -Os
FAIL: objc/execute/va_method.m execution, -O0
FAIL: objc/execute/va_method.m execution, -O1
FAIL: objc/execute/va_method.m execution, -O2
FAIL: objc/execute/va_method.m execution, -O3 -fomit-frame-pointer
FAIL: objc/execute/va_method.m
execution, -O3 -fomit-frame-pointer -funroll-loops
FAIL: objc/execute/va_method.m
execution, -O3 -fomit-frame-pointer -funroll-all-loops -finline-functions
FAIL: objc/execute/va_method.m execution, -O3 -g
FAIL: objc/execute/va_method.m execution, -Os
FAIL: objc.dg/bitfield-1.m execution test
FAIL: objc.dg/bitfield-3.m execution test
FAIL: objc.dg/call-super-1.m execution test
FAIL: objc.dg/call-super-3.m execution test
FAIL: objc.dg/category-1.m execution test
FAIL: objc.dg/defs.m execution test
FAIL: objc.dg/desig-init-1.m execution test
FAIL: objc.dg/encode-1.m execution test
FAIL: objc.dg/encode-2.m execution test
FAIL: objc.dg/encode-3.m execution test
FAIL: objc.dg/encode-4.m execution test
FAIL: objc.dg/func-ptr-1.m execution test
FAIL: objc.dg/func-ptr-2.m execution test
FAIL: objc.dg/method-10.m execution test
FAIL: objc.dg/method-13.m execution test
FAIL: objc.dg/method-3.m execution test
FAIL: objc.dg/nested-func-1.m execution test
FAIL: objc.dg/proto-lossage-3.m execution test
FAIL: objc.dg/proto-qual-1.m execution test
FAIL: objc.dg/sizeof-1.m execution test
FAIL: objc.dg/stabs-1.m scan-assembler
(.SUBSPA.*[\$]CODE[\$]|.text"?)\\n\\t.stabs.*100,0,0,(\\\\.)?L?L[\$]?etext
[0-9]*\\n(\\\\.)?L?L[\$]?etext
FAIL: objc.dg/stret-1.m execution test
FAIL: objc.dg/super-class-3.m execution test
FAIL: objc.dg/try-catch-2.m execution test
FAIL: objc.dg/type-size-2.m execution test
FAIL: objc.dg/va-meth-1.m execution test
FAIL: objc.dg/special/unclaimed-category-1.m unclaimed-category-1a.o
execution test
=== objc Summary for unix/-mabi=64 ===
# of expected passes 975
# of unexpected failures 559
# of unsupported tests 12
=== objc Summary ===
# of expected passes 1950
# of unexpected failures 1118
# of unsupported tests 24
/disk4/billingd/obj/gcc/gcc/xgcc version 4.1.0 20050518 (experimental)
=== libstdc++ tests ===
Running target unix
FAIL: 18_support/numeric_limits.cc execution test
FAIL: 21_strings/basic_string/inserters_extractors/wchar_t/1.cc execution
test
FAIL: 21_strings/basic_string/inserters_extractors/wchar_t/11.cc execution
test
FAIL: 21_strings/basic_string/inserters_extractors/wchar_t/5.cc execution
test
FAIL: 22_locale/ctype/cons/char/1.cc execution test
FAIL: 22_locale/ctype/is/wchar_t/1.cc execution test
FAIL: 22_locale/ctype/scan/wchar_t/1.cc execution test
FAIL: 22_locale/money_get/get/wchar_t/19.cc execution test
FAIL: 22_locale/money_get/get/wchar_t/8.cc execution test
FAIL: 22_locale/time_get/get_year/char/wrapped_locale.cc execution test
FAIL: 22_locale/time_get/get_year/wchar_t/wrapped_locale.cc execution test
FAIL: 27_io/basic_istream/extractors_arithmetic/wchar_t/01.cc execution
test
FAIL: 27_io/basic_istream/extractors_arithmetic/wchar_t/07.cc execution
test
FAIL: 27_io/basic_istream/extractors_arithmetic/wchar_t/08.cc execution
test
FAIL: 27_io/basic_istream/extractors_arithmetic/wchar_t/10.cc execution
test
FAIL: 27_io/basic_istream/extractors_arithmetic/wchar_t/13.cc execution
test
FAIL: 27_io/basic_istream/extractors_character/wchar_t/1.cc execution test
FAIL: 27_io/basic_istream/extractors_character/wchar_t/11095-i.cc
execution test
FAIL: 27_io/basic_istream/extractors_character/wchar_t/2.cc execution test
FAIL: 27_io/basic_istream/extractors_character/wchar_t/3.cc execution test
FAIL: 27_io/basic_istream/sentry/wchar_t/2.cc execution test
FAIL: 27_io/basic_istream/ws/wchar_t/1.cc execution test
=== libstdc++ Summary for unix ===
# of expected passes 2971
# of unexpected failures 22
# of expected failures 12
# of unsupported tests 309
Running target unix/-mabi=64
FAIL: 18_support/numeric_limits.cc execution test
FAIL: 21_strings/basic_string/inserters_extractors/wchar_t/1.cc execution
test
FAIL: 21_strings/basic_string/inserters_extractors/wchar_t/11.cc execution
test
FAIL: 21_strings/basic_string/inserters_extractors/wchar_t/5.cc execution
test
FAIL: 22_locale/ctype/cons/char/1.cc execution test
FAIL: 22_locale/ctype/is/wchar_t/1.cc execution test
FAIL: 22_locale/ctype/scan/wchar_t/1.cc execution test
FAIL: 22_locale/money_get/get/wchar_t/19.cc execution test
FAIL: 22_locale/money_get/get/wchar_t/8.cc execution test
FAIL: 22_locale/time_get/get_year/char/wrapped_locale.cc execution test
FAIL: 22_locale/time_get/get_year/wchar_t/wrapped_locale.cc execution test
FAIL: 27_io/basic_istream/extractors_arithmetic/wchar_t/01.cc execution
test
FAIL: 27_io/basic_istream/extractors_arithmetic/wchar_t/07.cc execution
test
FAIL: 27_io/basic_istream/extractors_arithmetic/wchar_t/08.cc execution
test
FAIL: 27_io/basic_istream/extractors_arithmetic/wchar_t/10.cc execution
test
FAIL: 27_io/basic_istream/extractors_arithmetic/wchar_t/13.cc execution
test
FAIL: 27_io/basic_istream/extractors_character/wchar_t/1.cc execution test
FAIL: 27_io/basic_istream/extractors_character/wchar_t/11095-i.cc
execution test
FAIL: 27_io/basic_istream/extractors_character/wchar_t/2.cc execution test
FAIL: 27_io/basic_istream/extractors_character/wchar_t/3.cc execution test
FAIL: 27_io/basic_istream/sentry/wchar_t/2.cc execution test
FAIL: 27_io/basic_istream/ws/wchar_t/1.cc execution test
=== libstdc++ Summary for unix/-mabi=64 ===
# of expected passes 2971
# of unexpected failures 22
# of expected failures 12
# of unsupported tests 309
=== libstdc++ Summary ===
# of expected passes 5942
# of unexpected failures 44
# of expected failures 24
# of unsupported tests 618
Compiler version: 4.1.0 20050518 (experimental)
Platform: mips-sgi-irix6.5
configure
flags: --enable-shared --enable-haifa --enable-threads=single --enable-lib
java --with-as=/disk4/billingd/tmp/binutils/bin/as --disable-nls --with-gm
p=/usr/local --disable-libmudflap --prefix=/disk4/billingd/tmp/gcc --enabl
e-languages=c,c++,f95,java,objc
Counting all warnings,
there are 28 warnings in stage3 of this bootstrap.
Number of warnings per file:
13 gcc/config/mips/mips.md
4 gcc/gcc.c
3 gengtype-lex.c
3 /usr/local/share/bison/bison.simple
2 gcc/objc/lang-specs.h
2 gcc/libgcov.c
1 gcc/java/jvspec.c
Number of warning types:
7 string length \`???' is greater than the length \`???' ISO C89
compilers are required to support
7 operand 1 missing mode?
6 old-style function definition
5 operand 0 missing mode?
2 implicit declaration of function \`???'
1 source missing a mode?
NOTICE
This e-mail and any attachments are private and confidential and may
contain privileged information. If you are not an authorised recipient,
the copying or distribution of this e-mail and any attachments is
prohibited and you must not read, print or act in reliance on this e-mail
or attachments.
This notice should not be removed.
More information about the Gcc-testresults
mailing list