Results for 4.0.1 20050516 (prerelease) testsuite on alphaev56-unknown-linux-gnu
Richard Henderson
rth@redhat.com
Tue May 17 15:20:00 GMT 2005
LAST_UPDATED: Mon May 16 20:51:58 UTC 2005
Native configuration is alphaev56-unknown-linux-gnu
=== libffi tests ===
Running target unix
=== libffi Summary ===
# of expected passes 219
# of unsupported tests 2
=== libjava tests ===
Running target unix
FAIL: Array_3 -O3 execution - bytecode->native test
FAIL: Throw_2 -O3 execution - bytecode->native test
=== libjava Summary ===
# of expected passes 3792
# of unexpected failures 2
# of expected failures 14
# of untested testcases 18
=== libstdc++ tests ===
Running target unix
XPASS: 22_locale/locale/cons/12658_thread-1.cc execution test
XPASS: 27_io/fpos/14320-1.cc execution test
=== libstdc++ Summary ===
# of expected passes 3640
# of unexpected successes 2
# of expected failures 12
=== g++ tests ===
Running target unix
ERROR: g++.dg/abi/rtti1.C: error executing dg-final: couldn't execute "c++filt": no such file or directory
UNRESOLVED: g++.dg/abi/rtti1.C: error executing dg-final: couldn't execute "c++filt": no such file or directory
=== g++ Summary ===
# of expected passes 10820
# of expected failures 70
# of unresolved testcases 1
# of unsupported tests 92
/dot/bang/rth/gcc/bld-cron/gcc/testsuite/../g++ version 4.0.1 20050516 (prerelease)
=== gcc tests ===
Running target unix
WARNING: program timed out.
FAIL: gcc.c-torture/compile/20001226-1.c -O1 (test for excess errors)
WARNING: program timed out.
FAIL: gcc.c-torture/compile/20001226-1.c -O2 (test for excess errors)
WARNING: program timed out.
FAIL: gcc.c-torture/compile/20001226-1.c -O3 -fomit-frame-pointer (test for excess errors)
WARNING: program timed out.
FAIL: gcc.c-torture/compile/20001226-1.c -O3 -g (test for excess errors)
WARNING: program timed out.
FAIL: gcc.c-torture/compile/20001226-1.c -Os (test for excess errors)
XPASS: gcc.dg/vect/vect-85.c scan-tree-dump-times vectorized 1 loops 1
XPASS: gcc.dg/vect/vect-86.c scan-tree-dump-times vectorized 1 loops 1
XPASS: gcc.dg/vect/vect-87.c scan-tree-dump-times vectorized 1 loops 1
XPASS: gcc.dg/vect/vect-87.c scan-tree-dump-times Alignment of access forced using peeling 1
XPASS: gcc.dg/vect/vect-88.c scan-tree-dump-times vectorized 1 loops 1
XPASS: gcc.dg/vect/vect-88.c scan-tree-dump-times Alignment of access forced using peeling 1
=== gcc Summary ===
# of expected passes 34085
# of unexpected failures 5
# of unexpected successes 6
# of expected failures 95
# of untested testcases 28
# of unsupported tests 523
/dot/bang/rth/gcc/bld-cron/gcc/xgcc version 4.0.1 20050516 (prerelease)
=== objc tests ===
Running target unix
=== objc Summary ===
# of expected passes 1532
# of unsupported tests 11
/dot/bang/rth/gcc/bld-cron/gcc/xgcc version 4.0.1 20050516 (prerelease)
Compiler version: 4.0.1 20050516 (prerelease)
Platform: alphaev56-unknown-linux-gnu
configure flags: --prefix=/dot/bang/H-alpha-linux --disable-checking --disable-libmudflap --enable-languages=c,c++,java,objc
More information about the Gcc-testresults
mailing list