Results for 4.1.0 20050517 (experimental) testsuite on i686-pc-linux-gnu
Joe Buck
Joe.Buck@synopsys.com
Tue May 17 11:54:00 GMT 2005
This is a Red Hat Enterprise (GNU/)Linux WS release 3 system,
running on a dual 2.2 GHz Intel Xeon system.
kernel: 2.4.21-4.EL (from Red Hat)
glibc: 2.3.2-95.3 (from Red Hat)
binutils: 2.14.90.0.4-26 (from Red Hat)
Only C, C++, ObjC are tested (no Java).
LAST_UPDATED: Tue May 17 08:31:15 UTC 2005
Native configuration is i686-pc-linux-gnu
=== g++ tests ===
Running target unix
=== g++ Summary ===
# of expected passes 11058
# of expected failures 66
# of unsupported tests 61
/var/tmp/gccbuild/trunk/gcc/testsuite/../g++ version 4.1.0 20050517 (experimental)
=== gcc tests ===
Running target unix
WARNING: program timed out.
FAIL: gcc.c-torture/compile/20001226-1.c (test for excess errors)
FAIL: gcc.c-torture/execute/20031215-1.c compilation, -O2
UNRESOLVED: gcc.c-torture/execute/20031215-1.c execution, -O2
FAIL: gcc.c-torture/execute/20031215-1.c compilation, -O3 -fomit-frame-pointer
UNRESOLVED: gcc.c-torture/execute/20031215-1.c execution, -O3 -fomit-frame-pointer
FAIL: gcc.c-torture/execute/20031215-1.c compilation, -O3 -g
UNRESOLVED: gcc.c-torture/execute/20031215-1.c execution, -O3 -g
FAIL: gcc.c-torture/execute/20031215-1.c compilation, -Os
UNRESOLVED: gcc.c-torture/execute/20031215-1.c execution, -Os
XPASS: gcc.dg/uninit-9.c uninitialized variable warning (test for bogus messages, line 26)
XPASS: gcc.dg/vect/vect-22.c scan-tree-dump-times vectorized 3 loops 1
XPASS: gcc.dg/vect/vect-67.c scan-tree-dump-times vectorized 1 loops 1
FAIL: gcc.dg/vect/vect-none.c scan-tree-dump-times vectorized 1 loops 1
=== gcc Summary ===
# of expected passes 35553
# of unexpected failures 6
# of unexpected successes 3
# of expected failures 103
# of unresolved testcases 4
# of untested testcases 28
# of unsupported tests 323
/var/tmp/gccbuild/trunk/gcc/xgcc version 4.1.0 20050517 (experimental)
=== objc tests ===
Running target unix
=== objc Summary ===
# of expected passes 1534
# of unsupported tests 12
/var/tmp/gccbuild/trunk/gcc/xgcc version 4.1.0 20050517 (experimental)
=== libmudflap tests ===
Running target unix
=== libmudflap Summary ===
# of expected passes 1331
=== libstdc++ tests ===
Running target unix
XPASS: 26_numerics/cmath/c99_classification_macros_c.cc (test for excess errors)
=== libstdc++ Summary ===
# of expected passes 1257
# of unexpected successes 1
# of expected failures 5
Compiler version: 4.1.0 20050517 (experimental)
Platform: i686-pc-linux-gnu
configure flags: --prefix=/usr/localdisk/gcc-cvs/trunk --enable-languages=c,c++,objc
More information about the Gcc-testresults
mailing list