Results for gcc testsuite on ia64-unknown-linux-gnu
H.J. Lu
hjl@gnu-2.sc.intel.com
Mon May 16 15:02:00 GMT 2005
LAST_UPDATED: Sun May 15 19:12:00 UTC 2005
Native configuration is ia64-unknown-linux-gnu
=== gcc tests ===
Running target unix
=== g++ tests ===
Running target unix
XPASS: g++.dg/rtti/tinfo1.C scan-assembler _ZTIP9CTemplateIhE:
XPASS: g++.dg/rtti/tinfo1.C scan-assembler-not .globl[ \\t]+_ZTIP9CTemplateIhE
=== libffi tests ===
Running target unix
FAIL: libffi.call/cls_64byte.c execution test
FAIL: libffi.call/cls_align_longdouble.c output pattern test, is 12 0 233 181 0 96: 193 0 73
FAIL: libffi.call/float.c execution test
FAIL: libffi.call/float2.c execution test
=== libffi Summary ===
# of expected passes 207
# of unexpected failures 4
# of unsupported tests 2
=== libjava tests ===
Running target unix
FAIL: Thread_Interrupt output - gij test
=== libstdc++ tests ===
Running target unix
XPASS: 22_locale/locale/cons/12658_thread.cc execution test
Compiler version: gcc
Platform: ia64-unknown-linux-gnu
configure flags: --enable-clocale=gnu --with-system-zlib --enable-shared --enable-threads=posix --enable-haifa --disable-checking --prefix=/usr/gcc-3.4 --with-local-prefix=/usr/local
More information about the Gcc-testresults
mailing list