Results for 4.1.0 20050515 (experimental) testsuite on i686-pc-cygwin
Tim Prince
tprince@computer.org
Mon May 16 04:10:00 GMT 2005
LAST_UPDATED: Obtained from CVS: -D2005-05-15 17:43 UTC
Native configuration is i686-pc-cygwin
=== g++ tests ===
Running target unix
FAIL: g++.dg/abi/local1.C execution test
FAIL: g++.dg/abi/rtti1.C scan-assembler-dem-not \\ntypeinfo for A[: \\t\\n]
FAIL: g++.dg/ext/dllexport-MI1.C scan-assembler-not -export:_ZN2D1C2ERKS_
FAIL: g++.dg/ext/dllexport-MI1.C scan-assembler-not -export:_ZN2D1D2Ev
FAIL: g++.dg/ext/dllimport2.C (test for warnings, line 18)
FAIL: g++.dg/ext/dllimport2.C (test for warnings, line 22)
FAIL: g++.dg/ext/dllimport2.C (test for warnings, line 23)
FAIL: g++.dg/ext/dllimport2.C (test for warnings, line 24)
FAIL: g++.dg/ext/dllimport3.C (test for warnings, line 18)
FAIL: g++.dg/opt/vt1.C scan-assembler-not
section[^\\n\\r]*_ZTV1S[^\\n\\r]*"[^w"\\n\\r]*"
FAIL: g++.dg/pch/externc-1.C -g assembly comparison
FAIL: g++.dg/pch/externc-1.C -O2 -g assembly comparison
FAIL: g++.dg/pch/static-1.C -g assembly comparison
FAIL: g++.dg/pch/static-1.C -O2 -g assembly comparison
FAIL: g++.dg/pch/system-1.C -g assembly comparison
FAIL: g++.dg/pch/system-1.C -O2 -g assembly comparison
FAIL: g++.dg/pch/system-2.C -g assembly comparison
FAIL: g++.dg/pch/system-2.C -O2 -g assembly comparison
FAIL: g++.dg/pch/uninst.C -g assembly comparison
FAIL: g++.dg/pch/uninst.C -O2 -g assembly comparison
FAIL: g++.dg/pch/wchar-1.C -g assembly comparison
FAIL: g++.dg/pch/wchar-1.C -O2 -g assembly comparison
FAIL: g++.old-deja/g++.eh/badalloc1.C execution test
XPASS: g++.old-deja/g++.ext/attrib5.C execution test
=== g++ Summary ===
# of expected passes 11197
# of unexpected failures 23
# of unexpected successes 1
# of expected failures 66
# of unsupported tests 112
/cygdrive/c/gnu/gcc-4.1-20050227/xp/gcc/testsuite/../g++ version 4.1.0
20050515 (experimental)
=== gcc tests ===
Running target unix
FAIL: gcc.c-torture/execute/20031215-1.c compilation, -O2
UNRESOLVED: gcc.c-torture/execute/20031215-1.c execution, -O2
FAIL: gcc.c-torture/execute/20031215-1.c compilation, -O3
-fomit-frame-pointer
UNRESOLVED: gcc.c-torture/execute/20031215-1.c execution, -O3
-fomit-frame-pointer
FAIL: gcc.c-torture/execute/20031215-1.c compilation, -O3 -g
UNRESOLVED: gcc.c-torture/execute/20031215-1.c execution, -O3 -g
FAIL: gcc.c-torture/execute/20031215-1.c compilation, -Os
UNRESOLVED: gcc.c-torture/execute/20031215-1.c execution, -Os
FAIL: gcc.dg/bf-ms-attrib.c execution test
FAIL: gcc.dg/i386-pic-1.c (test for errors, line 10)
FAIL: gcc.dg/pr17957.c (test for excess errors)
XPASS: gcc.dg/uninit-9.c uninitialized variable warning (test for bogus
messages, line 26)
FAIL: gcc.dg/tree-ssa/loop-1.c scan-assembler-times foo 5
XPASS: gcc.dg/vect/vect-22.c scan-tree-dump-times vectorized 3 loops 1
XPASS: gcc.dg/vect/vect-67.c scan-tree-dump-times vectorized 1 loops 1
FAIL: gcc.dg/vect/vect-ifcvt-2.c (test for excess errors)
WARNING: gcc.dg/vect/vect-ifcvt-2.c compilation failed to produce executable
FAIL: gcc.dg/vect/vect-ifcvt-3.c (test for excess errors)
WARNING: gcc.dg/vect/vect-ifcvt-3.c compilation failed to produce executable
FAIL: gcc.dg/vect/vect-ifcvt-4.c (test for excess errors)
WARNING: gcc.dg/vect/vect-ifcvt-4.c compilation failed to produce executable
FAIL: gcc.dg/vect/vect-ifcvt-5.c (test for excess errors)
WARNING: gcc.dg/vect/vect-ifcvt-5.c compilation failed to produce executable
FAIL: gcc.dg/vect/vect-ifcvt-6.c (test for excess errors)
WARNING: gcc.dg/vect/vect-ifcvt-6.c compilation failed to produce executable
FAIL: gcc.dg/vect/vect-ifcvt-7.c (test for excess errors)
WARNING: gcc.dg/vect/vect-ifcvt-7.c compilation failed to produce executable
FAIL: gcc.dg/vect/vect-ifcvt-9.c (test for excess errors)
WARNING: gcc.dg/vect/vect-ifcvt-9.c compilation failed to produce executable
FAIL: gcc.dg/vect/vect-ifcvt-9.c scan-tree-dump-times vectorized 1 loops 2
FAIL: gcc.dg/vect/vect-none.c (test for excess errors)
FAIL: compiler driver --coverage option(s) (compiler options)
=== gcc Summary ===
# of expected passes 36906
# of unexpected failures 18
# of unexpected successes 3
# of expected failures 102
# of unresolved testcases 4
# of untested testcases 28
# of unsupported tests 345
/cygdrive/c/gnu/gcc-4.1-20050227/xp/gcc/xgcc version 4.1.0 20050515
(experimental)
=== gfortran tests ===
Running target unix
XPASS: gfortran.dg/ret_pointer_1.f90 execution test
XPASS: gfortran.dg/ret_pointer_1.f90 execution test
FAIL: gfortran.dg/ret_pointer_1.f90 (test for excess errors)
FAIL: gfortran.dg/ret_pointer_1.f90 (test for excess errors)
XPASS: gfortran.dg/ret_pointer_1.f90 execution test
FAIL: gfortran.dg/ret_pointer_1.f90 (test for excess errors)
FAIL: gfortran.dg/g77/f77-edit-apostrophe-out.f output pattern test, is ,
should match ^abcde(
FAIL: gfortran.dg/g77/f77-edit-apostrophe-out.f output pattern test, is ,
should match ^abcde(
FAIL: gfortran.dg/g77/f77-edit-apostrophe-out.f output pattern test, is ,
should match ^abcde(
FAIL: gfortran.dg/g77/f77-edit-apostrophe-out.f output pattern test, is ,
should match ^abcde(
FAIL: gfortran.dg/g77/f77-edit-apostrophe-out.f output pattern test, is ,
should match ^abcde(
FAIL: gfortran.dg/g77/f77-edit-apostrophe-out.f output pattern test, is ,
should match ^abcde(
FAIL: gfortran.dg/g77/f77-edit-apostrophe-out.f output pattern test, is ,
should match ^abcde(
FAIL: gfortran.dg/g77/f77-edit-apostrophe-out.f output pattern test, is ,
should match ^abcde(
FAIL: gfortran.dg/g77/f77-edit-colon-out.f output pattern test, is , should
match ^123(
FAIL: gfortran.dg/g77/f77-edit-colon-out.f output pattern test, is , should
match ^123(
FAIL: gfortran.dg/g77/f77-edit-colon-out.f output pattern test, is , should
match ^123(
FAIL: gfortran.dg/g77/f77-edit-colon-out.f output pattern test, is , should
match ^123(
FAIL: gfortran.dg/g77/f77-edit-colon-out.f output pattern test, is , should
match ^123(
FAIL: gfortran.dg/g77/f77-edit-colon-out.f output pattern test, is , should
match ^123(
FAIL: gfortran.dg/g77/f77-edit-colon-out.f output pattern test, is , should
match ^123(
FAIL: gfortran.dg/g77/f77-edit-colon-out.f output pattern test, is , should
match ^123(
FAIL: gfortran.dg/g77/f77-edit-h-out.f output pattern test, is , should match
^1(
FAIL: gfortran.dg/g77/f77-edit-h-out.f output pattern test, is , should match
^1(
FAIL: gfortran.dg/g77/f77-edit-h-out.f output pattern test, is , should match
^1(
FAIL: gfortran.dg/g77/f77-edit-h-out.f output pattern test, is , should match
^1(
FAIL: gfortran.dg/g77/f77-edit-h-out.f output pattern test, is , should match
^1(
FAIL: gfortran.dg/g77/f77-edit-h-out.f output pattern test, is , should match
^1(
FAIL: gfortran.dg/g77/f77-edit-h-out.f output pattern test, is , should match
^1(
FAIL: gfortran.dg/g77/f77-edit-h-out.f output pattern test, is , should match
^1(
FAIL: gfortran.dg/g77/f77-edit-i-out.f output pattern test, is , should match
^1(
FAIL: gfortran.dg/g77/f77-edit-i-out.f output pattern test, is , should match
^1(
FAIL: gfortran.dg/g77/f77-edit-i-out.f output pattern test, is , should match
^1(
FAIL: gfortran.dg/g77/f77-edit-i-out.f output pattern test, is , should match
^1(
FAIL: gfortran.dg/g77/f77-edit-i-out.f output pattern test, is , should match
^1(
FAIL: gfortran.dg/g77/f77-edit-i-out.f output pattern test, is , should match
^1(
FAIL: gfortran.dg/g77/f77-edit-i-out.f output pattern test, is , should match
^1(
FAIL: gfortran.dg/g77/f77-edit-i-out.f output pattern test, is , should match
^1(
FAIL: gfortran.dg/g77/f77-edit-s-out.f output pattern test, is , should match
\\+10 20(
FAIL: gfortran.dg/g77/f77-edit-s-out.f output pattern test, is , should match
\\+10 20(
FAIL: gfortran.dg/g77/f77-edit-s-out.f output pattern test, is , should match
\\+10 20(
FAIL: gfortran.dg/g77/f77-edit-s-out.f output pattern test, is , should match
\\+10 20(
FAIL: gfortran.dg/g77/f77-edit-s-out.f output pattern test, is , should match
\\+10 20(
FAIL: gfortran.dg/g77/f77-edit-s-out.f output pattern test, is , should match
\\+10 20(
FAIL: gfortran.dg/g77/f77-edit-s-out.f output pattern test, is , should match
\\+10 20(
FAIL: gfortran.dg/g77/f77-edit-s-out.f output pattern test, is , should match
\\+10 20(
FAIL: gfortran.dg/g77/f77-edit-slash-out.f output pattern test, is , should
match ^123(
FAIL: gfortran.dg/g77/f77-edit-slash-out.f output pattern test, is , should
match ^123(
FAIL: gfortran.dg/g77/f77-edit-slash-out.f output pattern test, is , should
match ^123(
FAIL: gfortran.dg/g77/f77-edit-slash-out.f output pattern test, is , should
match ^123(
FAIL: gfortran.dg/g77/f77-edit-slash-out.f output pattern test, is , should
match ^123(
FAIL: gfortran.dg/g77/f77-edit-slash-out.f output pattern test, is , should
match ^123(
FAIL: gfortran.dg/g77/f77-edit-slash-out.f output pattern test, is , should
match ^123(
FAIL: gfortran.dg/g77/f77-edit-slash-out.f output pattern test, is , should
match ^123(
FAIL: gfortran.dg/g77/f77-edit-t-out.f output pattern test, is , should match
1234 8(
FAIL: gfortran.dg/g77/f77-edit-t-out.f output pattern test, is , should match
1234 8(
FAIL: gfortran.dg/g77/f77-edit-t-out.f output pattern test, is , should match
1234 8(
FAIL: gfortran.dg/g77/f77-edit-t-out.f output pattern test, is , should match
1234 8(
FAIL: gfortran.dg/g77/f77-edit-t-out.f output pattern test, is , should match
1234 8(
FAIL: gfortran.dg/g77/f77-edit-t-out.f output pattern test, is , should match
1234 8(
FAIL: gfortran.dg/g77/f77-edit-t-out.f output pattern test, is , should match
1234 8(
FAIL: gfortran.dg/g77/f77-edit-t-out.f output pattern test, is , should match
1234 8(
FAIL: gfortran.fortran-torture/execute/forall_3.f90 execution, -O1
FAIL: gfortran.fortran-torture/execute/forall_3.f90 execution, -O2
FAIL: gfortran.fortran-torture/execute/forall_3.f90 execution, -O3
-fomit-frame-pointer
=== gfortran Summary ===
# of expected passes 6737
# of unexpected failures 62
# of unexpected successes 3
# of expected failures 29
/cygdrive/c/gnu/gcc-4.1-20050227/xp/gcc/testsuite/../gfortran version 4.1.0
20050515 (experimental)
=== objc tests ===
Running target unix
=== objc Summary ===
# of expected passes 1534
# of unsupported tests 12
/cygdrive/c/gnu/gcc-4.1-20050227/xp/gcc/xgcc version 4.1.0 20050515
(experimental)
=== treelang tests ===
Running target unix
FAIL: treelang/compile/unsigned.tree (test for excess errors)
ERROR: treelang/compile/unsigned.tree: error executing dg-final: no files
matched glob pattern "unsigned.tree.t??.generic"
UNRESOLVED: treelang/compile/unsigned.tree: error executing dg-final: no files
matched glob pattern "unsigned.tree.t??.generic"
WARNING: /cygdrive/c/gnu/gcc-4.1-20050227/gcc/testsuite/treelang/a01gcc.out01
doesn't exist
WARNING: /cygdrive/c/gnu/gcc-4.1-20050227/gcc/testsuite/treelang/a01gcc.out01err
doesn't exist
WARNING: /cygdrive/c/gnu/gcc-4.1-20050227/gcc/testsuite/treelang/a01gcco01runpgmerr
doesn't exist
UNRESOLVED: gcc 01 01 fail code=11. gcc 01 01 diff stdout failed rc=0
=== treelang Summary ===
# of expected passes 45
# of unexpected failures 1
# of unresolved testcases 2
=== libstdc++ tests ===
Running target unix
FAIL: 26_numerics/complex/13450.cc (test for excess errors)
WARNING: 26_numerics/complex/13450.cc compilation failed to produce executable
FAIL: 26_numerics/complex/complex_value.cc (test for excess errors)
WARNING: 26_numerics/complex/complex_value.cc compilation failed to produce
executable
FAIL: 26_numerics/complex/pow.cc (test for excess errors)
WARNING: 26_numerics/complex/pow.cc compilation failed to produce executable
FAIL: 27_io/basic_filebuf/close/char/4879.cc execution test
FAIL: 27_io/basic_filebuf/close/char/4879.cc execution test
FAIL: 27_io/basic_filebuf/close/char/4879.cc execution test
FAIL: 27_io/basic_filebuf/close/char/9964.cc execution test
FAIL: 27_io/basic_filebuf/close/char/9964.cc execution test
FAIL: 27_io/basic_filebuf/close/char/9964.cc execution test
FAIL: 27_io/basic_filebuf/seekoff/char/1-io.cc execution test
FAIL: 27_io/basic_filebuf/seekoff/char/1-io.cc execution test
FAIL: 27_io/basic_filebuf/seekoff/char/2-io.cc execution test
FAIL: 27_io/basic_filebuf/seekoff/char/2-io.cc execution test
FAIL: 27_io/basic_filebuf/seekpos/char/1-io.cc execution test
ERROR: tcl error
sourcing /cygdrive/c/gnu/gcc-4.1-20050227/libstdc++-v3/testsuite/libstdc++-dg/normal.exp.
ERROR: rm: cannot remove \`./1-io.exe': Permission denied
=== libstdc++ Summary ===
# of expected passes 2668
# of unexpected failures 14
Compiler version: 4.1.0 20050515 (experimental)
Platform: i686-pc-cygwin
configure flags: '--enable-languages=c c++ f95 objc treelang'
--enable-threads=posix --enable-sjlj-exceptions --disable-libmudflap
--disable-shared --enable-languages=c,c++,f95,objc,treelang
--
Tim Prince
More information about the Gcc-testresults
mailing list