Results for 4.1.0 20050514 (experimental) testsuite on hppa64-hp-hpux11.11
CodeSourcery Automatic Testing System
gcc@codesourcery.com
Sun May 15 15:09:00 GMT 2005
LAST_UPDATED: Sat May 14 08:39:41 UTC 2005
Native configuration is hppa64-hp-hpux11.11
=== g++ tests ===
Running target unix
WARNING: program timed out.
FAIL: g++.dg/eh/cleanup1.C (test for excess errors)
FAIL: g++.dg/opt/temp1.C execution test
=== g++ Summary ===
# of expected passes 10477
# of unexpected failures 2
# of expected failures 66
# of unsupported tests 111
/scratch/gcc/nightly-2005-05-15-mainline/hppa64-hp-hpux11.11/build_gcc/build/gcc-mainline-2005-05-15-nightly-hppa64-hp-hpux11.11-hppa64-hp-hpux11.11/gcc/testsuite/../g++ version 4.1.0 20050514 (experimental)
=== gcc tests ===
Running target unix
FAIL: gcc.c-torture/execute/20031215-1.c compilation, -O2
UNRESOLVED: gcc.c-torture/execute/20031215-1.c execution, -O2
FAIL: gcc.c-torture/execute/20031215-1.c compilation, -O3 -fomit-frame-pointer
UNRESOLVED: gcc.c-torture/execute/20031215-1.c execution, -O3 -fomit-frame-pointer
FAIL: gcc.c-torture/execute/20031215-1.c compilation, -O3 -g
UNRESOLVED: gcc.c-torture/execute/20031215-1.c execution, -O3 -g
FAIL: gcc.c-torture/execute/20031215-1.c compilation, -Os
UNRESOLVED: gcc.c-torture/execute/20031215-1.c execution, -Os
WARNING: Could not compile gcc.dg/compat/struct-layout-1 generator
FAIL: gcc.dg/20020425-1.c (test for excess errors)
XPASS: gcc.dg/funcorder.c scan-assembler-not link_error,%r
XPASS: gcc.dg/uninit-9.c uninitialized variable warning (test for bogus messages, line 26)
FAIL: gcc.dg/torture/asm-subreg-1.c -O1 (test for excess errors)
FAIL: gcc.dg/torture/asm-subreg-1.c -O2 (test for excess errors)
FAIL: gcc.dg/torture/asm-subreg-1.c -O3 -fomit-frame-pointer (test for excess errors)
FAIL: gcc.dg/torture/asm-subreg-1.c -O3 -g (test for excess errors)
FAIL: gcc.dg/torture/asm-subreg-1.c -Os (test for excess errors)
FAIL: gcc.dg/tree-ssa/loop-4.c scan-tree-dump-times iter 0
FAIL: gcc.dg/tree-ssa/ltrans-5.c scan-tree-dump-times Linear expression: constant: 1 invariants: denominator: 1 1
FAIL: gcc.dg/tree-ssa/ltrans-5.c scan-tree-dump-times transformed loop 1
=== gcc Summary ===
# of expected passes 33807
# of unexpected failures 13
# of unexpected successes 2
# of expected failures 80
# of unresolved testcases 4
# of untested testcases 28
# of unsupported tests 517
/scratch/gcc/nightly-2005-05-15-mainline/hppa64-hp-hpux11.11/build_gcc/build/gcc-mainline-2005-05-15-nightly-hppa64-hp-hpux11.11-hppa64-hp-hpux11.11/gcc/xgcc version 4.1.0 20050514 (experimental)
=== libstdc++ tests ===
Running target unix
=== libstdc++ Summary ===
# of expected passes 2546
# of expected failures 11
# of unsupported tests 10
Compiler version: 4.1.0 20050514 (experimental)
Platform: hppa64-hp-hpux11.11
configure flags: --disable-nls --build=hppa64-hp-hpux11.11 --host=hppa64-hp-hpux11.11 --target=hppa64-hp-hpux11.11 --enable-threads=posix --disable-libmudflap --with-gnu-as --with-as=/scratch/gcc/nightly-2005-05-15-mainline/hppa64-hp-hpux11.11/build_gcc/install/bin/as --without-gnu-ld --with-ld=/usr/ccs/bin/ld --prefix=/scratch/gcc/nightly-2005-05-15-mainline/hppa64-hp-hpux11.11/build_gcc/install --enable-languages=c,c++
More information about the Gcc-testresults
mailing list