Results for 3.4.4 20050512 (prerelease) testsuite on hppa64-hp-hpux11.11
John David Anglin
dave@hiauly3.hia.nrc.ca
Sat May 14 13:50:00 GMT 2005
LAST_UPDATED: Thu May 12 01:21:46 UTC 2005
Native configuration is hppa64-hp-hpux11.11
=== g++ tests ===
Running target unix
XPASS: g++.dg/rtti/tinfo1.C scan-assembler-not .globl[ \\t]+_ZTIP9CTemplateIhE
FAIL: g++.old-deja/g++.eh/badalloc1.C execution test
WARNING: g++.old-deja/g++.mike/p10769a.C compilation failed to produce executable
WARNING: g++.old-deja/g++.other/enum5.C compilation failed to produce executable
WARNING: g++.old-deja/g++.pt/friend44.C compilation failed to produce executable
=== g++ Summary ===
# of expected passes 9431
# of unexpected failures 1
# of unexpected successes 1
# of expected failures 75
# of unsupported tests 83
/xxx/gnu/gcc-3.3/objdir/gcc/testsuite/../g++ version 3.4.4 20050512 (prerelease)
=== g77 tests ===
Running target unix
=== g77 Summary ===
# of expected passes 1812
# of unsupported tests 6
/xxx/gnu/gcc-3.3/objdir/gcc/testsuite/../g77 version 3.4.4 20050512 (prerelease)
=== gcc tests ===
Running target unix
FAIL: gcc.c-torture/compile/20050113-1.c -O1 (test for excess errors)
FAIL: gcc.c-torture/compile/20050113-1.c -O2 (test for excess errors)
FAIL: gcc.c-torture/compile/20050113-1.c -O3 -fomit-frame-pointer (test for excess errors)
FAIL: gcc.c-torture/compile/20050113-1.c -O3 -g (test for excess errors)
FAIL: gcc.c-torture/compile/20050113-1.c -Os (test for excess errors)
FAIL: gcc.dg/noreturn-7.c (test for warnings, line 21)
FAIL: gcc.dg/sibcall-1.c execution test
FAIL: gcc.dg/sibcall-2.c execution test
FAIL: gcc.dg/sibcall-3.c execution test
FAIL: gcc.dg/sibcall-4.c execution test
=== gcc Summary ===
# of expected passes 24219
# of unexpected failures 10
# of expected failures 75
# of untested testcases 7
# of unsupported tests 366
/xxx/gnu/gcc-3.3/objdir/gcc/xgcc version 3.4.4 20050512 (prerelease)
=== objc tests ===
Running target unix
=== objc Summary ===
# of expected passes 1352
# of unsupported tests 8
/xxx/gnu/gcc-3.3/objdir/gcc/xgcc version 3.4.4 20050512 (prerelease)
=== libstdc++ tests ===
Running target unix
=== libstdc++ Summary ===
# of expected passes 2038
# of expected failures 4
# of unsupported tests 9
Compiler version: 3.4.4 20050512 (prerelease)
Platform: hppa64-hp-hpux11.11
configure flags: --with-gnu-as --with-as=/opt/gnu64/bin/as --with-ld=/usr/ccs/bin/ld --enable-shared --disable-nls --with-local-prefix=/opt/gnu64 --prefix=/opt/gnu64/gcc/gcc-3.4.4 --host=hppa64-hp-hpux11.11 --enable-threads=posix --disable-checking
More information about the Gcc-testresults
mailing list