Results for 4.1.0 20050512 (experimental) testsuite on hppa2.0w-hp-hpux11.11
CodeSourcery Automatic Testing System
gnu-testresults@codesourcery.com
Thu May 12 14:33:00 GMT 2005
LAST_UPDATED: Thu May 12 08:42:58 UTC 2005
Native configuration is hppa2.0w-hp-hpux11.11
=== g++ tests ===
Running target unix
FAIL: g++.dg/opt/temp1.C execution test
=== g++ Summary ===
# of expected passes 10677
# of unexpected failures 1
# of expected failures 66
# of unsupported tests 133
/scratch/gcc/nightly-2005-05-12-mainline/hppa2.0w-hp-hpux11.11/build_gcc/build/gcc-mainline-2005-05-12-nightly-hppa2.0w-hp-hpux11.11/gcc/testsuite/../g++ version 4.1.0 20050512 (experimental)
=== gcc tests ===
Running target unix
FAIL: gcc.c-torture/execute/20031215-1.c compilation, -O2
UNRESOLVED: gcc.c-torture/execute/20031215-1.c execution, -O2
FAIL: gcc.c-torture/execute/20031215-1.c compilation, -O3 -fomit-frame-pointer
UNRESOLVED: gcc.c-torture/execute/20031215-1.c execution, -O3 -fomit-frame-pointer
FAIL: gcc.c-torture/execute/20031215-1.c compilation, -O3 -g
UNRESOLVED: gcc.c-torture/execute/20031215-1.c execution, -O3 -g
FAIL: gcc.c-torture/execute/20031215-1.c compilation, -Os
UNRESOLVED: gcc.c-torture/execute/20031215-1.c execution, -Os
XPASS: gcc.dg/const-elim-1.c scan-assembler-not L\\\\\$?C[^A-Z]
XPASS: gcc.dg/uninit-9.c uninitialized variable warning (test for bogus messages, line 26)
FAIL: gcc.dg/special/weak-1.c execution test
FAIL: gcc.dg/tree-ssa/ltrans-5.c scan-tree-dump-times Linear expression: constant: 1 invariants: denominator: 1 1
FAIL: gcc.dg/tree-ssa/ltrans-5.c scan-tree-dump-times transformed loop 1
=== gcc Summary ===
# of expected passes 34080
# of unexpected failures 7
# of unexpected successes 2
# of expected failures 78
# of unresolved testcases 4
# of untested testcases 28
# of unsupported tests 569
/scratch/gcc/nightly-2005-05-12-mainline/hppa2.0w-hp-hpux11.11/build_gcc/build/gcc-mainline-2005-05-12-nightly-hppa2.0w-hp-hpux11.11/gcc/xgcc version 4.1.0 20050512 (experimental)
=== libstdc++ tests ===
Running target unix
=== libstdc++ Summary ===
# of expected passes 2546
# of expected failures 11
# of unsupported tests 10
Compiler version: 4.1.0 20050512 (experimental)
Platform: hppa2.0w-hp-hpux11.11
configure flags: --disable-nls --build=hppa2.0w-hp-hpux11.11 --host=hppa2.0w-hp-hpux11.11 --target=hppa2.0w-hp-hpux11.11 --enable-threads=posix --disable-libmudflap --with-gnu-as --with-as=/scratch/gcc/nightly-2005-05-12-mainline/hppa2.0w-hp-hpux11.11/build_gcc/install/bin/as --without-gnu-ld --with-ld=/usr/ccs/bin/ld --prefix=/scratch/gcc/nightly-2005-05-12-mainline/hppa2.0w-hp-hpux11.11/build_gcc/install --enable-languages=c,c++
More information about the Gcc-testresults
mailing list