Results for 4.0.1 20050510 (prerelease) testsuite on x86_64-unknown-linux-gnu
Al Stone
ahs3@fc.hp.com
Tue May 10 16:31:00 GMT 2005
LAST_UPDATED: Thu Mar 10 07:51:30 UTC 2005
Native configuration is x86_64-unknown-linux-gnu
=== g++ tests ===
Running target unix
WARNING: program timed out.
FAIL: g++.dg/template/lookup1.C (test for excess errors)
WARNING: program timed out.
FAIL: g++.dg/template/spec13.C (test for excess errors)
=== g++ Summary ===
# of expected passes 10812
# of unexpected failures 2
# of expected failures 70
# of unsupported tests 90
/opt/toolchain/amd64/obj/upstream/gcc-4.0/gcc/testsuite/../g++ version 4.0.1 20050510 (prerelease)
=== gcc tests ===
Running target unix
WARNING: program timed out.
FAIL: gcc.c-torture/compile/20011130-2.c -O1 (test for excess errors)
WARNING: program timed out.
FAIL: gcc.c-torture/compile/pr18903.c -O3 -g (test for excess errors)
WARNING: program timed out.
FAIL: gcc.c-torture/execute/20010924-1.c compilation, -Os
UNRESOLVED: gcc.c-torture/execute/20010924-1.c execution, -Os
WARNING: program timed out.
FAIL: gcc.dg/charset/asm5.c (test for excess errors)
WARNING: program timed out.
FAIL: gcc.dg/debug/20041023-1.c -gdwarf-21 -O (test for excess errors)
WARNING: program timed out.
FAIL: gcc.dg/debug/debug-6.c -gstabs3 -O (test for excess errors)
WARNING: program timed out.
FAIL: gcc.dg/debug/dwarf2-1.c -gstabs3 -O3 (test for excess errors)
WARNING: program timed out.
FAIL: gcc.dg/20020411-1.c (test for excess errors)
FAIL: gcc.dg/setjmp-2.c (test for excess errors)
WARNING: gcc.dg/setjmp-2.c compilation failed to produce executable
FAIL: gcc.dg/short-compare-1.c (test for excess errors)
WARNING: gcc.dg/short-compare-1.c compilation failed to produce executable
FAIL: gcc.dg/short-compare-2.c (test for excess errors)
WARNING: gcc.dg/short-compare-2.c compilation failed to produce executable
WARNING: program timed out.
WARNING: program timed out.
FAIL: gcc.dg/pch/cpp-2.c -O3 -fomit-frame-pointer (test for excess errors)
WARNING: program timed out.
FAIL: gcc.dg/tree-ssa/pr19633.c (test for excess errors)
XPASS: gcc.dg/vect/vect-22.c scan-tree-dump-times vectorized 3 loops 1
=== gcc Summary ===
# of expected passes 34411
# of unexpected failures 13
# of unexpected successes 1
# of expected failures 105
# of unresolved testcases 1
# of untested testcases 28
# of unsupported tests 429
/opt/toolchain/amd64/obj/upstream/gcc-4.0/gcc/xgcc version 4.0.1 20050510 (prerelease)
=== libstdc++ tests ===
Running target unix
XPASS: 22_locale/locale/cons/12658_thread-1.cc execution test
XPASS: 26_numerics/cmath/c99_classification_macros_c.cc (test for excess errors)
XPASS: 27_io/fpos/14320-1.cc execution test
=== libstdc++ Summary ===
# of expected passes 3629
# of unexpected successes 3
# of expected failures 11
Compiler version: 4.0.1 20050510 (prerelease)
Platform: x86_64-unknown-linux-gnu
configure flags: --prefix=/opt/toolchain/amd64/tot --program-suffix=-4.0 --with-system-zlib --enable-nls --without-included-gettext --disable-multilib --enable-languages=c,c++
Counting all warnings,
there are 0 warnings in stage3 of this bootstrap.
Number of warnings per file:
Number of warning types:
More information about the Gcc-testresults
mailing list