Results for 4.0.1 20050509 (prerelease) testsuite on powerpc64-unknown-linux-gnu
Janis Johnson
janis187@us.ibm.com
Mon May 9 09:04:00 GMT 2005
ulder.ibm.com (d03relay04.boulder.ibm.com [9.17.195.106])
by e34.co.us.ibm.com (8.12.10/8.12.9) with ESMTP id j4993vIX456548
for <gcc-testresults@gcc.gnu.org>; Mon, 9 May 2005 05:03:57 -0400
Received: from d03av02.boulder.ibm.com (d03av02.boulder.ibm.com [9.17.195.168])
by d03relay04.boulder.ibm.com (8.12.10/NCO/VER6.6) with ESMTP id j4993ujQ217776
for <gcc-testresults@gcc.gnu.org>; Mon, 9 May 2005 03:03:56 -0600
Received: from d03av02.boulder.ibm.com (loopback [127.0.0.1])
by d03av02.boulder.ibm.com (8.12.11/8.13.3) with ESMTP id j4993u4p016201
for <gcc-testresults@gcc.gnu.org>; Mon, 9 May 2005 03:03:56 -0600
Received: from localhost.localdomain (elm3b11.beaverton.ibm.com [9.47.67.11])
by d03av02.boulder.ibm.com (8.12.11/8.12.11) with ESMTP id j4993uKp016176
for <gcc-testresults@gcc.gnu.org>; Mon, 9 May 2005 03:03:56 -0600
Received: from localhost.localdomain (elm3b11 [127.0.0.1])
by localhost.localdomain (8.12.11/8.12.11) with ESMTP id j4994f0N003852
for <gcc-testresults@gcc.gnu.org>; Mon, 9 May 2005 02:04:41 -0700
Received: (from gccbuild@localhost)
by localhost.localdomain (8.12.11/8.12.11/Submit) id j4994e94003850
for gcc-testresults@gcc.gnu.org; Mon, 9 May 2005 02:04:40 -0700
X-Authentication-Warning: localhost.localdomain: gccbuild set sender to janis187@us.ibm.com using -f
Date: Mon, 9 May 2005 02:04:40 -0700
From: Janis Johnson <janis187@us.ibm.com>
To: gcc-testresults@gcc.gnu.org
Subject: Results for 4.0.1 20050509 (prerelease) testsuite on powerpc64-unknown-linux-gnu
Message-ID: <20050509090440.GA3845@us.ibm.com>
Mime-Version: 1.0
Content-Type: text/plain; charset=us-ascii
Content-Disposition: inline
User-Agent: Mutt/1.4.1i
Linux 2.4.21-17.EL ppc64
GNU C Library stable release version 2.3.2
GNU ld version 2.15.94.0.2.2 20041220
GNU assembler 2.15.94.0.2.2 20041220
GNU Make version 3.79.1
DejaGnu:
Expect version is 5.40.0
Tcl version is 8.4
Framework version is 1.4.4
32-bit biarch default32
CVS branch: gcc-4_0-branch
This hardware does not support VMX instructions.
LAST_UPDATED: Mon May 9 02:18:46 UTC 2005
Native configuration is powerpc64-unknown-linux-gnu
=== g++ tests ===
Running target unix/-m32
=== g++ Summary for unix/-m32 ===
# of expected passes 10940
# of expected failures 69
# of unsupported tests 76
Running target unix/-m64
=== g++ Summary for unix/-m64 ===
# of expected passes 10902
# of expected failures 69
# of unsupported tests 79
=== g++ Summary ===
# of expected passes 21842
# of expected failures 138
# of unsupported tests 155
/home/gccbuild/build/nightly/build-gcc-4.0/gcc/testsuite/../g++ version 4.0.1 20050509 (prerelease)
=== gcc tests ===
Running target unix/-m32
=== gcc Summary for unix/-m32 ===
# of expected passes 35916
# of expected failures 101
# of untested testcases 28
# of unsupported tests 443
Running target unix/-m64
=== gcc Summary for unix/-m64 ===
# of expected passes 35922
# of expected failures 108
# of untested testcases 28
# of unsupported tests 440
=== gcc Summary ===
# of expected passes 71838
# of expected failures 209
# of untested testcases 56
# of unsupported tests 883
/home/gccbuild/build/nightly/build-gcc-4.0/gcc/xgcc version 4.0.1 20050509 (prerelease)
=== gfortran tests ===
Running target unix/-m32
FAIL: gfortran.dg/eoshift.f90 -O0 execution test
XPASS: gfortran.dg/ret_pointer_1.f90 -O0 execution test
XPASS: gfortran.dg/ret_pointer_1.f90 -O1 execution test
FAIL: gfortran.fortran-torture/execute/forall_3.f90 execution, -O1
FAIL: gfortran.fortran-torture/execute/forall_3.f90 execution, -O2
FAIL: gfortran.fortran-torture/execute/forall_3.f90 execution, -O3 -fomit-frame-pointer
FAIL: gfortran.fortran-torture/execute/forall_3.f90 execution, -O3 -g
FAIL: gfortran.fortran-torture/execute/forall_3.f90 execution, -Os
=== gfortran Summary for unix/-m32 ===
# of expected passes 6114
# of unexpected failures 6
# of unexpected successes 2
# of expected failures 24
# of unsupported tests 17
Running target unix/-m64
XPASS: gfortran.dg/ret_pointer_1.f90 -O0 execution test
XPASS: gfortran.dg/ret_pointer_1.f90 -O1 execution test
XPASS: gfortran.dg/ret_pointer_1.f90 -O2 execution test
XPASS: gfortran.dg/ret_pointer_1.f90 -O3 -fomit-frame-pointer execution test
XPASS: gfortran.dg/ret_pointer_1.f90 -O3 -fomit-frame-pointer -funroll-loops execution test
XPASS: gfortran.dg/ret_pointer_1.f90 -O3 -fomit-frame-pointer -funroll-all-loops -finline-functions execution test
XPASS: gfortran.dg/ret_pointer_1.f90 -O3 -g execution test
XPASS: gfortran.dg/ret_pointer_1.f90 -Os execution test
FAIL: gfortran.dg/g77/cabs.f -O0 execution test
FAIL: gfortran.dg/g77/cabs.f -O1 execution test
FAIL: gfortran.dg/g77/cabs.f -O2 execution test
FAIL: gfortran.dg/g77/cabs.f -O3 -fomit-frame-pointer execution test
FAIL: gfortran.dg/g77/cabs.f -O3 -fomit-frame-pointer -funroll-loops execution test
FAIL: gfortran.dg/g77/cabs.f -O3 -fomit-frame-pointer -funroll-all-loops -finline-functions execution test
FAIL: gfortran.dg/g77/cabs.f -O3 -g execution test
FAIL: gfortran.dg/g77/cabs.f -Os execution test
FAIL: gfortran.fortran-torture/execute/forall_3.f90 execution, -O0
FAIL: gfortran.fortran-torture/execute/forall_3.f90 execution, -O1
FAIL: gfortran.fortran-torture/execute/forall_3.f90 execution, -O2
FAIL: gfortran.fortran-torture/execute/forall_3.f90 execution, -O3 -fomit-frame-pointer
FAIL: gfortran.fortran-torture/execute/forall_3.f90 execution, -O3 -fomit-frame-pointer -funroll-loops
FAIL: gfortran.fortran-torture/execute/forall_3.f90 execution, -O3 -fomit-frame-pointer -funroll-all-loops -finline-functions
FAIL: gfortran.fortran-torture/execute/forall_3.f90 execution, -O3 -g
FAIL: gfortran.fortran-torture/execute/forall_3.f90 execution, -Os
FAIL: gfortran.fortran-torture/execute/intrinsic_abs.f90 execution, -O0
FAIL: gfortran.fortran-torture/execute/intrinsic_abs.f90 execution, -O1
FAIL: gfortran.fortran-torture/execute/intrinsic_abs.f90 execution, -O2
FAIL: gfortran.fortran-torture/execute/intrinsic_abs.f90 execution, -O3 -fomit-frame-pointer
FAIL: gfortran.fortran-torture/execute/intrinsic_abs.f90 execution, -O3 -fomit-frame-pointer -funroll-loops
FAIL: gfortran.fortran-torture/execute/intrinsic_abs.f90 execution, -O3 -fomit-frame-pointer -funroll-all-loops -finline-functions
FAIL: gfortran.fortran-torture/execute/intrinsic_abs.f90 execution, -O3 -g
FAIL: gfortran.fortran-torture/execute/intrinsic_abs.f90 execution, -Os
FAIL: gfortran.fortran-torture/execute/power.f90 execution, -O0
FAIL: gfortran.fortran-torture/execute/power.f90 execution, -O1
FAIL: gfortran.fortran-torture/execute/power.f90 execution, -O2
FAIL: gfortran.fortran-torture/execute/power.f90 execution, -O3 -fomit-frame-pointer
FAIL: gfortran.fortran-torture/execute/power.f90 execution, -O3 -fomit-frame-pointer -funroll-loops
FAIL: gfortran.fortran-torture/execute/power.f90 execution, -O3 -fomit-frame-pointer -funroll-all-loops -finline-functions
FAIL: gfortran.fortran-torture/execute/power.f90 execution, -O3 -g
FAIL: gfortran.fortran-torture/execute/power.f90 execution, -Os
=== gfortran Summary for unix/-m64 ===
# of expected passes 6088
# of unexpected failures 32
# of unexpected successes 8
# of expected failures 18
# of unsupported tests 17
=== gfortran Summary ===
# of expected passes 12202
# of unexpected failures 38
# of unexpected successes 10
# of expected failures 42
# of unsupported tests 34
/home/gccbuild/build/nightly/build-gcc-4.0/gcc/testsuite/../gfortran version 4.0.1 20050509 (prerelease)
=== objc tests ===
Running target unix/-m32
=== objc Summary for unix/-m32 ===
# of expected passes 1534
# of unsupported tests 10
Running target unix/-m64
=== objc Summary for unix/-m64 ===
# of expected passes 1534
# of unsupported tests 10
=== objc Summary ===
# of expected passes 3068
# of unsupported tests 20
/home/gccbuild/build/nightly/build-gcc-4.0/gcc/xgcc version 4.0.1 20050509 (prerelease)
=== libmudflap tests ===
Running target unix/-m32
=== libmudflap Summary for unix/-m32 ===
# of expected passes 1288
Running target unix/-m64
FAIL: libmudflap.c/fail27-frag.c output pattern test
FAIL: libmudflap.c/fail27-frag.c (-O2) output pattern test
FAIL: libmudflap.c/fail27-frag.c (-O3) output pattern test
=== libmudflap Summary for unix/-m64 ===
# of expected passes 1285
# of unexpected failures 3
=== libmudflap Summary ===
# of expected passes 2573
# of unexpected failures 3
=== libstdc++ tests ===
Running target unix/-m32
XPASS: 22_locale/locale/cons/12658_thread-1.cc execution test
XPASS: 26_numerics/cmath/c99_classification_macros_c.cc (test for excess errors)
XPASS: ext/array_allocator/2.cc execution test
=== libstdc++ Summary for unix/-m32 ===
# of expected passes 3628
# of unexpected successes 3
# of expected failures 12
Running target unix/-m64
XPASS: 22_locale/locale/cons/12658_thread-1.cc execution test
FAIL: 22_locale/messages/members/char/1.cc execution test
FAIL: 22_locale/messages/members/char/2.cc execution test
FAIL: 22_locale/messages/members/char/wrapped_env.cc execution test
FAIL: 22_locale/messages/members/char/wrapped_locale.cc execution test
FAIL: 22_locale/messages_byname/named_equivalence.cc execution test
XPASS: 26_numerics/cmath/c99_classification_macros_c.cc (test for excess errors)
XPASS: 27_io/fpos/14320-1.cc execution test
XPASS: ext/array_allocator/2.cc execution test
=== libstdc++ Summary for unix/-m64 ===
# of expected passes 3620
# of unexpected failures 5
# of unexpected successes 4
# of expected failures 14
=== libstdc++ Summary ===
# of expected passes 7248
# of unexpected failures 5
# of unexpected successes 7
# of expected failures 26
Compiler version: 4.0.1 20050509 (prerelease)
Platform: powerpc64-unknown-linux-gnu
configure flags: --prefix=/opt/gcc-nightly/4.0-20050509 --build=powerpc64-linux --host=powerpc64-linux --target=powerpc64-linux --with-cpu=default32 --with-as=/opt/gcc-nightly/binutils-2.15.94.0.2.2/bin/as --with-ld=/opt/gcc-nightly/binutils-2.15.94.0.2.2/bin/ld --enable-threads=posix --enable-shared --enable-__cxa_atexit --with-mpfr=/opt/gcc-nightly/gmp --enable-languages=c,c++,f95,objc
More information about the Gcc-testresults
mailing list