Results for 4.1.0 20050506 (experimental) testsuite on i686-pc-linux-gnu
Kaveh R. Ghazi
ghazi@caip.rutgers.edu
Sun May 8 01:00:00 GMT 2005
LAST_UPDATED:
Native configuration is i686-pc-linux-gnu
=== g++ tests ===
Running target unix/-fPIC
=== g++ Summary for unix/-fPIC ===
# of expected passes 11042
# of expected failures 66
# of unsupported tests 63
Running target unix/-fpic
=== g++ Summary for unix/-fpic ===
# of expected passes 11042
# of expected failures 66
# of unsupported tests 63
Running target unix
=== g++ Summary for unix ===
# of expected passes 11044
# of expected failures 66
# of unsupported tests 61
=== g++ Summary ===
# of expected passes 33128
# of expected failures 198
# of unsupported tests 187
/tmp/kg/41/build/gcc/testsuite/../g++ version 4.1.0 20050506 (experimental)
=== gcc tests ===
Running target unix/-fPIC
FAIL: gcc.c-torture/compile/20000804-1.c -O0 (test for excess errors)
WARNING: program timed out.
FAIL: gcc.c-torture/compile/20001226-1.c -O0 (test for excess errors)
WARNING: program timed out.
FAIL: gcc.c-torture/compile/20001226-1.c -O1 (test for excess errors)
WARNING: program timed out.
FAIL: gcc.c-torture/compile/20001226-1.c -O3 -g (test for excess errors)
FAIL: gcc.c-torture/execute/builtins/strlen-3.c execution, -O2
FAIL: gcc.c-torture/execute/builtins/strlen-3.c execution, -O3 -fomit-frame-pointer
FAIL: gcc.c-torture/execute/builtins/strlen-3.c execution, -O3 -fomit-frame-pointer -funroll-loops
FAIL: gcc.c-torture/execute/builtins/strlen-3.c execution, -O3 -fomit-frame-pointer -funroll-all-loops -finline-functions
FAIL: gcc.c-torture/execute/builtins/strlen-3.c execution, -O3 -g
FAIL: gcc.dg/20050503-1.c scan-assembler-not call
FAIL: gcc.dg/assign-warn-3.c (test for warnings, line 9)
FAIL: gcc.dg/assign-warn-3.c (test for warnings, line 13)
FAIL: gcc.dg/clobbers.c (test for excess errors)
WARNING: gcc.dg/clobbers.c compilation failed to produce executable
FAIL: gcc.dg/i386-387-3.c scan-assembler fldpi
FAIL: gcc.dg/i386-387-4.c scan-assembler fldpi
FAIL: gcc.dg/i386-asm-3.c (test for excess errors)
WARNING: gcc.dg/i386-asm-3.c compilation failed to produce executable
FAIL: gcc.dg/i386-cmov1.c scan-assembler sar[^\\\\n]*magic_namea
FAIL: gcc.dg/i386-cmov1.c scan-assembler sar[^\\\\n]*magic_nameb
FAIL: gcc.dg/i386-cmov1.c scan-assembler sar[^\\\\n]*magic_namec
FAIL: gcc.dg/i386-cmov1.c scan-assembler shr[^\\\\n]*magic_named
FAIL: gcc.dg/i386-cmov1.c scan-assembler shr[^\\\\n]*magic_namee
FAIL: gcc.dg/i386-cmov1.c scan-assembler shr[^\\\\n]*magic_namef
FAIL: gcc.dg/i386-local2.c scan-assembler-not sub[^\\\\n]*sp
FAIL: gcc.dg/i386-mul.c scan-assembler and[^\\\\n]*magic
FAIL: gcc.dg/i386-ssetype-1.c scan-assembler andpd[^\\\\n]*magic
FAIL: gcc.dg/i386-ssetype-1.c scan-assembler andnpd[^\\\\n]*magic
FAIL: gcc.dg/i386-ssetype-1.c scan-assembler xorpd[^\\\\n]*magic
FAIL: gcc.dg/i386-ssetype-1.c scan-assembler orpd[^\\\\n]*magic
FAIL: gcc.dg/i386-ssetype-1.c scan-assembler movapd[^\\\\n]*magic
FAIL: gcc.dg/i386-ssetype-3.c scan-assembler andps[^\\\\n]*magic
FAIL: gcc.dg/i386-ssetype-3.c scan-assembler andnps[^\\\\n]*magic
FAIL: gcc.dg/i386-ssetype-3.c scan-assembler xorps[^\\\\n]*magic
FAIL: gcc.dg/i386-ssetype-3.c scan-assembler orps[^\\\\n]*magic
FAIL: gcc.dg/i386-ssetype-3.c scan-assembler movaps[^\\\\n]*magic
FAIL: gcc.dg/i386-ssetype-5.c scan-assembler pand[^\\\\n]*magic
FAIL: gcc.dg/i386-ssetype-5.c scan-assembler pandn[^\\\\n]*magic
FAIL: gcc.dg/i386-ssetype-5.c scan-assembler pxor[^\\\\n]*magic
FAIL: gcc.dg/i386-ssetype-5.c scan-assembler por[^\\\\n]*magic
FAIL: gcc.dg/sibcall-6.c execution test
FAIL: gcc.dg/uninit-1.c uninitialized variable warning (test for bogus messages, line 16)
FAIL: gcc.dg/tree-ssa/loop-4.c scan-tree-dump-times arr_base.[^0][^\\n\\r]*= 0
FAIL: gcc.dg/tree-ssa/ssa-dce-2.c scan-tree-dump-times if 0
XPASS: gcc.dg/vect/vect-22.c scan-tree-dump-times vectorized 3 loops 1
XPASS: gcc.dg/vect/vect-67.c scan-tree-dump-times vectorized 1 loops 1
FAIL: gcc.dg/vect/vect-ifcvt-9.c scan-tree-dump-times vectorized 1 loops 2
=== gcc Summary for unix/-fPIC ===
# of expected passes 35416
# of unexpected failures 43
# of unexpected successes 2
# of expected failures 103
# of untested testcases 28
# of unsupported tests 325
Running target unix/-fpic
FAIL: gcc.c-torture/compile/20000804-1.c -O0 (test for excess errors)
WARNING: program timed out.
FAIL: gcc.c-torture/compile/20001226-1.c -O0 (test for excess errors)
WARNING: program timed out.
FAIL: gcc.c-torture/compile/20001226-1.c -O3 -g (test for excess errors)
WARNING: program timed out.
FAIL: gcc.c-torture/compile/20001226-1.c -Os (test for excess errors)
FAIL: gcc.c-torture/execute/builtins/strlen-3.c execution, -O2
FAIL: gcc.c-torture/execute/builtins/strlen-3.c execution, -O3 -fomit-frame-pointer
FAIL: gcc.c-torture/execute/builtins/strlen-3.c execution, -O3 -fomit-frame-pointer -funroll-loops
FAIL: gcc.c-torture/execute/builtins/strlen-3.c execution, -O3 -fomit-frame-pointer -funroll-all-loops -finline-functions
FAIL: gcc.c-torture/execute/builtins/strlen-3.c execution, -O3 -g
FAIL: gcc.dg/20050503-1.c scan-assembler-not call
FAIL: gcc.dg/assign-warn-3.c (test for warnings, line 9)
FAIL: gcc.dg/assign-warn-3.c (test for warnings, line 13)
FAIL: gcc.dg/clobbers.c (test for excess errors)
WARNING: gcc.dg/clobbers.c compilation failed to produce executable
FAIL: gcc.dg/i386-387-3.c scan-assembler fldpi
FAIL: gcc.dg/i386-387-4.c scan-assembler fldpi
FAIL: gcc.dg/i386-asm-3.c (test for excess errors)
WARNING: gcc.dg/i386-asm-3.c compilation failed to produce executable
FAIL: gcc.dg/i386-cmov1.c scan-assembler sar[^\\\\n]*magic_namea
FAIL: gcc.dg/i386-cmov1.c scan-assembler sar[^\\\\n]*magic_nameb
FAIL: gcc.dg/i386-cmov1.c scan-assembler sar[^\\\\n]*magic_namec
FAIL: gcc.dg/i386-cmov1.c scan-assembler shr[^\\\\n]*magic_named
FAIL: gcc.dg/i386-cmov1.c scan-assembler shr[^\\\\n]*magic_namee
FAIL: gcc.dg/i386-cmov1.c scan-assembler shr[^\\\\n]*magic_namef
FAIL: gcc.dg/i386-local2.c scan-assembler-not sub[^\\\\n]*sp
FAIL: gcc.dg/i386-mul.c scan-assembler and[^\\\\n]*magic
FAIL: gcc.dg/i386-ssetype-1.c scan-assembler andpd[^\\\\n]*magic
FAIL: gcc.dg/i386-ssetype-1.c scan-assembler andnpd[^\\\\n]*magic
FAIL: gcc.dg/i386-ssetype-1.c scan-assembler xorpd[^\\\\n]*magic
FAIL: gcc.dg/i386-ssetype-1.c scan-assembler orpd[^\\\\n]*magic
FAIL: gcc.dg/i386-ssetype-1.c scan-assembler movapd[^\\\\n]*magic
FAIL: gcc.dg/i386-ssetype-3.c scan-assembler andps[^\\\\n]*magic
FAIL: gcc.dg/i386-ssetype-3.c scan-assembler andnps[^\\\\n]*magic
FAIL: gcc.dg/i386-ssetype-3.c scan-assembler xorps[^\\\\n]*magic
FAIL: gcc.dg/i386-ssetype-3.c scan-assembler orps[^\\\\n]*magic
FAIL: gcc.dg/i386-ssetype-3.c scan-assembler movaps[^\\\\n]*magic
FAIL: gcc.dg/i386-ssetype-5.c scan-assembler pand[^\\\\n]*magic
FAIL: gcc.dg/i386-ssetype-5.c scan-assembler pandn[^\\\\n]*magic
FAIL: gcc.dg/i386-ssetype-5.c scan-assembler pxor[^\\\\n]*magic
FAIL: gcc.dg/i386-ssetype-5.c scan-assembler por[^\\\\n]*magic
FAIL: gcc.dg/sibcall-6.c execution test
FAIL: gcc.dg/uninit-1.c uninitialized variable warning (test for bogus messages, line 16)
FAIL: gcc.dg/tree-ssa/loop-4.c scan-tree-dump-times arr_base.[^0][^\\n\\r]*= 0
FAIL: gcc.dg/tree-ssa/ssa-dce-2.c scan-tree-dump-times if 0
XPASS: gcc.dg/vect/vect-22.c scan-tree-dump-times vectorized 3 loops 1
XPASS: gcc.dg/vect/vect-67.c scan-tree-dump-times vectorized 1 loops 1
FAIL: gcc.dg/vect/vect-ifcvt-9.c scan-tree-dump-times vectorized 1 loops 2
=== gcc Summary for unix/-fpic ===
# of expected passes 35416
# of unexpected failures 43
# of unexpected successes 2
# of expected failures 103
# of untested testcases 28
# of unsupported tests 325
Running target unix
WARNING: program timed out.
FAIL: gcc.c-torture/compile/20001226-1.c -O0 (test for excess errors)
WARNING: program timed out.
FAIL: gcc.c-torture/compile/20001226-1.c -O2 (test for excess errors)
WARNING: program timed out.
FAIL: gcc.c-torture/compile/20001226-1.c -O3 -fomit-frame-pointer (test for excess errors)
FAIL: gcc.dg/uninit-1.c uninitialized variable warning (test for bogus messages, line 16)
FAIL: gcc.dg/tree-ssa/loop-4.c scan-tree-dump-times arr_base.[^0][^\\n\\r]*= 0
XPASS: gcc.dg/vect/vect-22.c scan-tree-dump-times vectorized 3 loops 1
XPASS: gcc.dg/vect/vect-67.c scan-tree-dump-times vectorized 1 loops 1
=== gcc Summary for unix ===
# of expected passes 35458
# of unexpected failures 5
# of unexpected successes 2
# of expected failures 103
# of untested testcases 28
# of unsupported tests 324
=== gcc Summary ===
# of expected passes 106290
# of unexpected failures 91
# of unexpected successes 6
# of expected failures 309
# of untested testcases 84
# of unsupported tests 974
/tmp/kg/41/build/gcc/xgcc version 4.1.0 20050506 (experimental)
=== gfortran tests ===
Running target unix/-fPIC
XPASS: gfortran.dg/ret_pointer_1.f90 -O0 execution test
XPASS: gfortran.dg/ret_pointer_1.f90 -O1 execution test
XPASS: gfortran.dg/ret_pointer_1.f90 -O3 -fomit-frame-pointer execution test
XPASS: gfortran.dg/ret_pointer_1.f90 -O3 -fomit-frame-pointer -funroll-loops execution test
XPASS: gfortran.dg/ret_pointer_1.f90 -O3 -fomit-frame-pointer -funroll-all-loops -finline-functions execution test
FAIL: gfortran.fortran-torture/execute/forall_3.f90 execution, -O1
=== gfortran Summary for unix/-fPIC ===
# of expected passes 6667
# of unexpected failures 1
# of unexpected successes 5
# of expected failures 27
Running target unix/-fpic
XPASS: gfortran.dg/ret_pointer_1.f90 -O0 execution test
XPASS: gfortran.dg/ret_pointer_1.f90 -O1 execution test
XPASS: gfortran.dg/ret_pointer_1.f90 -O3 -fomit-frame-pointer execution test
XPASS: gfortran.dg/ret_pointer_1.f90 -O3 -fomit-frame-pointer -funroll-loops execution test
XPASS: gfortran.dg/ret_pointer_1.f90 -O3 -fomit-frame-pointer -funroll-all-loops -finline-functions execution test
FAIL: gfortran.fortran-torture/execute/forall_3.f90 execution, -O1
=== gfortran Summary for unix/-fpic ===
# of expected passes 6667
# of unexpected failures 1
# of unexpected successes 5
# of expected failures 27
Running target unix
XPASS: gfortran.dg/ret_pointer_1.f90 -O0 execution test
XPASS: gfortran.dg/ret_pointer_1.f90 -O1 execution test
XPASS: gfortran.dg/ret_pointer_1.f90 -O3 -fomit-frame-pointer execution test
XPASS: gfortran.dg/ret_pointer_1.f90 -O3 -fomit-frame-pointer -funroll-loops execution test
XPASS: gfortran.dg/ret_pointer_1.f90 -O3 -fomit-frame-pointer -funroll-all-loops -finline-functions execution test
FAIL: gfortran.fortran-torture/execute/forall_3.f90 execution, -O1
=== gfortran Summary for unix ===
# of expected passes 6667
# of unexpected failures 1
# of unexpected successes 5
# of expected failures 27
=== gfortran Summary ===
# of expected passes 20001
# of unexpected failures 3
# of unexpected successes 15
# of expected failures 81
/tmp/kg/41/build/gcc/testsuite/../gfortran version 4.1.0 20050506 (experimental)
=== objc tests ===
Running target unix/-fPIC
=== objc Summary for unix/-fPIC ===
# of expected passes 1534
# of unsupported tests 12
Running target unix/-fpic
=== objc Summary for unix/-fpic ===
# of expected passes 1534
# of unsupported tests 12
Running target unix
=== objc Summary for unix ===
# of expected passes 1534
# of unsupported tests 12
=== objc Summary ===
# of expected passes 4602
# of unsupported tests 36
/tmp/kg/41/build/gcc/xgcc version 4.1.0 20050506 (experimental)
=== libffi tests ===
Running target unix/-fPIC
=== libffi Summary for unix/-fPIC ===
# of expected passes 219
# of unsupported tests 2
Running target unix/-fpic
=== libffi Summary for unix/-fpic ===
# of expected passes 219
# of unsupported tests 2
Running target unix
=== libffi Summary for unix ===
# of expected passes 219
# of unsupported tests 2
=== libffi Summary ===
# of expected passes 657
# of unsupported tests 6
=== libjava tests ===
Running target unix/-fPIC
FAIL: Array_3 -O3 execution - bytecode->native test
FAIL: pr21115 run
=== libjava Summary for unix/-fPIC ===
# of expected passes 3806
# of unexpected failures 2
# of expected failures 10
# of untested testcases 10
Running target unix/-fpic
FAIL: Array_3 -O3 execution - bytecode->native test
FAIL: pr21115 run
=== libjava Summary for unix/-fpic ===
# of expected passes 3806
# of unexpected failures 2
# of expected failures 10
# of untested testcases 10
Running target unix
FAIL: Array_3 -O3 execution - bytecode->native test
FAIL: pr21115 run
=== libjava Summary for unix ===
# of expected passes 3806
# of unexpected failures 2
# of expected failures 10
# of untested testcases 10
=== libjava Summary ===
# of expected passes 11418
# of unexpected failures 6
# of expected failures 30
# of untested testcases 30
=== libstdc++ tests ===
Running target unix/-fPIC
FAIL: ext/stdio_sync_filebuf/wchar_t/12077.cc (test for excess errors)
WARNING: ext/stdio_sync_filebuf/wchar_t/12077.cc compilation failed to produce executable
=== libstdc++ Summary for unix/-fPIC ===
# of expected passes 3633
# of unexpected failures 1
# of expected failures 13
Running target unix/-fpic
FAIL: ext/stdio_sync_filebuf/wchar_t/12077.cc (test for excess errors)
WARNING: ext/stdio_sync_filebuf/wchar_t/12077.cc compilation failed to produce executable
=== libstdc++ Summary for unix/-fpic ===
# of expected passes 3633
# of unexpected failures 1
# of expected failures 13
Running target unix
XPASS: 26_numerics/cmath/c99_classification_macros_c.cc (test for excess errors)
FAIL: ext/stdio_sync_filebuf/wchar_t/12077.cc (test for excess errors)
WARNING: ext/stdio_sync_filebuf/wchar_t/12077.cc compilation failed to produce executable
=== libstdc++ Summary for unix ===
# of expected passes 3633
# of unexpected failures 1
# of unexpected successes 1
# of expected failures 12
=== libstdc++ Summary ===
# of expected passes 10899
# of unexpected failures 3
# of unexpected successes 1
# of expected failures 38
Compiler version: 4.1.0 20050506 (experimental)
Platform: i686-pc-linux-gnu
configure flags: --verbose --disable-libmudflap --enable-languages=c,c++,f95,java,objc
More information about the Gcc-testresults
mailing list