Results for 3.4.4 20050506 (prerelease) testsuite on ia64-hp-hpux11.23
CodeSourcery Automatic Testing System
gcc@codesourcery.com
Fri May 6 18:12:00 GMT 2005
LAST_UPDATED: Fri May 6 08:01:49 UTC 2005
Native configuration is ia64-hp-hpux11.23
=== g++ tests ===
Running target unix/-milp32
XPASS: g++.dg/rtti/tinfo1.C scan-assembler _ZTIP9CTemplateIhE:
XPASS: g++.dg/rtti/tinfo1.C scan-assembler-not .globl[ \\t]+_ZTIP9CTemplateIhE
FAIL: g++.old-deja/g++.law/profile1.C (test for excess errors)
FAIL: g++.old-deja/g++.law/profile1.C execution test
WARNING: g++.old-deja/g++.mike/p10769a.C compilation failed to produce executable
WARNING: g++.old-deja/g++.other/enum5.C compilation failed to produce executable
WARNING: g++.old-deja/g++.pt/friend44.C compilation failed to produce executable
=== g++ Summary for unix/-milp32 ===
# of expected passes 9451
# of unexpected failures 2
# of unexpected successes 2
# of expected failures 77
# of unsupported tests 80
Running target unix/-mlp64
XPASS: g++.dg/rtti/tinfo1.C scan-assembler _ZTIP9CTemplateIhE:
XPASS: g++.dg/rtti/tinfo1.C scan-assembler-not .globl[ \\t]+_ZTIP9CTemplateIhE
FAIL: g++.old-deja/g++.law/profile1.C (test for excess errors)
FAIL: g++.old-deja/g++.law/profile1.C execution test
WARNING: g++.old-deja/g++.mike/p10769a.C compilation failed to produce executable
WARNING: g++.old-deja/g++.other/enum5.C compilation failed to produce executable
WARNING: g++.old-deja/g++.pt/friend44.C compilation failed to produce executable
=== g++ Summary for unix/-mlp64 ===
# of expected passes 9451
# of unexpected failures 2
# of unexpected successes 2
# of expected failures 77
# of unsupported tests 80
=== g++ Summary ===
# of expected passes 18902
# of unexpected failures 4
# of unexpected successes 4
# of expected failures 154
# of unsupported tests 160
/scratch/gcc/nightly-2005-05-06-3.4/ia64-hp-hpux11.23/build_gcc/build/gcc-3.4-2005-05-06-nightly-ia64-hp-hpux11.23/gcc/testsuite/../g++ version 3.4.4 20050506 (prerelease)
=== gcc tests ===
Running target unix/-milp32
FAIL: gcc.dg/20020219-1.c execution test
FAIL: gcc.dg/20021014-1.c (test for excess errors)
FAIL: gcc.dg/20021014-1.c execution test
FAIL: gcc.dg/nest.c (test for excess errors)
FAIL: gcc.dg/nest.c execution test
=== gcc Summary for unix/-milp32 ===
# of expected passes 24314
# of unexpected failures 5
# of expected failures 75
# of untested testcases 7
# of unsupported tests 354
Running target unix/-mlp64
FAIL: gcc.dg/20021014-1.c (test for excess errors)
FAIL: gcc.dg/20021014-1.c execution test
FAIL: gcc.dg/nest.c (test for excess errors)
WARNING: program timed out.
FAIL: gcc.dg/nest.c execution test
=== gcc Summary for unix/-mlp64 ===
# of expected passes 24315
# of unexpected failures 4
# of expected failures 75
# of untested testcases 7
# of unsupported tests 354
=== gcc Summary ===
# of expected passes 48629
# of unexpected failures 9
# of expected failures 150
# of untested testcases 14
# of unsupported tests 708
/scratch/gcc/nightly-2005-05-06-3.4/ia64-hp-hpux11.23/build_gcc/build/gcc-3.4-2005-05-06-nightly-ia64-hp-hpux11.23/gcc/xgcc version 3.4.4 20050506 (prerelease)
=== libstdc++ tests ===
Running target unix/-milp32
=== libstdc++ Summary for unix/-milp32 ===
# of expected passes 2038
# of expected failures 4
# of unsupported tests 9
Running target unix/-mlp64
=== libstdc++ Summary for unix/-mlp64 ===
# of expected passes 2038
# of expected failures 4
# of unsupported tests 9
=== libstdc++ Summary ===
# of expected passes 4076
# of expected failures 8
# of unsupported tests 18
Compiler version: 3.4.4 20050506 (prerelease)
Platform: ia64-hp-hpux11.23
configure flags: --build=ia64-hp-hpux11.23 --host=ia64-hp-hpux11.23 --target=ia64-hp-hpux11.23 --enable-languages=c,c++ --enable-threads=posix --disable-nls --disable-libmudflap --with-gnu-as --with-as=/scratch/gcc/nightly-2005-05-06-3.4/ia64-hp-hpux11.23/build_gcc/install/bin/as --without-gnu-ld --with-ld=/usr/ccs/bin/ld --prefix=/scratch/gcc/nightly-2005-05-06-3.4/ia64-hp-hpux11.23/build_gcc/install
More information about the Gcc-testresults
mailing list