Results for 4.1.0 20050504 (experimental) testsuite on hppa64-hp-hpux11.23
CodeSourcery Automatic Testing System
gcc@codesourcery.com
Wed May 4 13:14:00 GMT 2005
LAST_UPDATED: Wed May 4 08:38:33 UTC 2005
Native configuration is hppa64-hp-hpux11.23
=== g++ tests ===
Running target unix
WARNING: program timed out.
FAIL: g++.dg/eh/cleanup1.C (test for excess errors)
=== g++ Summary ===
# of expected passes 10468
# of unexpected failures 1
# of expected failures 66
# of unsupported tests 111
/scratch/gcc/nightly-2005-05-04-mainline/hppa64-hp-hpux11.23/build_gcc/build/gcc-mainline-2005-05-04-nightly-hppa64-hp-hpux11.23/gcc/testsuite/../g++ version 4.1.0 20050504 (experimental)
=== gcc tests ===
Running target unix
FAIL: gcc.c-torture/execute/20000822-1.c execution, -O0
FAIL: gcc.c-torture/execute/20000822-1.c execution, -O1
FAIL: gcc.c-torture/execute/20000822-1.c execution, -O2
FAIL: gcc.c-torture/execute/20000822-1.c execution, -O3 -fomit-frame-pointer
FAIL: gcc.c-torture/execute/20000822-1.c execution, -O3 -g
FAIL: gcc.c-torture/execute/20000822-1.c execution, -Os
FAIL: gcc.c-torture/execute/nestfunc-3.c execution, -O0
FAIL: gcc.c-torture/execute/nestfunc-3.c execution, -O1
FAIL: gcc.c-torture/execute/nestfunc-3.c execution, -O2
FAIL: gcc.c-torture/execute/nestfunc-3.c execution, -O3 -fomit-frame-pointer
FAIL: gcc.c-torture/execute/nestfunc-3.c execution, -O3 -fomit-frame-pointer -funroll-loops
FAIL: gcc.c-torture/execute/nestfunc-3.c execution, -O3 -fomit-frame-pointer -funroll-all-loops -finline-functions
FAIL: gcc.c-torture/execute/nestfunc-3.c execution, -O3 -g
FAIL: gcc.c-torture/execute/nestfunc-3.c execution, -Os
FAIL: gcc.c-torture/execute/nestfunc-5.c execution, -O0
FAIL: gcc.c-torture/execute/nestfunc-5.c execution, -O1
FAIL: gcc.c-torture/execute/nestfunc-5.c execution, -O2
FAIL: gcc.c-torture/execute/nestfunc-5.c execution, -O3 -fomit-frame-pointer
FAIL: gcc.c-torture/execute/nestfunc-5.c execution, -O3 -g
FAIL: gcc.c-torture/execute/nestfunc-5.c execution, -Os
FAIL: gcc.c-torture/execute/nestfunc-6.c execution, -O0
FAIL: gcc.c-torture/execute/nestfunc-6.c execution, -O1
FAIL: gcc.c-torture/execute/nestfunc-6.c execution, -O2
FAIL: gcc.c-torture/execute/nestfunc-6.c execution, -O3 -fomit-frame-pointer
FAIL: gcc.c-torture/execute/nestfunc-6.c execution, -O3 -g
FAIL: gcc.c-torture/execute/nestfunc-6.c execution, -Os
WARNING: Could not compile gcc.dg/compat/struct-layout-1 generator
XPASS: gcc.dg/funcorder.c scan-assembler-not link_error,%r
FAIL: gcc.dg/trampoline-1.c execution test
FAIL: gcc.dg/uninit-1.c uninitialized variable warning (test for bogus messages, line 16)
FAIL: gcc.dg/torture/asm-subreg-1.c -O1 (test for excess errors)
FAIL: gcc.dg/torture/asm-subreg-1.c -O2 (test for excess errors)
FAIL: gcc.dg/torture/asm-subreg-1.c -O3 -fomit-frame-pointer (test for excess errors)
FAIL: gcc.dg/torture/asm-subreg-1.c -O3 -g (test for excess errors)
FAIL: gcc.dg/torture/asm-subreg-1.c -Os (test for excess errors)
FAIL: gcc.dg/tree-ssa/loop-4.c scan-tree-dump-times arr_base.[^0][^\\n\\r]*= 0
FAIL: gcc.dg/tree-ssa/loop-4.c scan-tree-dump-times iter 0
=== gcc Summary ===
# of expected passes 33731
# of unexpected failures 35
# of unexpected successes 1
# of expected failures 80
# of untested testcases 28
# of unsupported tests 518
/scratch/gcc/nightly-2005-05-04-mainline/hppa64-hp-hpux11.23/build_gcc/build/gcc-mainline-2005-05-04-nightly-hppa64-hp-hpux11.23/gcc/xgcc version 4.1.0 20050504 (experimental)
=== libstdc++ tests ===
Running target unix
=== libstdc++ Summary ===
# of expected passes 2540
# of expected failures 11
# of unsupported tests 10
Compiler version: 4.1.0 20050504 (experimental)
Platform: hppa64-hp-hpux11.23
configure flags: --build=hppa64-hp-hpux11.23 --host=hppa64-hp-hpux11.23 --target=hppa64-hp-hpux11.23 --enable-threads=posix --disable-nls --disable-libmudflap --with-gnu-as --with-as=/scratch/gcc/nightly-2005-05-04-mainline/hppa64-hp-hpux11.23/build_gcc/install/bin/as --without-gnu-ld --with-ld=/usr/ccs/bin/ld --prefix=/scratch/gcc/nightly-2005-05-04-mainline/hppa64-hp-hpux11.23/build_gcc/install --enable-languages=c,c++
More information about the Gcc-testresults
mailing list