Target: AVR Results for 4.1.0 200505 (experimental) in comparison to 4.1.0 20050416 (experimental)
Björn Haase
bjoern.m.haase@web.de
Mon May 2 20:23:00 GMT 2005
Hello,
find enclosed
1.) the output of compare_tests when investigating the difference between my
last test report (4.1.0 20050416) and the current head revision for the AVR
target.
2.) the present testsuite run's summary.
Yours,
Björn
##########################
1.)
##########################
Tests that now fail, but worked before:
gcc.c-torture/execute/memset-2.c compilation, -O3 -fomit-frame-pointer
-funroll-all-loops -finline-functions
gcc.c-torture/execute/memset-2.c compilation, -O3 -fomit-frame-pointer
-funroll-loops
Tests that now work, but didn't before:
gcc.dg/uninit-5.c uninitialized variable warning (test for bogus messages,
line 12)
gcc.dg/uninit-5.c uninitialized variable warning (test for bogus messages,
line 26)
New tests that FAIL:
gcc.dg/tree-ssa/gen-vect-11a.c scan-tree-dump-times vectorized 1 loops 1
gcc.dg/tree-ssa/gen-vect-11.c scan-tree-dump-times vectorized 1 loops 1
gcc.dg/tree-ssa/gen-vect-25.c scan-tree-dump-times vectorized 2 loops 1
gcc.dg/tree-ssa/gen-vect-26.c scan-tree-dump-times Alignment of access forced
using peeling 1
gcc.dg/tree-ssa/gen-vect-26.c scan-tree-dump-times vectorized 1 loops 1
gcc.dg/tree-ssa/gen-vect-28.c scan-tree-dump-times Alignment of access forced
using peeling 1
gcc.dg/tree-ssa/gen-vect-28.c scan-tree-dump-times vectorized 1 loops 1
gcc.dg/tree-ssa/gen-vect-2.c scan-tree-dump-times vectorized 1 loops 1
gcc.dg/tree-ssa/gen-vect-32.c scan-tree-dump-times vectorized 1 loops 1
gcc.dg/tree-ssa/ssa-dse-5.c scan-tree-dump-times i = 5 1
gcc.dg/tree-ssa/ssa-dse-5.c scan-tree-dump-times <L.*>:;[
New tests that PASS:
gcc.c-torture/compile/pr21030.c -O0 (test for excess errors)
gcc.c-torture/compile/pr21030.c -O1 (test for excess errors)
gcc.c-torture/compile/pr21030.c -O2 (test for excess errors)
gcc.c-torture/compile/pr21030.c -O3 -fomit-frame-pointer -funroll-all-loops
-finline-functions (test for excess errors)
gcc.c-torture/compile/pr21030.c -O3 -fomit-frame-pointer -funroll-loops
(test for excess errors)
gcc.c-torture/compile/pr21030.c -O3 -fomit-frame-pointer (test for excess
errors)
gcc.c-torture/compile/pr21030.c -O3 -g (test for excess errors)
gcc.c-torture/compile/pr21030.c -Os (test for excess errors)
gcc.c-torture/execute/pr21173.c compilation, -O0
gcc.c-torture/execute/pr21173.c compilation, -O1
gcc.c-torture/execute/pr21173.c compilation, -O2
gcc.c-torture/execute/pr21173.c compilation, -O3 -fomit-frame-pointer
gcc.c-torture/execute/pr21173.c compilation, -O3 -fomit-frame-pointer
-funroll-all-loops -finline-functions
gcc.c-torture/execute/pr21173.c compilation, -O3 -fomit-frame-pointer
-funroll-loops
gcc.c-torture/execute/pr21173.c compilation, -O3 -g
gcc.c-torture/execute/pr21173.c compilation, -Os
gcc.c-torture/execute/pr21173.c execution, -O0
gcc.c-torture/execute/pr21173.c execution, -O1
gcc.c-torture/execute/pr21173.c execution, -O2
gcc.c-torture/execute/pr21173.c execution, -O3 -fomit-frame-pointer
gcc.c-torture/execute/pr21173.c execution, -O3 -fomit-frame-pointer
-funroll-all-loops -finline-functions
gcc.c-torture/execute/pr21173.c execution, -O3 -fomit-frame-pointer
-funroll-loops
gcc.c-torture/execute/pr21173.c execution, -O3 -g
gcc.c-torture/execute/pr21173.c execution, -Os
gcc.dg/cpp/very-long-comment.c (test for excess errors)
gcc.dg/cpp/very-long-comment.c (test for warnings, line 8)
gcc.dg/format/asm_fprintf-2.c -DWIDE (test for errors, line 9)
gcc.dg/format/asm_fprintf-2.c -DWIDE (test for excess errors)
gcc.dg/format/asm_fprintf-2.c (test for errors, line 9)
gcc.dg/format/asm_fprintf-2.c (test for excess errors)
gcc.dg/format/asm_fprintf-3.c -DWIDE (test for errors, line 10)
gcc.dg/format/asm_fprintf-3.c -DWIDE (test for excess errors)
gcc.dg/format/asm_fprintf-3.c (test for errors, line 10)
gcc.dg/format/asm_fprintf-3.c (test for excess errors)
gcc.dg/format/asm_fprintf-4.c -DWIDE (test for errors, line 10)
gcc.dg/format/asm_fprintf-4.c -DWIDE (test for excess errors)
gcc.dg/format/asm_fprintf-4.c (test for errors, line 10)
gcc.dg/format/asm_fprintf-4.c (test for excess errors)
gcc.dg/format/asm_fprintf-5.c -DWIDE (test for errors, line 10)
gcc.dg/format/asm_fprintf-5.c -DWIDE (test for excess errors)
gcc.dg/format/asm_fprintf-5.c (test for errors, line 10)
gcc.dg/format/asm_fprintf-5.c (test for excess errors)
gcc.dg/format/gcc_diag-2.c -DWIDE (test for excess errors)
gcc.dg/format/gcc_diag-2.c (test for excess errors)
gcc.dg/format/gcc_diag-3.c -DWIDE (test for errors, line 10)
gcc.dg/format/gcc_diag-3.c -DWIDE (test for excess errors)
gcc.dg/format/gcc_diag-3.c (test for errors, line 10)
gcc.dg/format/gcc_diag-3.c (test for excess errors)
gcc.dg/format/gcc_diag-4.c -DWIDE (test for errors, line 10)
gcc.dg/format/gcc_diag-4.c -DWIDE (test for excess errors)
gcc.dg/format/gcc_diag-4.c (test for errors, line 10)
gcc.dg/format/gcc_diag-4.c (test for excess errors)
gcc.dg/format/gcc_diag-5.c -DWIDE (test for excess errors)
gcc.dg/format/gcc_diag-5.c (test for excess errors)
gcc.dg/format/gcc_diag-6.c -DWIDE (test for errors, line 10)
gcc.dg/format/gcc_diag-6.c -DWIDE (test for excess errors)
gcc.dg/format/gcc_diag-6.c (test for errors, line 10)
gcc.dg/format/gcc_diag-6.c (test for excess errors)
gcc.dg/format/gcc_diag-7.c -DWIDE (test for excess errors)
gcc.dg/format/gcc_diag-7.c (test for excess errors)
gcc.dg/format/gcc_diag-8.c -DWIDE (test for errors, line 10)
gcc.dg/format/gcc_diag-8.c -DWIDE (test for excess errors)
gcc.dg/format/gcc_diag-8.c (test for errors, line 10)
gcc.dg/format/gcc_diag-8.c (test for excess errors)
gcc.dg/format/gcc_diag-9.c -DWIDE (test for errors, line 10)
gcc.dg/format/gcc_diag-9.c -DWIDE (test for excess errors)
gcc.dg/format/gcc_diag-9.c (test for errors, line 10)
gcc.dg/format/gcc_diag-9.c (test for excess errors)
gcc.dg/transparent-union-3.c (test for excess errors)
gcc.dg/transparent-union-3.c (test for warnings, line 11)
gcc.dg/transparent-union-3.c (test for warnings, line 11)
gcc.dg/transparent-union-3.c (test for warnings, line 14)
gcc.dg/transparent-union-3.c (test for warnings, line 14)
gcc.dg/transparent-union-3.c (test for warnings, line 16)
gcc.dg/transparent-union-3.c (test for warnings, line 16)
gcc.dg/transparent-union-3.c (test for warnings, line 19)
gcc.dg/transparent-union-3.c (test for warnings, line 21)
gcc.dg/transparent-union-3.c (test for warnings, line 9)
gcc.dg/transparent-union-3.c (test for warnings, line 9)
gcc.dg/tree-ssa/20030711-1.c scan-tree-dump-times if 3
gcc.dg/tree-ssa/20030711-1.c scan-tree-dump-times vec.length 3
gcc.dg/tree-ssa/gen-vect-11a.c execution test
gcc.dg/tree-ssa/gen-vect-11a.c (test for excess errors)
gcc.dg/tree-ssa/gen-vect-11b.c execution test
gcc.dg/tree-ssa/gen-vect-11b.c scan-tree-dump-times vectorized 0 loops 1
gcc.dg/tree-ssa/gen-vect-11b.c (test for excess errors)
gcc.dg/tree-ssa/gen-vect-11c.c execution test
gcc.dg/tree-ssa/gen-vect-11c.c scan-tree-dump-times vectorized 0 loops 1
gcc.dg/tree-ssa/gen-vect-11c.c (test for excess errors)
gcc.dg/tree-ssa/gen-vect-11.c execution test
gcc.dg/tree-ssa/gen-vect-11.c (test for excess errors)
gcc.dg/tree-ssa/gen-vect-25.c execution test
gcc.dg/tree-ssa/gen-vect-25.c scan-tree-dump-times Vectorizing an unaligned
access 0
gcc.dg/tree-ssa/gen-vect-25.c (test for excess errors)
gcc.dg/tree-ssa/gen-vect-26.c execution test
gcc.dg/tree-ssa/gen-vect-26.c scan-tree-dump-times Vectorizing an unaligned
access 0
gcc.dg/tree-ssa/gen-vect-26.c (test for excess errors)
gcc.dg/tree-ssa/gen-vect-28.c execution test
gcc.dg/tree-ssa/gen-vect-28.c scan-tree-dump-times Vectorizing an unaligned
access 0
gcc.dg/tree-ssa/gen-vect-28.c (test for excess errors)
gcc.dg/tree-ssa/gen-vect-2.c execution test
gcc.dg/tree-ssa/gen-vect-2.c scan-tree-dump-times Vectorizing an unaligned
access 0
gcc.dg/tree-ssa/gen-vect-2.c (test for excess errors)
gcc.dg/tree-ssa/gen-vect-32.c execution test
gcc.dg/tree-ssa/gen-vect-32.c scan-tree-dump-times Vectorizing an unaligned
access 0
gcc.dg/tree-ssa/gen-vect-32.c (test for excess errors)
gcc.dg/tree-ssa/loop-8.c scan-tree-dump-times [^0-9] \* step 0
gcc.dg/tree-ssa/loop-8.c scan-tree-dump-times step \* [^0-9] 0
gcc.dg/tree-ssa/loop-8.c (test for excess errors)
gcc.dg/tree-ssa/pr17598.c scan-tree-dump-times x == y 1
gcc.dg/tree-ssa/pr17598.c scan-tree-dump-times x == &y 2
gcc.dg/tree-ssa/pr17598.c scan-tree-dump x->k
gcc.dg/tree-ssa/pr17598.c scan-tree-dump yy.k
gcc.dg/tree-ssa/pr17598.c (test for excess errors)
gcc.dg/tree-ssa/pr21171.c scan-tree-dump-times SVR 1
gcc.dg/tree-ssa/pr21171.c (test for excess errors)
gcc.dg/tree-ssa/ssa-dse-1.c scan-tree-dump-times = 3 0
gcc.dg/tree-ssa/ssa-dse-1.c scan-tree-dump-times = 4 0
gcc.dg/tree-ssa/ssa-dse-1.c scan-tree-dump-times return 4 1
gcc.dg/tree-ssa/ssa-dse-1.c (test for excess errors)
gcc.dg/tree-ssa/ssa-dse-2.c scan-tree-dump-times = 3 0
gcc.dg/tree-ssa/ssa-dse-2.c scan-tree-dump-times = 4 1
gcc.dg/tree-ssa/ssa-dse-2.c (test for excess errors)
gcc.dg/tree-ssa/ssa-dse-3.c scan-tree-dump-times Bool_Glob = 0 0
gcc.dg/tree-ssa/ssa-dse-3.c scan-tree-dump-times Bool_Glob = 1 1
gcc.dg/tree-ssa/ssa-dse-3.c (test for excess errors)
gcc.dg/tree-ssa/ssa-dse-4.c scan-tree-dump-times = 3 1
gcc.dg/tree-ssa/ssa-dse-4.c scan-tree-dump-times = 5 0
gcc.dg/tree-ssa/ssa-dse-4.c (test for excess errors)
gcc.dg/tree-ssa/ssa-dse-5.c (test for excess errors)
gcc.dg/tree-ssa/ssa-dse-6.c scan-tree-dump-times local1 = 1
gcc.dg/tree-ssa/ssa-dse-6.c scan-tree-dump-times local2 = 1
gcc.dg/tree-ssa/ssa-dse-6.c (test for excess errors)
gcc.dg/tree-ssa/ssa-dse-7.c scan-tree-dump-times glob1 = 1
gcc.dg/tree-ssa/ssa-dse-7.c scan-tree-dump-times glob2 = 1
gcc.dg/tree-ssa/ssa-dse-7.c scan-tree-dump-times return 5 1
gcc.dg/tree-ssa/ssa-dse-7.c (test for excess errors)
gcc.dg/void-cast-1.c (test for excess errors)
gcc.dg/void-cast-2.c (test for excess errors)
gcc.dg/void-cast-2.c (test for warnings, line 7)
gcc.dg/void-cast-2.c (test for warnings, line 8)
Old tests that passed, that have disappeared: (Eeek!)
gcc.dg/compat/struct-by-value-22 c_compat_x_tst.o-c_compat_y_tst.o execute
gcc.dg/pr15784-4.c scan-tree-dump ~x;
gcc.dg/pr15784-4.c scan-tree-dump -x;
gcc.dg/tree-ssa/20030711-1.c scan-tree-dump-times if 4
gcc.dg/tree-ssa/20030711-1.c scan-tree-dump-times vec.length 4
gcc.dg/tree-ssa/20030821-1.c scan-tree-dump-times dont_remove \(\) 1
gcc.dg/tree-ssa/20030821-1.c scan-tree-dump-times goto &x 0
gcc.dg/tree-ssa/alias-1.c scan-tree-dump-times link_error 0
gcc.dg/tree-ssa/phi-opt-1.c scan-tree-dump-times if 0
gcc.dg/tree-ssa/phi-opt-2.c scan-tree-dump-times if 1
gcc.dg/tree-ssa/phi-opt-3.c scan-tree-dump-times if 0
gcc.dg/tree-ssa/phi-opt-4.c scan-tree-dump-times if 1
gcc.dg/tree-ssa/pr18133-1.c scan-tree-dump-times ab 0
gcc.dg/tree-ssa/pr18133-1.c scan-tree-dump-times fallthru 3
gcc.dg/tree-ssa/pr18133-1.c scan-tree-dump-times goto &L0 0
gcc.dg/tree-ssa/pr18133-2.c scan-tree-dump-times ab 0
gcc.dg/tree-ssa/pr18133-2.c scan-tree-dump-times goto p 0
gcc.dg/tree-ssa/pr18134.c scan-tree-dump-times ab 0
gcc.dg/tree-ssa/pr18134.c scan-tree-dump-times return.*a != 0 1
gcc.dg/tree-ssa/structopt-2.c scan-tree-dump-times a.e 0
gcc.dg/tree-ssa/structopt-2.c scan-tree-dump-times a.f 0
gcc.dg/tree-ssa/structopt-2.c scan-tree-dump-times a.g 0
gcc.dg/tree-ssa/structopt-2.c scan-tree-dump-times b.e 0
gcc.dg/tree-ssa/structopt-3.c scan-tree-dump-times return 11 1
##########################
2.)
##########################
Target is avr-unknown-none
Host is x86_64-unknown-linux-gnu
=== gcc tests ===
Running target atmega128-sim
FAIL: gcc.c-torture/compile/20010226-1.c -O0 (test for excess errors)
FAIL: gcc.c-torture/compile/20010226-1.c -O1 (test for excess errors)
FAIL: gcc.c-torture/compile/20010226-1.c -O2 (test for excess errors)
FAIL: gcc.c-torture/compile/20010226-1.c -O3 -fomit-frame-pointer (test for
excess errors)
FAIL: gcc.c-torture/compile/20010226-1.c -O3 -g (test for excess errors)
FAIL: gcc.c-torture/compile/20010226-1.c -Os (test for excess errors)
FAIL: gcc.c-torture/compile/20010327-1.c -O0 (test for excess errors)
FAIL: gcc.c-torture/compile/20010327-1.c -O1 (test for excess errors)
FAIL: gcc.c-torture/compile/20010327-1.c -O2 (test for excess errors)
FAIL: gcc.c-torture/compile/20010327-1.c -O3 -fomit-frame-pointer (test for
excess errors)
FAIL: gcc.c-torture/compile/20010327-1.c -O3 -g (test for excess errors)
FAIL: gcc.c-torture/compile/20010327-1.c -Os (test for excess errors)
UNRESOLVED: gcc.c-torture/compile/20011119-1.c -O0
UNRESOLVED: gcc.c-torture/compile/20011119-1.c -O1
UNRESOLVED: gcc.c-torture/compile/20011119-1.c -O2
UNRESOLVED: gcc.c-torture/compile/20011119-1.c -O3 -fomit-frame-pointer
UNRESOLVED: gcc.c-torture/compile/20011119-1.c -O3 -g
UNRESOLVED: gcc.c-torture/compile/20011119-1.c -Os
UNRESOLVED: gcc.c-torture/compile/20011119-2.c -O0
UNRESOLVED: gcc.c-torture/compile/20011119-2.c -O1
UNRESOLVED: gcc.c-torture/compile/20011119-2.c -O2
UNRESOLVED: gcc.c-torture/compile/20011119-2.c -O3 -fomit-frame-pointer
UNRESOLVED: gcc.c-torture/compile/20011119-2.c -O3 -g
UNRESOLVED: gcc.c-torture/compile/20011119-2.c -Os
FAIL: gcc.c-torture/compile/20020604-1.c -O0 (test for excess errors)
FAIL: gcc.c-torture/compile/20020604-1.c -O1 (test for excess errors)
FAIL: gcc.c-torture/compile/20020604-1.c -O2 (test for excess errors)
FAIL: gcc.c-torture/compile/20020604-1.c -O3 -fomit-frame-pointer (test for
excess errors)
FAIL: gcc.c-torture/compile/20020604-1.c -O3 -fomit-frame-pointer
-funroll-loops (test for excess errors)
FAIL: gcc.c-torture/compile/20020604-1.c -O3 -fomit-frame-pointer
-funroll-all-loops -finline-functions (test for excess errors)
FAIL: gcc.c-torture/compile/20020604-1.c -O3 -g (test for excess errors)
FAIL: gcc.c-torture/compile/20020604-1.c -Os (test for excess errors)
UNRESOLVED: gcc.c-torture/compile/20040323-1.c -O0
UNRESOLVED: gcc.c-torture/compile/20040323-1.c -O1
UNRESOLVED: gcc.c-torture/compile/20040323-1.c -O2
UNRESOLVED: gcc.c-torture/compile/20040323-1.c -O3 -fomit-frame-pointer
UNRESOLVED: gcc.c-torture/compile/20040323-1.c -O3 -g
UNRESOLVED: gcc.c-torture/compile/20040323-1.c -Os
FAIL: gcc.c-torture/compile/20050122-2.c -O0 (test for excess errors)
FAIL: gcc.c-torture/compile/20050122-2.c -O1 (test for excess errors)
FAIL: gcc.c-torture/compile/20050122-2.c -O2 (test for excess errors)
FAIL: gcc.c-torture/compile/20050122-2.c -O3 -fomit-frame-pointer (test for
excess errors)
FAIL: gcc.c-torture/compile/20050122-2.c -O3 -g (test for excess errors)
FAIL: gcc.c-torture/compile/20050122-2.c -Os (test for excess errors)
FAIL: gcc.c-torture/compile/20050303-1.c -O0 (test for excess errors)
FAIL: gcc.c-torture/compile/20050303-1.c -O1 (test for excess errors)
FAIL: gcc.c-torture/compile/20050303-1.c -O2 (test for excess errors)
FAIL: gcc.c-torture/compile/20050303-1.c -O3 -fomit-frame-pointer (test for
excess errors)
FAIL: gcc.c-torture/compile/20050303-1.c -O3 -fomit-frame-pointer
-funroll-loops (test for excess errors)
FAIL: gcc.c-torture/compile/20050303-1.c -O3 -fomit-frame-pointer
-funroll-all-loops -finline-functions (test for excess errors)
FAIL: gcc.c-torture/compile/20050303-1.c -O3 -g (test for excess errors)
FAIL: gcc.c-torture/compile/20050303-1.c -Os (test for excess errors)
FAIL: gcc.c-torture/compile/980506-1.c -O0 (test for excess errors)
FAIL: gcc.c-torture/compile/980506-1.c -O1 (test for excess errors)
FAIL: gcc.c-torture/compile/980506-1.c -O2 (test for excess errors)
FAIL: gcc.c-torture/compile/980506-1.c -O3 -fomit-frame-pointer (test for
excess errors)
FAIL: gcc.c-torture/compile/980506-1.c -O3 -fomit-frame-pointer
-funroll-loops (test for excess errors)
FAIL: gcc.c-torture/compile/980506-1.c -O3 -fomit-frame-pointer
-funroll-all-loops -finline-functions (test for excess errors)
FAIL: gcc.c-torture/compile/980506-1.c -O3 -g (test for excess errors)
FAIL: gcc.c-torture/compile/980506-1.c -Os (test for excess errors)
UNRESOLVED: gcc.c-torture/compile/981001-2.c -O0
UNRESOLVED: gcc.c-torture/compile/981001-2.c -O1
UNRESOLVED: gcc.c-torture/compile/981001-2.c -O2
UNRESOLVED: gcc.c-torture/compile/981001-2.c -O3 -fomit-frame-pointer
UNRESOLVED: gcc.c-torture/compile/981001-2.c -O3 -g
UNRESOLVED: gcc.c-torture/compile/981001-2.c -Os
FAIL: gcc.c-torture/compile/nested-1.c -O0 (test for excess errors)
FAIL: gcc.c-torture/compile/nested-1.c -O1 (test for excess errors)
FAIL: gcc.c-torture/compile/nested-1.c -O2 (test for excess errors)
FAIL: gcc.c-torture/compile/nested-1.c -O3 -fomit-frame-pointer (test for
excess errors)
FAIL: gcc.c-torture/compile/nested-1.c -O3 -g (test for excess errors)
FAIL: gcc.c-torture/compile/nested-1.c -Os (test for excess errors)
FAIL: gcc.c-torture/execute/builtins/printf.c compilation, -O0
UNRESOLVED: gcc.c-torture/execute/builtins/printf.c execution, -O0
FAIL: gcc.c-torture/execute/builtins/printf.c compilation, -O1
UNRESOLVED: gcc.c-torture/execute/builtins/printf.c execution, -O1
FAIL: gcc.c-torture/execute/builtins/printf.c compilation, -O2
UNRESOLVED: gcc.c-torture/execute/builtins/printf.c execution, -O2
FAIL: gcc.c-torture/execute/builtins/printf.c compilation, -O3
-fomit-frame-pointer
UNRESOLVED: gcc.c-torture/execute/builtins/printf.c execution, -O3
-fomit-frame-pointer
FAIL: gcc.c-torture/execute/builtins/printf.c compilation, -O3 -g
UNRESOLVED: gcc.c-torture/execute/builtins/printf.c execution, -O3 -g
FAIL: gcc.c-torture/execute/builtins/printf.c compilation, -Os
UNRESOLVED: gcc.c-torture/execute/builtins/printf.c execution, -Os
FAIL: gcc.c-torture/execute/builtins/strspn.c compilation, -O0
UNRESOLVED: gcc.c-torture/execute/builtins/strspn.c execution, -O0
FAIL: gcc.c-torture/execute/20010122-1.c execution, -O1
FAIL: gcc.c-torture/execute/20010122-1.c execution, -O2
FAIL: gcc.c-torture/execute/20010122-1.c execution, -O3 -g
FAIL: gcc.c-torture/execute/20010122-1.c execution, -Os
FAIL: gcc.c-torture/execute/20020720-1.c compilation, -O1
UNRESOLVED: gcc.c-torture/execute/20020720-1.c execution, -O1
FAIL: gcc.c-torture/execute/20020720-1.c compilation, -O2
UNRESOLVED: gcc.c-torture/execute/20020720-1.c execution, -O2
FAIL: gcc.c-torture/execute/20020720-1.c compilation, -O3
-fomit-frame-pointer
UNRESOLVED: gcc.c-torture/execute/20020720-1.c execution, -O3
-fomit-frame-pointer
FAIL: gcc.c-torture/execute/20020720-1.c compilation, -O3 -g
UNRESOLVED: gcc.c-torture/execute/20020720-1.c execution, -O3 -g
FAIL: gcc.c-torture/execute/20020720-1.c compilation, -Os
UNRESOLVED: gcc.c-torture/execute/20020720-1.c execution, -Os
FAIL: gcc.c-torture/execute/20040629-1.c compilation, -O0
UNRESOLVED: gcc.c-torture/execute/20040629-1.c execution, -O0
FAIL: gcc.c-torture/execute/20040629-1.c compilation, -O1
UNRESOLVED: gcc.c-torture/execute/20040629-1.c execution, -O1
FAIL: gcc.c-torture/execute/20040629-1.c compilation, -O2
UNRESOLVED: gcc.c-torture/execute/20040629-1.c execution, -O2
FAIL: gcc.c-torture/execute/20040629-1.c compilation, -O3
-fomit-frame-pointer
UNRESOLVED: gcc.c-torture/execute/20040629-1.c execution, -O3
-fomit-frame-pointer
FAIL: gcc.c-torture/execute/20040629-1.c compilation, -O3 -g
UNRESOLVED: gcc.c-torture/execute/20040629-1.c execution, -O3 -g
FAIL: gcc.c-torture/execute/20040629-1.c compilation, -Os
UNRESOLVED: gcc.c-torture/execute/20040629-1.c execution, -Os
FAIL: gcc.c-torture/execute/20040703-1.c execution, -O0
FAIL: gcc.c-torture/execute/20040703-1.c execution, -O1
FAIL: gcc.c-torture/execute/20040703-1.c execution, -O2
FAIL: gcc.c-torture/execute/20040703-1.c execution, -O3 -fomit-frame-pointer
FAIL: gcc.c-torture/execute/20040703-1.c execution, -O3 -g
FAIL: gcc.c-torture/execute/20040703-1.c execution, -Os
FAIL: gcc.c-torture/execute/20040705-1.c compilation, -O0
UNRESOLVED: gcc.c-torture/execute/20040705-1.c execution, -O0
FAIL: gcc.c-torture/execute/20040705-1.c compilation, -O1
UNRESOLVED: gcc.c-torture/execute/20040705-1.c execution, -O1
FAIL: gcc.c-torture/execute/20040705-1.c compilation, -O2
UNRESOLVED: gcc.c-torture/execute/20040705-1.c execution, -O2
FAIL: gcc.c-torture/execute/20040705-1.c compilation, -O3
-fomit-frame-pointer
UNRESOLVED: gcc.c-torture/execute/20040705-1.c execution, -O3
-fomit-frame-pointer
FAIL: gcc.c-torture/execute/20040705-1.c compilation, -O3 -g
UNRESOLVED: gcc.c-torture/execute/20040705-1.c execution, -O3 -g
FAIL: gcc.c-torture/execute/20040705-1.c compilation, -Os
UNRESOLVED: gcc.c-torture/execute/20040705-1.c execution, -Os
FAIL: gcc.c-torture/execute/20040705-2.c compilation, -O0
UNRESOLVED: gcc.c-torture/execute/20040705-2.c execution, -O0
FAIL: gcc.c-torture/execute/20040705-2.c compilation, -O1
UNRESOLVED: gcc.c-torture/execute/20040705-2.c execution, -O1
FAIL: gcc.c-torture/execute/20040705-2.c compilation, -O2
UNRESOLVED: gcc.c-torture/execute/20040705-2.c execution, -O2
FAIL: gcc.c-torture/execute/20040705-2.c compilation, -O3
-fomit-frame-pointer
UNRESOLVED: gcc.c-torture/execute/20040705-2.c execution, -O3
-fomit-frame-pointer
FAIL: gcc.c-torture/execute/20040705-2.c compilation, -O3 -g
UNRESOLVED: gcc.c-torture/execute/20040705-2.c execution, -O3 -g
FAIL: gcc.c-torture/execute/20040705-2.c compilation, -Os
UNRESOLVED: gcc.c-torture/execute/20040705-2.c execution, -Os
FAIL: gcc.c-torture/execute/20050316-1.c compilation, -O0
UNRESOLVED: gcc.c-torture/execute/20050316-1.c execution, -O0
FAIL: gcc.c-torture/execute/20050316-1.c compilation, -O1
UNRESOLVED: gcc.c-torture/execute/20050316-1.c execution, -O1
FAIL: gcc.c-torture/execute/20050316-1.c compilation, -O2
UNRESOLVED: gcc.c-torture/execute/20050316-1.c execution, -O2
FAIL: gcc.c-torture/execute/20050316-1.c compilation, -O3
-fomit-frame-pointer
UNRESOLVED: gcc.c-torture/execute/20050316-1.c execution, -O3
-fomit-frame-pointer
FAIL: gcc.c-torture/execute/20050316-1.c compilation, -O3 -g
UNRESOLVED: gcc.c-torture/execute/20050316-1.c execution, -O3 -g
FAIL: gcc.c-torture/execute/20050316-1.c compilation, -Os
UNRESOLVED: gcc.c-torture/execute/20050316-1.c execution, -Os
FAIL: gcc.c-torture/execute/960405-1.c execution, -O0
FAIL: gcc.c-torture/execute/960405-1.c execution, -O1
FAIL: gcc.c-torture/execute/960405-1.c execution, -O2
FAIL: gcc.c-torture/execute/960405-1.c execution, -O3 -fomit-frame-pointer
FAIL: gcc.c-torture/execute/960405-1.c execution, -O3 -g
FAIL: gcc.c-torture/execute/960405-1.c execution, -Os
FAIL: gcc.c-torture/execute/bitfld-4.c compilation, -O0
UNRESOLVED: gcc.c-torture/execute/bitfld-4.c execution, -O0
FAIL: gcc.c-torture/execute/bitfld-4.c compilation, -O1
UNRESOLVED: gcc.c-torture/execute/bitfld-4.c execution, -O1
FAIL: gcc.c-torture/execute/bitfld-4.c compilation, -O2
UNRESOLVED: gcc.c-torture/execute/bitfld-4.c execution, -O2
FAIL: gcc.c-torture/execute/bitfld-4.c compilation, -O3 -fomit-frame-pointer
UNRESOLVED: gcc.c-torture/execute/bitfld-4.c execution, -O3
-fomit-frame-pointer
FAIL: gcc.c-torture/execute/bitfld-4.c compilation, -O3 -g
UNRESOLVED: gcc.c-torture/execute/bitfld-4.c execution, -O3 -g
FAIL: gcc.c-torture/execute/bitfld-4.c compilation, -Os
UNRESOLVED: gcc.c-torture/execute/bitfld-4.c execution, -Os
FAIL: gcc.c-torture/execute/builtin-bitops-1.c compilation, -O0
UNRESOLVED: gcc.c-torture/execute/builtin-bitops-1.c execution, -O0
FAIL: gcc.c-torture/execute/builtin-bitops-1.c compilation, -O1
UNRESOLVED: gcc.c-torture/execute/builtin-bitops-1.c execution, -O1
FAIL: gcc.c-torture/execute/builtin-bitops-1.c compilation, -O2
UNRESOLVED: gcc.c-torture/execute/builtin-bitops-1.c execution, -O2
FAIL: gcc.c-torture/execute/builtin-bitops-1.c compilation, -O3
-fomit-frame-pointer
UNRESOLVED: gcc.c-torture/execute/builtin-bitops-1.c execution, -O3
-fomit-frame-pointer
FAIL: gcc.c-torture/execute/builtin-bitops-1.c compilation, -O3
-fomit-frame-pointer -funroll-loops
UNRESOLVED: gcc.c-torture/execute/builtin-bitops-1.c execution, -O3
-fomit-frame-pointer -funroll-loops
FAIL: gcc.c-torture/execute/builtin-bitops-1.c compilation, -O3
-fomit-frame-pointer -funroll-all-loops -finline-functions
UNRESOLVED: gcc.c-torture/execute/builtin-bitops-1.c execution, -O3
-fomit-frame-pointer -funroll-all-loops -finline-functions
FAIL: gcc.c-torture/execute/builtin-bitops-1.c compilation, -O3 -g
UNRESOLVED: gcc.c-torture/execute/builtin-bitops-1.c execution, -O3 -g
FAIL: gcc.c-torture/execute/builtin-bitops-1.c compilation, -Os
UNRESOLVED: gcc.c-torture/execute/builtin-bitops-1.c execution, -Os
FAIL: gcc.c-torture/execute/ffs-1.c compilation, -O0
UNRESOLVED: gcc.c-torture/execute/ffs-1.c execution, -O0
FAIL: gcc.c-torture/execute/ffs-1.c compilation, -O1
UNRESOLVED: gcc.c-torture/execute/ffs-1.c execution, -O1
FAIL: gcc.c-torture/execute/ffs-1.c compilation, -O2
UNRESOLVED: gcc.c-torture/execute/ffs-1.c execution, -O2
FAIL: gcc.c-torture/execute/ffs-1.c compilation, -O3 -fomit-frame-pointer
UNRESOLVED: gcc.c-torture/execute/ffs-1.c execution, -O3 -fomit-frame-pointer
FAIL: gcc.c-torture/execute/ffs-1.c compilation, -O3 -g
UNRESOLVED: gcc.c-torture/execute/ffs-1.c execution, -O3 -g
FAIL: gcc.c-torture/execute/ffs-1.c compilation, -Os
UNRESOLVED: gcc.c-torture/execute/ffs-1.c execution, -Os
FAIL: gcc.c-torture/execute/ffs-2.c compilation, -O0
UNRESOLVED: gcc.c-torture/execute/ffs-2.c execution, -O0
FAIL: gcc.c-torture/execute/ffs-2.c compilation, -O1
UNRESOLVED: gcc.c-torture/execute/ffs-2.c execution, -O1
FAIL: gcc.c-torture/execute/ffs-2.c compilation, -O2
UNRESOLVED: gcc.c-torture/execute/ffs-2.c execution, -O2
FAIL: gcc.c-torture/execute/ffs-2.c compilation, -O3 -fomit-frame-pointer
UNRESOLVED: gcc.c-torture/execute/ffs-2.c execution, -O3 -fomit-frame-pointer
FAIL: gcc.c-torture/execute/ffs-2.c compilation, -O3 -fomit-frame-pointer
-funroll-loops
UNRESOLVED: gcc.c-torture/execute/ffs-2.c execution, -O3 -fomit-frame-pointer
-funroll-loops
FAIL: gcc.c-torture/execute/ffs-2.c compilation, -O3 -fomit-frame-pointer
-funroll-all-loops -finline-functions
UNRESOLVED: gcc.c-torture/execute/ffs-2.c execution, -O3 -fomit-frame-pointer
-funroll-all-loops -finline-functions
FAIL: gcc.c-torture/execute/ffs-2.c compilation, -O3 -g
UNRESOLVED: gcc.c-torture/execute/ffs-2.c execution, -O3 -g
FAIL: gcc.c-torture/execute/ffs-2.c compilation, -Os
UNRESOLVED: gcc.c-torture/execute/ffs-2.c execution, -Os
FAIL: gcc.c-torture/execute/memset-2.c compilation, -O3 -fomit-frame-pointer
-funroll-loops
UNRESOLVED: gcc.c-torture/execute/memset-2.c execution, -O3
-fomit-frame-pointer -funroll-loops
FAIL: gcc.c-torture/execute/memset-2.c compilation, -O3 -fomit-frame-pointer
-funroll-all-loops -finline-functions
UNRESOLVED: gcc.c-torture/execute/memset-2.c execution, -O3
-fomit-frame-pointer -funroll-all-loops -finline-functions
FAIL: gcc.c-torture/execute/pr17377.c execution, -O0
FAIL: gcc.c-torture/execute/pr19689.c compilation, -O0
UNRESOLVED: gcc.c-torture/execute/pr19689.c execution, -O0
FAIL: gcc.c-torture/execute/pr19689.c compilation, -O1
UNRESOLVED: gcc.c-torture/execute/pr19689.c execution, -O1
FAIL: gcc.c-torture/execute/pr19689.c compilation, -O2
UNRESOLVED: gcc.c-torture/execute/pr19689.c execution, -O2
FAIL: gcc.c-torture/execute/pr19689.c compilation, -O3 -fomit-frame-pointer
UNRESOLVED: gcc.c-torture/execute/pr19689.c execution, -O3
-fomit-frame-pointer
FAIL: gcc.c-torture/execute/pr19689.c compilation, -O3 -g
UNRESOLVED: gcc.c-torture/execute/pr19689.c execution, -O3 -g
FAIL: gcc.c-torture/execute/pr19689.c compilation, -Os
UNRESOLVED: gcc.c-torture/execute/pr19689.c execution, -Os
FAIL: gcc.c-torture/execute/pr7284-1.c execution, -O0
FAIL: gcc.c-torture/execute/pr7284-1.c execution, -O1
FAIL: gcc.c-torture/execute/pr7284-1.c execution, -O2
FAIL: gcc.c-torture/execute/pr7284-1.c execution, -O3 -fomit-frame-pointer
FAIL: gcc.c-torture/execute/pr7284-1.c execution, -O3 -g
FAIL: gcc.c-torture/execute/pr7284-1.c execution, -Os
FAIL: gcc.c-torture/execute/simd-1.c execution, -O0
FAIL: gcc.c-torture/execute/simd-1.c execution, -O1
FAIL: gcc.c-torture/execute/simd-1.c execution, -O2
FAIL: gcc.c-torture/execute/simd-1.c execution, -O3 -fomit-frame-pointer
FAIL: gcc.c-torture/execute/simd-1.c execution, -O3 -g
FAIL: gcc.c-torture/execute/simd-1.c execution, -Os
FAIL: gcc.c-torture/execute/va-arg-21.c compilation, -O0
UNRESOLVED: gcc.c-torture/execute/va-arg-21.c execution, -O0
FAIL: gcc.c-torture/execute/va-arg-21.c compilation, -O1
UNRESOLVED: gcc.c-torture/execute/va-arg-21.c execution, -O1
FAIL: gcc.c-torture/execute/va-arg-21.c compilation, -O2
UNRESOLVED: gcc.c-torture/execute/va-arg-21.c execution, -O2
FAIL: gcc.c-torture/execute/va-arg-21.c compilation, -O3 -fomit-frame-pointer
UNRESOLVED: gcc.c-torture/execute/va-arg-21.c execution, -O3
-fomit-frame-pointer
FAIL: gcc.c-torture/execute/va-arg-21.c compilation, -O3 -fomit-frame-pointer
-funroll-loops
UNRESOLVED: gcc.c-torture/execute/va-arg-21.c execution, -O3
-fomit-frame-pointer -funroll-loops
FAIL: gcc.c-torture/execute/va-arg-21.c compilation, -O3 -fomit-frame-pointer
-funroll-all-loops -finline-functions
UNRESOLVED: gcc.c-torture/execute/va-arg-21.c execution, -O3
-fomit-frame-pointer -funroll-all-loops -finline-functions
FAIL: gcc.c-torture/execute/va-arg-21.c compilation, -O3 -g
UNRESOLVED: gcc.c-torture/execute/va-arg-21.c execution, -O3 -g
FAIL: gcc.c-torture/execute/va-arg-21.c compilation, -Os
UNRESOLVED: gcc.c-torture/execute/va-arg-21.c execution, -Os
FAIL: gcc.c-torture/execute/ieee/920810-1.c execution, -O0
FAIL: gcc.c-torture/execute/ieee/920810-1.c execution, -O1
FAIL: gcc.c-torture/execute/ieee/920810-1.c execution, -O2
FAIL: gcc.c-torture/execute/ieee/compare-fp-1.c execution, -O0
FAIL: gcc.c-torture/execute/ieee/compare-fp-1.c execution, -O1
FAIL: gcc.c-torture/execute/ieee/compare-fp-1.c execution, -O2
FAIL: gcc.c-torture/execute/ieee/compare-fp-1.c execution, -O3
-fomit-frame-pointer
FAIL: gcc.c-torture/execute/ieee/compare-fp-1.c execution, -O3 -g
FAIL: gcc.c-torture/execute/ieee/compare-fp-1.c execution, -Os
FAIL: gcc.c-torture/execute/ieee/compare-fp-4.c execution, -O0
FAIL: gcc.c-torture/execute/ieee/compare-fp-4.c execution, -O1
FAIL: gcc.c-torture/execute/ieee/compare-fp-4.c execution, -O2
FAIL: gcc.c-torture/execute/ieee/compare-fp-4.c execution, -Os
FAIL: gcc.c-torture/execute/ieee/fp-cmp-1.c compilation, -O0
UNRESOLVED: gcc.c-torture/execute/ieee/fp-cmp-1.c execution, -O0
FAIL: gcc.c-torture/execute/ieee/fp-cmp-1.c compilation, -O1
UNRESOLVED: gcc.c-torture/execute/ieee/fp-cmp-1.c execution, -O1
FAIL: gcc.c-torture/execute/ieee/fp-cmp-1.c compilation, -O2
UNRESOLVED: gcc.c-torture/execute/ieee/fp-cmp-1.c execution, -O2
FAIL: gcc.c-torture/execute/ieee/fp-cmp-1.c compilation, -O3
-fomit-frame-pointer
UNRESOLVED: gcc.c-torture/execute/ieee/fp-cmp-1.c execution, -O3
-fomit-frame-pointer
FAIL: gcc.c-torture/execute/ieee/fp-cmp-1.c compilation, -O3
-fomit-frame-pointer -funroll-loops
UNRESOLVED: gcc.c-torture/execute/ieee/fp-cmp-1.c execution, -O3
-fomit-frame-pointer -funroll-loops
FAIL: gcc.c-torture/execute/ieee/fp-cmp-1.c compilation, -O3
-fomit-frame-pointer -funroll-all-loops -finline-functions
UNRESOLVED: gcc.c-torture/execute/ieee/fp-cmp-1.c execution, -O3
-fomit-frame-pointer -funroll-all-loops -finline-functions
FAIL: gcc.c-torture/execute/ieee/fp-cmp-1.c compilation, -O3 -g
UNRESOLVED: gcc.c-torture/execute/ieee/fp-cmp-1.c execution, -O3 -g
FAIL: gcc.c-torture/execute/ieee/fp-cmp-1.c compilation, -Os
UNRESOLVED: gcc.c-torture/execute/ieee/fp-cmp-1.c execution, -Os
FAIL: gcc.c-torture/execute/ieee/fp-cmp-2.c compilation, -O0
UNRESOLVED: gcc.c-torture/execute/ieee/fp-cmp-2.c execution, -O0
FAIL: gcc.c-torture/execute/ieee/fp-cmp-2.c compilation, -O1
UNRESOLVED: gcc.c-torture/execute/ieee/fp-cmp-2.c execution, -O1
FAIL: gcc.c-torture/execute/ieee/fp-cmp-2.c compilation, -O2
UNRESOLVED: gcc.c-torture/execute/ieee/fp-cmp-2.c execution, -O2
FAIL: gcc.c-torture/execute/ieee/fp-cmp-2.c compilation, -O3
-fomit-frame-pointer
UNRESOLVED: gcc.c-torture/execute/ieee/fp-cmp-2.c execution, -O3
-fomit-frame-pointer
FAIL: gcc.c-torture/execute/ieee/fp-cmp-2.c compilation, -O3
-fomit-frame-pointer -funroll-loops
UNRESOLVED: gcc.c-torture/execute/ieee/fp-cmp-2.c execution, -O3
-fomit-frame-pointer -funroll-loops
FAIL: gcc.c-torture/execute/ieee/fp-cmp-2.c compilation, -O3
-fomit-frame-pointer -funroll-all-loops -finline-functions
UNRESOLVED: gcc.c-torture/execute/ieee/fp-cmp-2.c execution, -O3
-fomit-frame-pointer -funroll-all-loops -finline-functions
FAIL: gcc.c-torture/execute/ieee/fp-cmp-2.c compilation, -O3 -g
UNRESOLVED: gcc.c-torture/execute/ieee/fp-cmp-2.c execution, -O3 -g
FAIL: gcc.c-torture/execute/ieee/fp-cmp-2.c compilation, -Os
UNRESOLVED: gcc.c-torture/execute/ieee/fp-cmp-2.c execution, -Os
FAIL: gcc.c-torture/execute/ieee/fp-cmp-3.c compilation, -O0
UNRESOLVED: gcc.c-torture/execute/ieee/fp-cmp-3.c execution, -O0
FAIL: gcc.c-torture/execute/ieee/fp-cmp-3.c compilation, -O1
UNRESOLVED: gcc.c-torture/execute/ieee/fp-cmp-3.c execution, -O1
FAIL: gcc.c-torture/execute/ieee/fp-cmp-3.c compilation, -O2
UNRESOLVED: gcc.c-torture/execute/ieee/fp-cmp-3.c execution, -O2
FAIL: gcc.c-torture/execute/ieee/fp-cmp-3.c compilation, -O3
-fomit-frame-pointer
UNRESOLVED: gcc.c-torture/execute/ieee/fp-cmp-3.c execution, -O3
-fomit-frame-pointer
FAIL: gcc.c-torture/execute/ieee/fp-cmp-3.c compilation, -O3
-fomit-frame-pointer -funroll-loops
UNRESOLVED: gcc.c-torture/execute/ieee/fp-cmp-3.c execution, -O3
-fomit-frame-pointer -funroll-loops
FAIL: gcc.c-torture/execute/ieee/fp-cmp-3.c compilation, -O3
-fomit-frame-pointer -funroll-all-loops -finline-functions
UNRESOLVED: gcc.c-torture/execute/ieee/fp-cmp-3.c execution, -O3
-fomit-frame-pointer -funroll-all-loops -finline-functions
FAIL: gcc.c-torture/execute/ieee/fp-cmp-3.c compilation, -O3 -g
UNRESOLVED: gcc.c-torture/execute/ieee/fp-cmp-3.c execution, -O3 -g
FAIL: gcc.c-torture/execute/ieee/fp-cmp-3.c compilation, -Os
UNRESOLVED: gcc.c-torture/execute/ieee/fp-cmp-3.c execution, -Os
FAIL: gcc.c-torture/execute/ieee/fp-cmp-8.c execution, -O0
FAIL: gcc.c-torture/execute/ieee/fp-cmp-8.c execution, -O1
FAIL: gcc.c-torture/execute/ieee/fp-cmp-8.c execution, -O2
FAIL: gcc.c-torture/execute/ieee/fp-cmp-8.c execution, -O3
-fomit-frame-pointer
FAIL: gcc.c-torture/execute/ieee/fp-cmp-8.c execution, -O3
-fomit-frame-pointer -funroll-loops
FAIL: gcc.c-torture/execute/ieee/fp-cmp-8.c execution, -O3
-fomit-frame-pointer -funroll-all-loops -finline-functions
FAIL: gcc.c-torture/execute/ieee/fp-cmp-8.c execution, -O3 -g
FAIL: gcc.c-torture/execute/ieee/fp-cmp-8.c execution, -Os
FAIL: gcc.c-torture/execute/ieee/fp-cmp-8f.c execution, -O0
FAIL: gcc.c-torture/execute/ieee/fp-cmp-8f.c execution, -O1
FAIL: gcc.c-torture/execute/ieee/fp-cmp-8f.c execution, -O2
FAIL: gcc.c-torture/execute/ieee/fp-cmp-8f.c execution, -O3
-fomit-frame-pointer
FAIL: gcc.c-torture/execute/ieee/fp-cmp-8f.c execution, -O3 -g
FAIL: gcc.c-torture/execute/ieee/fp-cmp-8f.c execution, -Os
FAIL: gcc.c-torture/execute/ieee/fp-cmp-8l.c execution, -O0
FAIL: gcc.c-torture/execute/ieee/fp-cmp-8l.c execution, -O1
FAIL: gcc.c-torture/execute/ieee/fp-cmp-8l.c execution, -O2
FAIL: gcc.c-torture/execute/ieee/fp-cmp-8l.c execution, -O3
-fomit-frame-pointer
FAIL: gcc.c-torture/execute/ieee/fp-cmp-8l.c execution, -O3 -g
FAIL: gcc.c-torture/execute/ieee/fp-cmp-8l.c execution, -Os
FAIL: gcc.c-torture/execute/ieee/hugeval.c execution, -O0
FAIL: gcc.c-torture/execute/ieee/hugeval.c execution, -O1
FAIL: gcc.c-torture/execute/ieee/hugeval.c execution, -O2
FAIL: gcc.c-torture/execute/ieee/hugeval.c execution, -O3
-fomit-frame-pointer
FAIL: gcc.c-torture/execute/ieee/hugeval.c execution, -O3 -g
FAIL: gcc.c-torture/execute/ieee/hugeval.c execution, -Os
FAIL: gcc.c-torture/execute/ieee/inf-1.c execution, -O0
FAIL: gcc.c-torture/execute/ieee/inf-2.c execution, -O0
FAIL: gcc.c-torture/execute/ieee/inf-2.c execution, -O1
FAIL: gcc.c-torture/execute/ieee/inf-2.c execution, -O2
FAIL: gcc.c-torture/execute/ieee/inf-2.c execution, -O3 -fomit-frame-pointer
FAIL: gcc.c-torture/execute/ieee/inf-2.c execution, -O3 -g
FAIL: gcc.c-torture/execute/ieee/inf-2.c execution, -Os
FAIL: gcc.c-torture/execute/ieee/minuszero.c execution, -O0
FAIL: gcc.c-torture/execute/ieee/mzero2.c execution, -O0
FAIL: gcc.c-torture/execute/ieee/mzero2.c execution, -O1
FAIL: gcc.c-torture/execute/ieee/mzero2.c execution, -O2
FAIL: gcc.c-torture/execute/ieee/mzero2.c execution, -O3 -fomit-frame-pointer
FAIL: gcc.c-torture/execute/ieee/mzero2.c execution, -O3 -g
FAIL: gcc.c-torture/execute/ieee/mzero2.c execution, -Os
FAIL: gcc.c-torture/execute/ieee/mzero6.c execution, -O0
FAIL: gcc.c-torture/execute/ieee/mzero6.c execution, -O1
FAIL: gcc.c-torture/execute/ieee/mzero6.c execution, -O2
FAIL: gcc.c-torture/execute/ieee/mzero6.c execution, -O3 -fomit-frame-pointer
FAIL: gcc.c-torture/execute/ieee/mzero6.c execution, -O3 -fomit-frame-pointer
-funroll-loops
FAIL: gcc.c-torture/execute/ieee/mzero6.c execution, -O3 -fomit-frame-pointer
-funroll-all-loops -finline-functions
FAIL: gcc.c-torture/execute/ieee/mzero6.c execution, -O3 -g
FAIL: gcc.c-torture/execute/ieee/mzero6.c execution, -Os
FAIL: gcc.c-torture/execute/ieee/unsafe-fp-assoc-1.c execution, -O0
FAIL: gcc.c-torture/execute/ieee/unsafe-fp-assoc-1.c execution, -O1
FAIL: gcc.c-torture/execute/ieee/unsafe-fp-assoc-1.c execution, -O2
FAIL: gcc.c-torture/execute/ieee/unsafe-fp-assoc-1.c execution, -O3
-fomit-frame-pointer
FAIL: gcc.c-torture/execute/ieee/unsafe-fp-assoc-1.c execution, -O3 -g
FAIL: gcc.c-torture/execute/ieee/unsafe-fp-assoc-1.c execution, -Os
FAIL: gcc.dg/compat/scalar-by-value-1 c_compat_x_tst.o-c_compat_y_tst.o
execute
FAIL: gcc.dg/compat/scalar-by-value-3 c_compat_x_tst.o-c_compat_y_tst.o
execute
FAIL: gcc.dg/compat/scalar-return-1 c_compat_x_tst.o-c_compat_y_tst.o execute
FAIL: gcc.dg/compat/scalar-return-3 c_compat_x_tst.o-c_compat_y_tst.o execute
UNRESOLVED: gcc.dg/compat/struct-by-value-10 c_compat_x_tst.o-c_compat_y_tst.o
execute
UNRESOLVED: gcc.dg/compat/struct-by-value-11 c_compat_x_tst.o-c_compat_y_tst.o
execute
UNRESOLVED: gcc.dg/compat/struct-by-value-12 c_compat_x_tst.o-c_compat_y_tst.o
execute
UNRESOLVED: gcc.dg/compat/struct-by-value-13 c_compat_x_tst.o-c_compat_y_tst.o
execute
UNRESOLVED: gcc.dg/compat/struct-by-value-14 c_compat_x_tst.o-c_compat_y_tst.o
execute
UNRESOLVED: gcc.dg/compat/struct-by-value-15 c_compat_x_tst.o-c_compat_y_tst.o
execute
UNRESOLVED: gcc.dg/compat/struct-by-value-16 c_compat_x_tst.o-c_compat_y_tst.o
execute
UNRESOLVED: gcc.dg/compat/struct-by-value-17 c_compat_x_tst.o-c_compat_y_tst.o
execute
UNRESOLVED: gcc.dg/compat/struct-by-value-18 c_compat_x_tst.o-c_compat_y_tst.o
execute
UNRESOLVED: gcc.dg/compat/struct-by-value-19 c_compat_x_tst.o-c_compat_y_tst.o
execute
UNRESOLVED: gcc.dg/compat/struct-by-value-21 c_compat_x_tst.o-c_compat_y_tst.o
execute
UNRESOLVED: gcc.dg/compat/struct-by-value-2 c_compat_x_tst.o-c_compat_y_tst.o
execute
UNRESOLVED: gcc.dg/compat/struct-by-value-3 c_compat_x_tst.o-c_compat_y_tst.o
execute
UNRESOLVED: gcc.dg/compat/struct-by-value-4 c_compat_x_tst.o-c_compat_y_tst.o
execute
UNRESOLVED: gcc.dg/compat/struct-by-value-5a c_compat_x_tst.o-c_compat_y_tst.o
execute
UNRESOLVED: gcc.dg/compat/struct-by-value-5b c_compat_x_tst.o-c_compat_y_tst.o
execute
UNRESOLVED: gcc.dg/compat/struct-by-value-6a c_compat_x_tst.o-c_compat_y_tst.o
execute
UNRESOLVED: gcc.dg/compat/struct-by-value-6b c_compat_x_tst.o-c_compat_y_tst.o
execute
UNRESOLVED: gcc.dg/compat/struct-by-value-7a c_compat_x_tst.o-c_compat_y_tst.o
execute
UNRESOLVED: gcc.dg/compat/struct-by-value-7b c_compat_x_tst.o-c_compat_y_tst.o
execute
UNRESOLVED: gcc.dg/compat/struct-by-value-8 c_compat_x_tst.o-c_compat_y_tst.o
execute
UNRESOLVED: gcc.dg/compat/struct-by-value-9 c_compat_x_tst.o-c_compat_y_tst.o
execute
FAIL: gcc.dg/compat/struct-layout-1 c_compat_main_tst.o compile
FAIL: gcc.dg/compat/struct-layout-1 c_compat_x_tst.o compile
FAIL: gcc.dg/compat/struct-layout-1 c_compat_y_tst.o compile
UNRESOLVED: gcc.dg/compat/struct-layout-1 c_compat_x_tst.o-c_compat_y_tst.o
link
UNRESOLVED: gcc.dg/compat/struct-layout-1 c_compat_x_tst.o-c_compat_y_tst.o
execute
UNRESOLVED: gcc.dg/compat/struct-return-2 c_compat_x_tst.o-c_compat_y_tst.o
execute
UNRESOLVED: gcc.dg/compat/union-by-value-1 c_compat_x_tst.o-c_compat_y_tst.o
execute
FAIL: gcc.dg/compat/vector-1 c_compat_x_tst.o compile
FAIL: gcc.dg/compat/vector-1 c_compat_y_tst.o compile
UNRESOLVED: gcc.dg/compat/vector-1 c_compat_x_tst.o-c_compat_y_tst.o link
UNRESOLVED: gcc.dg/compat/vector-1 c_compat_x_tst.o-c_compat_y_tst.o execute
FAIL: gcc.dg/compat/vector-2 c_compat_x_tst.o compile
FAIL: gcc.dg/compat/vector-2 c_compat_y_tst.o compile
UNRESOLVED: gcc.dg/compat/vector-2 c_compat_x_tst.o-c_compat_y_tst.o link
UNRESOLVED: gcc.dg/compat/vector-2 c_compat_x_tst.o-c_compat_y_tst.o execute
FAIL: tmpdir-gcc.dg-struct-layout-1/t001 c_compat_main_tst.o compile
FAIL: tmpdir-gcc.dg-struct-layout-1/t001 c_compat_x_tst.o compile
FAIL: tmpdir-gcc.dg-struct-layout-1/t001 c_compat_y_tst.o compile
UNRESOLVED: tmpdir-gcc.dg-struct-layout-1/t001
c_compat_x_tst.o-c_compat_y_tst.o link
UNRESOLVED: tmpdir-gcc.dg-struct-layout-1/t001
c_compat_x_tst.o-c_compat_y_tst.o execute
FAIL: tmpdir-gcc.dg-struct-layout-1/t002 c_compat_main_tst.o compile
FAIL: tmpdir-gcc.dg-struct-layout-1/t002 c_compat_x_tst.o compile
FAIL: tmpdir-gcc.dg-struct-layout-1/t002 c_compat_y_tst.o compile
UNRESOLVED: tmpdir-gcc.dg-struct-layout-1/t002
c_compat_x_tst.o-c_compat_y_tst.o link
UNRESOLVED: tmpdir-gcc.dg-struct-layout-1/t002
c_compat_x_tst.o-c_compat_y_tst.o execute
FAIL: tmpdir-gcc.dg-struct-layout-1/t003 c_compat_main_tst.o compile
FAIL: tmpdir-gcc.dg-struct-layout-1/t003 c_compat_x_tst.o compile
FAIL: tmpdir-gcc.dg-struct-layout-1/t003 c_compat_y_tst.o compile
UNRESOLVED: tmpdir-gcc.dg-struct-layout-1/t003
c_compat_x_tst.o-c_compat_y_tst.o link
UNRESOLVED: tmpdir-gcc.dg-struct-layout-1/t003
c_compat_x_tst.o-c_compat_y_tst.o execute
FAIL: tmpdir-gcc.dg-struct-layout-1/t004 c_compat_main_tst.o compile
FAIL: tmpdir-gcc.dg-struct-layout-1/t004 c_compat_x_tst.o compile
FAIL: tmpdir-gcc.dg-struct-layout-1/t004 c_compat_y_tst.o compile
UNRESOLVED: tmpdir-gcc.dg-struct-layout-1/t004
c_compat_x_tst.o-c_compat_y_tst.o link
UNRESOLVED: tmpdir-gcc.dg-struct-layout-1/t004
c_compat_x_tst.o-c_compat_y_tst.o execute
FAIL: tmpdir-gcc.dg-struct-layout-1/t005 c_compat_main_tst.o compile
FAIL: tmpdir-gcc.dg-struct-layout-1/t005 c_compat_x_tst.o compile
FAIL: tmpdir-gcc.dg-struct-layout-1/t005 c_compat_y_tst.o compile
UNRESOLVED: tmpdir-gcc.dg-struct-layout-1/t005
c_compat_x_tst.o-c_compat_y_tst.o link
UNRESOLVED: tmpdir-gcc.dg-struct-layout-1/t005
c_compat_x_tst.o-c_compat_y_tst.o execute
FAIL: tmpdir-gcc.dg-struct-layout-1/t006 c_compat_main_tst.o compile
FAIL: tmpdir-gcc.dg-struct-layout-1/t006 c_compat_x_tst.o compile
FAIL: tmpdir-gcc.dg-struct-layout-1/t006 c_compat_y_tst.o compile
UNRESOLVED: tmpdir-gcc.dg-struct-layout-1/t006
c_compat_x_tst.o-c_compat_y_tst.o link
UNRESOLVED: tmpdir-gcc.dg-struct-layout-1/t006
c_compat_x_tst.o-c_compat_y_tst.o execute
FAIL: tmpdir-gcc.dg-struct-layout-1/t007 c_compat_main_tst.o compile
FAIL: tmpdir-gcc.dg-struct-layout-1/t007 c_compat_x_tst.o compile
FAIL: tmpdir-gcc.dg-struct-layout-1/t007 c_compat_y_tst.o compile
UNRESOLVED: tmpdir-gcc.dg-struct-layout-1/t007
c_compat_x_tst.o-c_compat_y_tst.o link
UNRESOLVED: tmpdir-gcc.dg-struct-layout-1/t007
c_compat_x_tst.o-c_compat_y_tst.o execute
FAIL: tmpdir-gcc.dg-struct-layout-1/t008 c_compat_main_tst.o compile
FAIL: tmpdir-gcc.dg-struct-layout-1/t008 c_compat_x_tst.o compile
FAIL: tmpdir-gcc.dg-struct-layout-1/t008 c_compat_y_tst.o compile
UNRESOLVED: tmpdir-gcc.dg-struct-layout-1/t008
c_compat_x_tst.o-c_compat_y_tst.o link
UNRESOLVED: tmpdir-gcc.dg-struct-layout-1/t008
c_compat_x_tst.o-c_compat_y_tst.o execute
FAIL: tmpdir-gcc.dg-struct-layout-1/t009 c_compat_main_tst.o compile
FAIL: tmpdir-gcc.dg-struct-layout-1/t009 c_compat_x_tst.o compile
FAIL: tmpdir-gcc.dg-struct-layout-1/t009 c_compat_y_tst.o compile
UNRESOLVED: tmpdir-gcc.dg-struct-layout-1/t009
c_compat_x_tst.o-c_compat_y_tst.o link
UNRESOLVED: tmpdir-gcc.dg-struct-layout-1/t009
c_compat_x_tst.o-c_compat_y_tst.o execute
FAIL: tmpdir-gcc.dg-struct-layout-1/t010 c_compat_main_tst.o compile
FAIL: tmpdir-gcc.dg-struct-layout-1/t010 c_compat_x_tst.o compile
FAIL: tmpdir-gcc.dg-struct-layout-1/t010 c_compat_y_tst.o compile
UNRESOLVED: tmpdir-gcc.dg-struct-layout-1/t010
c_compat_x_tst.o-c_compat_y_tst.o link
UNRESOLVED: tmpdir-gcc.dg-struct-layout-1/t010
c_compat_x_tst.o-c_compat_y_tst.o execute
FAIL: tmpdir-gcc.dg-struct-layout-1/t011 c_compat_main_tst.o compile
FAIL: tmpdir-gcc.dg-struct-layout-1/t011 c_compat_x_tst.o compile
FAIL: tmpdir-gcc.dg-struct-layout-1/t011 c_compat_y_tst.o compile
UNRESOLVED: tmpdir-gcc.dg-struct-layout-1/t011
c_compat_x_tst.o-c_compat_y_tst.o link
UNRESOLVED: tmpdir-gcc.dg-struct-layout-1/t011
c_compat_x_tst.o-c_compat_y_tst.o execute
FAIL: tmpdir-gcc.dg-struct-layout-1/t012 c_compat_main_tst.o compile
FAIL: tmpdir-gcc.dg-struct-layout-1/t012 c_compat_x_tst.o compile
FAIL: tmpdir-gcc.dg-struct-layout-1/t012 c_compat_y_tst.o compile
UNRESOLVED: tmpdir-gcc.dg-struct-layout-1/t012
c_compat_x_tst.o-c_compat_y_tst.o link
UNRESOLVED: tmpdir-gcc.dg-struct-layout-1/t012
c_compat_x_tst.o-c_compat_y_tst.o execute
FAIL: tmpdir-gcc.dg-struct-layout-1/t013 c_compat_main_tst.o compile
FAIL: tmpdir-gcc.dg-struct-layout-1/t013 c_compat_x_tst.o compile
FAIL: tmpdir-gcc.dg-struct-layout-1/t013 c_compat_y_tst.o compile
UNRESOLVED: tmpdir-gcc.dg-struct-layout-1/t013
c_compat_x_tst.o-c_compat_y_tst.o link
UNRESOLVED: tmpdir-gcc.dg-struct-layout-1/t013
c_compat_x_tst.o-c_compat_y_tst.o execute
FAIL: tmpdir-gcc.dg-struct-layout-1/t014 c_compat_main_tst.o compile
FAIL: tmpdir-gcc.dg-struct-layout-1/t014 c_compat_x_tst.o compile
FAIL: tmpdir-gcc.dg-struct-layout-1/t014 c_compat_y_tst.o compile
UNRESOLVED: tmpdir-gcc.dg-struct-layout-1/t014
c_compat_x_tst.o-c_compat_y_tst.o link
UNRESOLVED: tmpdir-gcc.dg-struct-layout-1/t014
c_compat_x_tst.o-c_compat_y_tst.o execute
FAIL: tmpdir-gcc.dg-struct-layout-1/t015 c_compat_main_tst.o compile
FAIL: tmpdir-gcc.dg-struct-layout-1/t015 c_compat_x_tst.o compile
FAIL: tmpdir-gcc.dg-struct-layout-1/t015 c_compat_y_tst.o compile
UNRESOLVED: tmpdir-gcc.dg-struct-layout-1/t015
c_compat_x_tst.o-c_compat_y_tst.o link
UNRESOLVED: tmpdir-gcc.dg-struct-layout-1/t015
c_compat_x_tst.o-c_compat_y_tst.o execute
FAIL: tmpdir-gcc.dg-struct-layout-1/t016 c_compat_main_tst.o compile
FAIL: tmpdir-gcc.dg-struct-layout-1/t016 c_compat_x_tst.o compile
FAIL: tmpdir-gcc.dg-struct-layout-1/t016 c_compat_y_tst.o compile
UNRESOLVED: tmpdir-gcc.dg-struct-layout-1/t016
c_compat_x_tst.o-c_compat_y_tst.o link
UNRESOLVED: tmpdir-gcc.dg-struct-layout-1/t016
c_compat_x_tst.o-c_compat_y_tst.o execute
FAIL: tmpdir-gcc.dg-struct-layout-1/t017 c_compat_main_tst.o compile
FAIL: tmpdir-gcc.dg-struct-layout-1/t017 c_compat_x_tst.o compile
FAIL: tmpdir-gcc.dg-struct-layout-1/t017 c_compat_y_tst.o compile
UNRESOLVED: tmpdir-gcc.dg-struct-layout-1/t017
c_compat_x_tst.o-c_compat_y_tst.o link
UNRESOLVED: tmpdir-gcc.dg-struct-layout-1/t017
c_compat_x_tst.o-c_compat_y_tst.o execute
FAIL: tmpdir-gcc.dg-struct-layout-1/t018 c_compat_main_tst.o compile
FAIL: tmpdir-gcc.dg-struct-layout-1/t018 c_compat_x_tst.o compile
FAIL: tmpdir-gcc.dg-struct-layout-1/t018 c_compat_y_tst.o compile
UNRESOLVED: tmpdir-gcc.dg-struct-layout-1/t018
c_compat_x_tst.o-c_compat_y_tst.o link
UNRESOLVED: tmpdir-gcc.dg-struct-layout-1/t018
c_compat_x_tst.o-c_compat_y_tst.o execute
FAIL: tmpdir-gcc.dg-struct-layout-1/t019 c_compat_main_tst.o compile
FAIL: tmpdir-gcc.dg-struct-layout-1/t019 c_compat_x_tst.o compile
FAIL: tmpdir-gcc.dg-struct-layout-1/t019 c_compat_y_tst.o compile
UNRESOLVED: tmpdir-gcc.dg-struct-layout-1/t019
c_compat_x_tst.o-c_compat_y_tst.o link
UNRESOLVED: tmpdir-gcc.dg-struct-layout-1/t019
c_compat_x_tst.o-c_compat_y_tst.o execute
FAIL: tmpdir-gcc.dg-struct-layout-1/t020 c_compat_main_tst.o compile
FAIL: tmpdir-gcc.dg-struct-layout-1/t020 c_compat_x_tst.o compile
FAIL: tmpdir-gcc.dg-struct-layout-1/t020 c_compat_y_tst.o compile
UNRESOLVED: tmpdir-gcc.dg-struct-layout-1/t020
c_compat_x_tst.o-c_compat_y_tst.o link
UNRESOLVED: tmpdir-gcc.dg-struct-layout-1/t020
c_compat_x_tst.o-c_compat_y_tst.o execute
FAIL: tmpdir-gcc.dg-struct-layout-1/t021 c_compat_main_tst.o compile
FAIL: tmpdir-gcc.dg-struct-layout-1/t021 c_compat_x_tst.o compile
FAIL: tmpdir-gcc.dg-struct-layout-1/t021 c_compat_y_tst.o compile
UNRESOLVED: tmpdir-gcc.dg-struct-layout-1/t021
c_compat_x_tst.o-c_compat_y_tst.o link
UNRESOLVED: tmpdir-gcc.dg-struct-layout-1/t021
c_compat_x_tst.o-c_compat_y_tst.o execute
FAIL: tmpdir-gcc.dg-struct-layout-1/t022 c_compat_main_tst.o compile
FAIL: tmpdir-gcc.dg-struct-layout-1/t022 c_compat_x_tst.o compile
FAIL: tmpdir-gcc.dg-struct-layout-1/t022 c_compat_y_tst.o compile
UNRESOLVED: tmpdir-gcc.dg-struct-layout-1/t022
c_compat_x_tst.o-c_compat_y_tst.o link
UNRESOLVED: tmpdir-gcc.dg-struct-layout-1/t022
c_compat_x_tst.o-c_compat_y_tst.o execute
FAIL: tmpdir-gcc.dg-struct-layout-1/t023 c_compat_main_tst.o compile
FAIL: tmpdir-gcc.dg-struct-layout-1/t023 c_compat_x_tst.o compile
FAIL: tmpdir-gcc.dg-struct-layout-1/t023 c_compat_y_tst.o compile
UNRESOLVED: tmpdir-gcc.dg-struct-layout-1/t023
c_compat_x_tst.o-c_compat_y_tst.o link
UNRESOLVED: tmpdir-gcc.dg-struct-layout-1/t023
c_compat_x_tst.o-c_compat_y_tst.o execute
FAIL: tmpdir-gcc.dg-struct-layout-1/t024 c_compat_main_tst.o compile
FAIL: tmpdir-gcc.dg-struct-layout-1/t024 c_compat_x_tst.o compile
FAIL: tmpdir-gcc.dg-struct-layout-1/t024 c_compat_y_tst.o compile
UNRESOLVED: tmpdir-gcc.dg-struct-layout-1/t024
c_compat_x_tst.o-c_compat_y_tst.o link
UNRESOLVED: tmpdir-gcc.dg-struct-layout-1/t024
c_compat_x_tst.o-c_compat_y_tst.o execute
FAIL: tmpdir-gcc.dg-struct-layout-1/t025 c_compat_main_tst.o compile
FAIL: tmpdir-gcc.dg-struct-layout-1/t025 c_compat_x_tst.o compile
FAIL: tmpdir-gcc.dg-struct-layout-1/t025 c_compat_y_tst.o compile
UNRESOLVED: tmpdir-gcc.dg-struct-layout-1/t025
c_compat_x_tst.o-c_compat_y_tst.o link
UNRESOLVED: tmpdir-gcc.dg-struct-layout-1/t025
c_compat_x_tst.o-c_compat_y_tst.o execute
FAIL: tmpdir-gcc.dg-struct-layout-1/t026 c_compat_main_tst.o compile
FAIL: tmpdir-gcc.dg-struct-layout-1/t026 c_compat_x_tst.o compile
FAIL: tmpdir-gcc.dg-struct-layout-1/t026 c_compat_y_tst.o compile
UNRESOLVED: tmpdir-gcc.dg-struct-layout-1/t026
c_compat_x_tst.o-c_compat_y_tst.o link
UNRESOLVED: tmpdir-gcc.dg-struct-layout-1/t026
c_compat_x_tst.o-c_compat_y_tst.o execute
FAIL: tmpdir-gcc.dg-struct-layout-1/t027 c_compat_main_tst.o compile
FAIL: tmpdir-gcc.dg-struct-layout-1/t027 c_compat_x_tst.o compile
FAIL: tmpdir-gcc.dg-struct-layout-1/t027 c_compat_y_tst.o compile
UNRESOLVED: tmpdir-gcc.dg-struct-layout-1/t027
c_compat_x_tst.o-c_compat_y_tst.o link
UNRESOLVED: tmpdir-gcc.dg-struct-layout-1/t027
c_compat_x_tst.o-c_compat_y_tst.o execute
FAIL: tmpdir-gcc.dg-struct-layout-1/t028 c_compat_main_tst.o compile
FAIL: tmpdir-gcc.dg-struct-layout-1/t028 c_compat_x_tst.o compile
FAIL: tmpdir-gcc.dg-struct-layout-1/t028 c_compat_y_tst.o compile
UNRESOLVED: tmpdir-gcc.dg-struct-layout-1/t028
c_compat_x_tst.o-c_compat_y_tst.o link
UNRESOLVED: tmpdir-gcc.dg-struct-layout-1/t028
c_compat_x_tst.o-c_compat_y_tst.o execute
FAIL: gcc.dg/debug/debug-3.c -gstabs1 (test for excess errors)
FAIL: gcc.dg/debug/debug-3.c -gstabs1 -O (test for excess errors)
FAIL: gcc.dg/debug/debug-3.c -gstabs1 -O3 (test for excess errors)
FAIL: gcc.dg/debug/debug-3.c -gstabs (test for excess errors)
FAIL: gcc.dg/debug/debug-3.c -gstabs -O (test for excess errors)
FAIL: gcc.dg/debug/debug-3.c -gstabs -O3 (test for excess errors)
FAIL: gcc.dg/debug/debug-3.c -gstabs3 (test for excess errors)
FAIL: gcc.dg/debug/debug-3.c -gstabs3 -O (test for excess errors)
FAIL: gcc.dg/debug/debug-3.c -gstabs3 -O3 (test for excess errors)
FAIL: gcc.dg/debug/debug-3.c -gstabs+1 (test for excess errors)
FAIL: gcc.dg/debug/debug-3.c -gstabs+1 -O (test for excess errors)
FAIL: gcc.dg/debug/debug-3.c -gstabs+1 -O3 (test for excess errors)
FAIL: gcc.dg/debug/debug-3.c -gstabs+ (test for excess errors)
FAIL: gcc.dg/debug/debug-3.c -gstabs+ -O (test for excess errors)
FAIL: gcc.dg/debug/debug-3.c -gstabs+ -O3 (test for excess errors)
FAIL: gcc.dg/debug/debug-3.c -gstabs+3 (test for excess errors)
FAIL: gcc.dg/debug/debug-3.c -gstabs+3 -O (test for excess errors)
FAIL: gcc.dg/debug/debug-3.c -gstabs+3 -O3 (test for excess errors)
FAIL: gcc.dg/debug/debug-5.c -gstabs1 (test for excess errors)
FAIL: gcc.dg/debug/debug-5.c -gstabs1 -O (test for excess errors)
FAIL: gcc.dg/debug/debug-5.c -gstabs1 -O3 (test for excess errors)
FAIL: gcc.dg/debug/debug-5.c -gstabs (test for excess errors)
FAIL: gcc.dg/debug/debug-5.c -gstabs -O (test for excess errors)
FAIL: gcc.dg/debug/debug-5.c -gstabs -O3 (test for excess errors)
FAIL: gcc.dg/debug/debug-5.c -gstabs3 (test for excess errors)
FAIL: gcc.dg/debug/debug-5.c -gstabs3 -O (test for excess errors)
FAIL: gcc.dg/debug/debug-5.c -gstabs3 -O3 (test for excess errors)
FAIL: gcc.dg/debug/debug-5.c -gstabs+1 (test for excess errors)
FAIL: gcc.dg/debug/debug-5.c -gstabs+1 -O (test for excess errors)
FAIL: gcc.dg/debug/debug-5.c -gstabs+1 -O3 (test for excess errors)
FAIL: gcc.dg/debug/debug-5.c -gstabs+ (test for excess errors)
FAIL: gcc.dg/debug/debug-5.c -gstabs+ -O (test for excess errors)
FAIL: gcc.dg/debug/debug-5.c -gstabs+ -O3 (test for excess errors)
FAIL: gcc.dg/debug/debug-5.c -gstabs+3 (test for excess errors)
FAIL: gcc.dg/debug/debug-5.c -gstabs+3 -O (test for excess errors)
FAIL: gcc.dg/debug/debug-5.c -gstabs+3 -O3 (test for excess errors)
FAIL: gcc.dg/20050321-1.c (test for excess errors)
FAIL: gcc.dg/20050321-2.c (test for excess errors)
FAIL: gcc.dg/Wpadded.c (test for warnings, line 10)
UNRESOLVED: gcc.dg/alias-3.c
UNRESOLVED: gcc.dg/alias-4.c
UNRESOLVED: gcc.dg/alias-5.c
UNRESOLVED: gcc.dg/alias-6.c
UNRESOLVED: gcc.dg/alias-7.c
FAIL: gcc.dg/array-quals-1.c scan-assembler-not \\\\.data(?!\\\\.rel\\\\.ro)
UNRESOLVED: gcc.dg/attr-alias-1.c
UNRESOLVED: gcc.dg/attr-alias-2.c
FAIL: gcc.dg/bitfld-3.c (test for excess errors)
FAIL: gcc.dg/bitfld-3.c execution test
FAIL: gcc.dg/builtins-1.c (test for excess errors)
ERROR: gcc.dg/builtins-1.c: error executing dg-final: couldn't open
"builtins-1.s": no such file or directory
UNRESOLVED: gcc.dg/builtins-1.c: error executing dg-final: couldn't open
"builtins-1.s": no such file or directory
FAIL: gcc.dg/builtins-18.c (test for excess errors)
FAIL: gcc.dg/builtins-20.c (test for excess errors)
FAIL: gcc.dg/builtins-32.c (test for excess errors)
WARNING: gcc.dg/builtins-32.c compilation failed to produce executable
FAIL: gcc.dg/builtins-53.c (test for excess errors)
FAIL: gcc.dg/ftrapv-1.c (test for excess errors)
WARNING: gcc.dg/ftrapv-1.c compilation failed to produce executable
FAIL: gcc.dg/ftrapv-2.c (test for excess errors)
WARNING: gcc.dg/ftrapv-2.c compilation failed to produce executable
FAIL: gcc.dg/init-string-2.c (test for excess errors)
FAIL: gcc.dg/init-vec-1.c (test for excess errors)
FAIL: gcc.dg/intmax_t-1.c (test for excess errors)
FAIL: gcc.dg/max-1.c (test for excess errors)
ERROR: gcc.dg/pr15784-4.c: error executing dg-final: couldn't open
"pr15784-4.c.t72.optimized pr15784-4.c.t71.optimized": no such file or
directory
UNRESOLVED: gcc.dg/pr15784-4.c: error executing dg-final: couldn't open
"pr15784-4.c.t72.optimized pr15784-4.c.t71.optimized": no such file or
directory
FAIL: gcc.dg/pr17055-1.c (test for excess errors)
FAIL: gcc.dg/pr17112-1.c (test for excess errors)
WARNING: gcc.dg/pr17112-1.c compilation failed to produce executable
FAIL: gcc.dg/pr17957.c (test for excess errors)
FAIL: gcc.dg/pr18241-1.c (test for excess errors)
FAIL: gcc.dg/pr18241-2.c (test for excess errors)
FAIL: gcc.dg/section1.c scan-assembler-not .bss
FAIL: gcc.dg/trampoline-1.c (test for excess errors)
WARNING: gcc.dg/trampoline-1.c compilation failed to produce executable
FAIL: gcc.dg/typeof-1.c scan-assembler-not foo
FAIL: gcc.dg/ucnid-5.c (test for excess errors)
WARNING: gcc.dg/ucnid-5.c compilation failed to produce executable
FAIL: gcc.dg/uninit-1.c uninitialized variable warning (test for bogus
messages, line 16)
FAIL: gcc.dg/wchar_t-1.c (test for excess errors)
FAIL: gcc.dg/wint_t-1.c (test for excess errors)
FAIL: gcc.dg/wtr-conversion-1.c (test for excess errors)
FAIL: gcc.dg/noncompile/920923-1.c -O0 int smaller than 32 bits (test for
bogus messages, line 118)
FAIL: gcc.dg/noncompile/920923-1.c -O1 int smaller than 32 bits (test for
bogus messages, line 118)
FAIL: gcc.dg/noncompile/920923-1.c -O2 int smaller than 32 bits (test for
bogus messages, line 118)
FAIL: gcc.dg/noncompile/920923-1.c -O3 -fomit-frame-pointer int smaller than
32 bits (test for bogus messages, line 118)
FAIL: gcc.dg/noncompile/920923-1.c -O3 -fomit-frame-pointer -funroll-loops
int smaller than 32 bits (test for bogus messages, line 118)
FAIL: gcc.dg/noncompile/920923-1.c -O3 -fomit-frame-pointer
-funroll-all-loops -finline-functions int smaller than 32 bits (test for
bogus messages, line 118)
FAIL: gcc.dg/noncompile/920923-1.c -O3 -g int smaller than 32 bits (test for
bogus messages, line 118)
FAIL: gcc.dg/noncompile/920923-1.c -Os int smaller than 32 bits (test for
bogus messages, line 118)
FAIL: gcc.dg/pch/save-temps-1.c -O0 -g assembly comparison
FAIL: gcc.dg/pch/save-temps-1.c -O0 assembly comparison
FAIL: gcc.dg/pch/save-temps-1.c -O1 assembly comparison
FAIL: gcc.dg/pch/static-1.c -O0 -g assembly comparison
FAIL: gcc.dg/pch/static-1.c -O0 assembly comparison
FAIL: gcc.dg/pch/static-1.c -O1 assembly comparison
FAIL: gcc.dg/pch/static-2.c -O0 -g assembly comparison
FAIL: gcc.dg/pch/static-2.c -O0 assembly comparison
FAIL: gcc.dg/pch/static-2.c -O1 assembly comparison
FAIL: gcc.dg/pch/static-3.c -O0 -g assembly comparison
FAIL: gcc.dg/pch/static-3.c -O0 assembly comparison
FAIL: gcc.dg/pch/static-3.c -O1 assembly comparison
FAIL: gcc.dg/pch/struct-1.c -O0 -g (test for excess errors)
FAIL: gcc.dg/pch/struct-1.c -O0 -g (test for excess errors)
FAIL: gcc.dg/pch/struct-1.c -O0 (test for excess errors)
FAIL: gcc.dg/pch/struct-1.c -O0 (test for excess errors)
FAIL: gcc.dg/pch/struct-1.c -O1 (test for excess errors)
FAIL: gcc.dg/pch/struct-1.c -O1 (test for excess errors)
FAIL: gcc.dg/pch/struct-1.c -O2 (test for excess errors)
FAIL: gcc.dg/pch/struct-1.c -O2 (test for excess errors)
FAIL: gcc.dg/pch/struct-1.c -O3 -fomit-frame-pointer (test for excess
errors)
FAIL: gcc.dg/pch/struct-1.c -O3 -fomit-frame-pointer (test for excess
errors)
FAIL: gcc.dg/pch/struct-1.c -O3 -g (test for excess errors)
FAIL: gcc.dg/pch/struct-1.c -O3 -g (test for excess errors)
FAIL: gcc.dg/pch/struct-1.c -Os (test for excess errors)
FAIL: gcc.dg/pch/struct-1.c -Os (test for excess errors)
UNRESOLVED: gcc.dg/special/20000419-2.c
UNRESOLVED: gcc.dg/special/alias-1.c
UNRESOLVED: gcc.dg/special/alias-2.c
FAIL: gcc.dg/special/gcsec-1.c execution test
UNRESOLVED: gcc.dg/special/wkali-1.c
UNRESOLVED: gcc.dg/special/wkali-2.c
FAIL: gcc.dg/torture/builtin-convert-1.c -O0 (test for excess errors)
FAIL: gcc.dg/torture/builtin-convert-1.c -O1 (test for excess errors)
FAIL: gcc.dg/torture/builtin-convert-1.c -O2 (test for excess errors)
FAIL: gcc.dg/torture/builtin-convert-1.c -O3 -fomit-frame-pointer (test for
excess errors)
FAIL: gcc.dg/torture/builtin-convert-1.c -O3 -g (test for excess errors)
FAIL: gcc.dg/torture/builtin-convert-1.c -Os (test for excess errors)
FAIL: gcc.dg/torture/builtin-convert-2.c -O0 (test for excess errors)
FAIL: gcc.dg/torture/builtin-convert-2.c -O1 (test for excess errors)
FAIL: gcc.dg/torture/builtin-convert-2.c -O2 (test for excess errors)
FAIL: gcc.dg/torture/builtin-convert-2.c -O3 -fomit-frame-pointer (test for
excess errors)
FAIL: gcc.dg/torture/builtin-convert-2.c -O3 -g (test for excess errors)
FAIL: gcc.dg/torture/builtin-convert-2.c -Os (test for excess errors)
FAIL: gcc.dg/torture/builtin-convert-3.c -O0 (test for excess errors)
FAIL: gcc.dg/torture/builtin-convert-3.c -O1 (test for excess errors)
FAIL: gcc.dg/torture/builtin-convert-3.c -O2 (test for excess errors)
FAIL: gcc.dg/torture/builtin-convert-3.c -O3 -fomit-frame-pointer (test for
excess errors)
FAIL: gcc.dg/torture/builtin-convert-3.c -O3 -g (test for excess errors)
FAIL: gcc.dg/torture/builtin-convert-3.c -Os (test for excess errors)
FAIL: gcc.dg/torture/builtin-power-1.c -O0 (test for excess errors)
FAIL: gcc.dg/torture/builtin-power-1.c -O1 (test for excess errors)
FAIL: gcc.dg/torture/builtin-power-1.c -O2 (test for excess errors)
FAIL: gcc.dg/torture/builtin-power-1.c -O3 -fomit-frame-pointer (test for
excess errors)
FAIL: gcc.dg/torture/builtin-power-1.c -O3 -g (test for excess errors)
FAIL: gcc.dg/torture/builtin-power-1.c -Os (test for excess errors)
FAIL: gcc.dg/torture/nested-fn-1.c -O0 (test for excess errors)
ERROR: gcc.dg/torture/nested-fn-1.c -O0 : error executing dg-final: couldn't
open "nested-fn-1.s": no such file or directory
UNRESOLVED: gcc.dg/torture/nested-fn-1.c -O0 : error executing dg-final:
couldn't open "nested-fn-1.s": no such file or directory
FAIL: gcc.dg/torture/nested-fn-1.c -O1 (test for excess errors)
ERROR: gcc.dg/torture/nested-fn-1.c -O1 : error executing dg-final: couldn't
open "nested-fn-1.s": no such file or directory
UNRESOLVED: gcc.dg/torture/nested-fn-1.c -O1 : error executing dg-final:
couldn't open "nested-fn-1.s": no such file or directory
FAIL: gcc.dg/torture/nested-fn-1.c -O2 (test for excess errors)
ERROR: gcc.dg/torture/nested-fn-1.c -O2 : error executing dg-final: couldn't
open "nested-fn-1.s": no such file or directory
UNRESOLVED: gcc.dg/torture/nested-fn-1.c -O2 : error executing dg-final:
couldn't open "nested-fn-1.s": no such file or directory
FAIL: gcc.dg/torture/nested-fn-1.c -O3 -fomit-frame-pointer (test for excess
errors)
ERROR: gcc.dg/torture/nested-fn-1.c -O3 -fomit-frame-pointer : error
executing dg-final: couldn't open "nested-fn-1.s": no such file or directory
UNRESOLVED: gcc.dg/torture/nested-fn-1.c -O3 -fomit-frame-pointer : error
executing dg-final: couldn't open "nested-fn-1.s": no such file or directory
FAIL: gcc.dg/torture/nested-fn-1.c -O3 -g (test for excess errors)
ERROR: gcc.dg/torture/nested-fn-1.c -O3 -g : error executing dg-final:
couldn't open "nested-fn-1.s": no such file or directory
UNRESOLVED: gcc.dg/torture/nested-fn-1.c -O3 -g : error executing dg-final:
couldn't open "nested-fn-1.s": no such file or directory
FAIL: gcc.dg/torture/nested-fn-1.c -Os (test for excess errors)
ERROR: gcc.dg/torture/nested-fn-1.c -Os : error executing dg-final: couldn't
open "nested-fn-1.s": no such file or directory
UNRESOLVED: gcc.dg/torture/nested-fn-1.c -Os : error executing dg-final:
couldn't open "nested-fn-1.s": no such file or directory
ERROR: gcc.dg/tree-ssa/20030821-1.c: error executing dg-final: couldn't open
"20030821-1.c.t72.optimized 20030821-1.c.t71.optimized": no such file or
directory
UNRESOLVED: gcc.dg/tree-ssa/20030821-1.c: error executing dg-final: couldn't
open "20030821-1.c.t72.optimized 20030821-1.c.t71.optimized": no such file or
directory
XPASS: gcc.dg/tree-ssa/20040204-1.c scan-tree-dump-times link_error 0
ERROR: gcc.dg/tree-ssa/alias-1.c: error executing dg-final: couldn't open
"alias-1.c.t72.optimized alias-1.c.t71.optimized": no such file or directory
UNRESOLVED: gcc.dg/tree-ssa/alias-1.c: error executing dg-final: couldn't open
"alias-1.c.t72.optimized alias-1.c.t71.optimized": no such file or directory
FAIL: gcc.dg/tree-ssa/gen-vect-11.c scan-tree-dump-times vectorized 1 loops 1
FAIL: gcc.dg/tree-ssa/gen-vect-11a.c scan-tree-dump-times vectorized 1 loops 1
FAIL: gcc.dg/tree-ssa/gen-vect-2.c scan-tree-dump-times vectorized 1 loops 1
FAIL: gcc.dg/tree-ssa/gen-vect-25.c scan-tree-dump-times vectorized 2 loops 1
FAIL: gcc.dg/tree-ssa/gen-vect-26.c scan-tree-dump-times vectorized 1 loops 1
FAIL: gcc.dg/tree-ssa/gen-vect-26.c scan-tree-dump-times Alignment of access
forced using peeling 1
FAIL: gcc.dg/tree-ssa/gen-vect-28.c scan-tree-dump-times vectorized 1 loops 1
FAIL: gcc.dg/tree-ssa/gen-vect-28.c scan-tree-dump-times Alignment of access
forced using peeling 1
FAIL: gcc.dg/tree-ssa/gen-vect-32.c scan-tree-dump-times vectorized 1 loops 1
FAIL: gcc.dg/tree-ssa/ifc-20040816-1.c (test for excess errors)
ERROR: gcc.dg/tree-ssa/ifc-20040816-1.c: error executing dg-final: no files
matched glob pattern "ifc-20040816-1.c.t??.ifcvt"
UNRESOLVED: gcc.dg/tree-ssa/ifc-20040816-1.c: error executing dg-final: no
files matched glob pattern "ifc-20040816-1.c.t??.ifcvt"
FAIL: gcc.dg/tree-ssa/ifc-20040816-2.c (test for excess errors)
FAIL: gcc.dg/tree-ssa/ifc-20040816-2.c scan-tree-dump-times Applying
if-conversion 1
FAIL: gcc.dg/tree-ssa/loop-2.c (test for excess errors)
FAIL: gcc.dg/tree-ssa/loop-4.c (test for excess errors)
FAIL: gcc.dg/tree-ssa/ltrans-1.c (test for excess errors)
ERROR: gcc.dg/tree-ssa/ltrans-1.c: error executing dg-final: no files matched
glob pattern "ltrans-1.c.t??.ltrans"
UNRESOLVED: gcc.dg/tree-ssa/ltrans-1.c: error executing dg-final: no files
matched glob pattern "ltrans-1.c.t??.ltrans"
FAIL: gcc.dg/tree-ssa/ltrans-2.c (test for excess errors)
FAIL: gcc.dg/tree-ssa/ltrans-3.c (test for excess errors)
ERROR: gcc.dg/tree-ssa/ltrans-3.c: error executing dg-final: no files matched
glob pattern "ltrans-3.c.t??.ltrans"
UNRESOLVED: gcc.dg/tree-ssa/ltrans-3.c: error executing dg-final: no files
matched glob pattern "ltrans-3.c.t??.ltrans"
FAIL: gcc.dg/tree-ssa/ltrans-4.c (test for excess errors)
ERROR: gcc.dg/tree-ssa/ltrans-4.c: error executing dg-final: no files matched
glob pattern "ltrans-4.c.t??.ltrans"
UNRESOLVED: gcc.dg/tree-ssa/ltrans-4.c: error executing dg-final: no files
matched glob pattern "ltrans-4.c.t??.ltrans"
ERROR: gcc.dg/tree-ssa/phi-opt-1.c: error executing dg-final: couldn't open
"phi-opt-1.c.t72.optimized phi-opt-1.c.t71.optimized": no such file or
directory
UNRESOLVED: gcc.dg/tree-ssa/phi-opt-1.c: error executing dg-final: couldn't
open "phi-opt-1.c.t72.optimized phi-opt-1.c.t71.optimized": no such file or
directory
ERROR: gcc.dg/tree-ssa/phi-opt-2.c: error executing dg-final: couldn't open
"phi-opt-2.c.t71.optimized phi-opt-2.c.t72.optimized": no such file or
directory
UNRESOLVED: gcc.dg/tree-ssa/phi-opt-2.c: error executing dg-final: couldn't
open "phi-opt-2.c.t71.optimized phi-opt-2.c.t72.optimized": no such file or
directory
ERROR: gcc.dg/tree-ssa/phi-opt-3.c: error executing dg-final: couldn't open
"phi-opt-3.c.t72.optimized phi-opt-3.c.t71.optimized": no such file or
directory
UNRESOLVED: gcc.dg/tree-ssa/phi-opt-3.c: error executing dg-final: couldn't
open "phi-opt-3.c.t72.optimized phi-opt-3.c.t71.optimized": no such file or
directory
ERROR: gcc.dg/tree-ssa/phi-opt-4.c: error executing dg-final: couldn't open
"phi-opt-4.c.t72.optimized phi-opt-4.c.t71.optimized": no such file or
directory
UNRESOLVED: gcc.dg/tree-ssa/phi-opt-4.c: error executing dg-final: couldn't
open "phi-opt-4.c.t72.optimized phi-opt-4.c.t71.optimized": no such file or
directory
ERROR: gcc.dg/tree-ssa/pr18133-1.c: error executing dg-final: couldn't open
"pr18133-1.c.t72.optimized pr18133-1.c.t71.optimized": no such file or
directory
UNRESOLVED: gcc.dg/tree-ssa/pr18133-1.c: error executing dg-final: couldn't
open "pr18133-1.c.t72.optimized pr18133-1.c.t71.optimized": no such file or
directory
ERROR: gcc.dg/tree-ssa/pr18133-2.c: error executing dg-final: couldn't open
"pr18133-2.c.t71.optimized pr18133-2.c.t72.optimized": no such file or
directory
UNRESOLVED: gcc.dg/tree-ssa/pr18133-2.c: error executing dg-final: couldn't
open "pr18133-2.c.t71.optimized pr18133-2.c.t72.optimized": no such file or
directory
ERROR: gcc.dg/tree-ssa/pr18134.c: error executing dg-final: couldn't open
"pr18134.c.t72.optimized pr18134.c.t71.optimized": no such file or directory
UNRESOLVED: gcc.dg/tree-ssa/pr18134.c: error executing dg-final: couldn't open
"pr18134.c.t72.optimized pr18134.c.t71.optimized": no such file or directory
ERROR: gcc.dg/tree-ssa/structopt-2.c: error executing dg-final: couldn't open
"structopt-2.c.t71.optimized structopt-2.c.t72.optimized": no such file or
directory
UNRESOLVED: gcc.dg/tree-ssa/structopt-2.c: error executing dg-final: couldn't
open "structopt-2.c.t71.optimized structopt-2.c.t72.optimized": no such file
or directory
ERROR: gcc.dg/tree-ssa/structopt-3.c: error executing dg-final: couldn't open
"structopt-3.c.t72.optimized structopt-3.c.t71.optimized": no such file or
directory
UNRESOLVED: gcc.dg/tree-ssa/structopt-3.c: error executing dg-final: couldn't
open "structopt-3.c.t72.optimized structopt-3.c.t71.optimized": no such file
or directory
UNRESOLVED: gcc.dg/weak/typeof-2.c
UNRESOLVED: gcc.dg/weak/weak-10.c
UNRESOLVED: gcc.dg/weak/weak-11.c
UNRESOLVED: gcc.dg/weak/weak-13.c
UNRESOLVED: gcc.dg/weak/weak-3.c
UNRESOLVED: gcc.dg/weak/weak-5.c
UNRESOLVED: gcc.dg/weak/weak-9.c
UNRESOLVED: gcc.misc-tests/bprob-1.c execution, -g -fprofile-arcs
UNRESOLVED: gcc.misc-tests/bprob-1.c compilation, -g -fbranch-probabilities
UNRESOLVED: gcc.misc-tests/bprob-1.c execution, -g -fbranch-probabilities
UNRESOLVED: gcc.misc-tests/bprob-1.c execution, -O0 -fprofile-arcs
UNRESOLVED: gcc.misc-tests/bprob-1.c compilation, -O0 -fbranch-probabilities
UNRESOLVED: gcc.misc-tests/bprob-1.c execution, -O0 -fbranch-probabilities
FAIL: gcc.misc-tests/bprob-1.c execution: file bprob-1.gcda does not exist,
-O1 -fprofile-arcs
FAIL: gcc.misc-tests/bprob-1.c execution, -O1 -fprofile-arcs
UNRESOLVED: gcc.misc-tests/bprob-1.c compilation, -O1 -fbranch-probabilities
UNRESOLVED: gcc.misc-tests/bprob-1.c execution, -O1 -fbranch-probabilities
FAIL: gcc.misc-tests/bprob-1.c execution: file bprob-1.gcda does not exist,
-O2 -DPERFTIME -fprofile-arcs
FAIL: gcc.misc-tests/bprob-1.c execution, -O2 -DPERFTIME -fprofile-arcs
UNRESOLVED: gcc.misc-tests/bprob-1.c compilation, -O2 -DPERFTIME
-fbranch-probabilities
UNRESOLVED: gcc.misc-tests/bprob-1.c execution, -O2 -DPERFTIME
-fbranch-probabilities
FAIL: gcc.misc-tests/bprob-1.c execution: file bprob-1.gcda does not exist,
-O3 -DPERFTIME -fprofile-arcs
FAIL: gcc.misc-tests/bprob-1.c execution, -O3 -DPERFTIME -fprofile-arcs
UNRESOLVED: gcc.misc-tests/bprob-1.c compilation, -O3 -DPERFTIME
-fbranch-probabilities
UNRESOLVED: gcc.misc-tests/bprob-1.c execution, -O3 -DPERFTIME
-fbranch-probabilities
FAIL: gcc.misc-tests/bprob-1.c execution: file bprob-1.gcda does not exist,
-O3 -g -DPERFTIME -fprofile-arcs
FAIL: gcc.misc-tests/bprob-1.c execution, -O3 -g -DPERFTIME -fprofile-arcs
UNRESOLVED: gcc.misc-tests/bprob-1.c compilation, -O3 -g -DPERFTIME
-fbranch-probabilities
UNRESOLVED: gcc.misc-tests/bprob-1.c execution, -O3 -g -DPERFTIME
-fbranch-probabilities
FAIL: gcc.misc-tests/bprob-1.c execution: file bprob-1.gcda does not exist,
-Os -fprofile-arcs
FAIL: gcc.misc-tests/bprob-1.c execution, -Os -fprofile-arcs
UNRESOLVED: gcc.misc-tests/bprob-1.c compilation, -Os -fbranch-probabilities
UNRESOLVED: gcc.misc-tests/bprob-1.c execution, -Os -fbranch-probabilities
FAIL: gcc.misc-tests/bprob-2.c execution: file bprob-2.gcda does not exist,
-g -fprofile-arcs
FAIL: gcc.misc-tests/bprob-2.c execution, -g -fprofile-arcs
UNRESOLVED: gcc.misc-tests/bprob-2.c compilation, -g -fbranch-probabilities
UNRESOLVED: gcc.misc-tests/bprob-2.c execution, -g -fbranch-probabilities
FAIL: gcc.misc-tests/bprob-2.c execution: file bprob-2.gcda does not exist,
-O0 -fprofile-arcs
FAIL: gcc.misc-tests/bprob-2.c execution, -O0 -fprofile-arcs
UNRESOLVED: gcc.misc-tests/bprob-2.c compilation, -O0 -fbranch-probabilities
UNRESOLVED: gcc.misc-tests/bprob-2.c execution, -O0 -fbranch-probabilities
FAIL: gcc.misc-tests/bprob-2.c execution: file bprob-2.gcda does not exist,
-O1 -fprofile-arcs
FAIL: gcc.misc-tests/bprob-2.c execution, -O1 -fprofile-arcs
UNRESOLVED: gcc.misc-tests/bprob-2.c compilation, -O1 -fbranch-probabilities
UNRESOLVED: gcc.misc-tests/bprob-2.c execution, -O1 -fbranch-probabilities
FAIL: gcc.misc-tests/bprob-2.c execution: file bprob-2.gcda does not exist,
-O2 -DPERFTIME -fprofile-arcs
FAIL: gcc.misc-tests/bprob-2.c execution, -O2 -DPERFTIME -fprofile-arcs
UNRESOLVED: gcc.misc-tests/bprob-2.c compilation, -O2 -DPERFTIME
-fbranch-probabilities
UNRESOLVED: gcc.misc-tests/bprob-2.c execution, -O2 -DPERFTIME
-fbranch-probabilities
FAIL: gcc.misc-tests/bprob-2.c execution: file bprob-2.gcda does not exist,
-O3 -DPERFTIME -fprofile-arcs
FAIL: gcc.misc-tests/bprob-2.c execution, -O3 -DPERFTIME -fprofile-arcs
UNRESOLVED: gcc.misc-tests/bprob-2.c compilation, -O3 -DPERFTIME
-fbranch-probabilities
UNRESOLVED: gcc.misc-tests/bprob-2.c execution, -O3 -DPERFTIME
-fbranch-probabilities
FAIL: gcc.misc-tests/bprob-2.c execution: file bprob-2.gcda does not exist,
-O3 -g -DPERFTIME -fprofile-arcs
FAIL: gcc.misc-tests/bprob-2.c execution, -O3 -g -DPERFTIME -fprofile-arcs
UNRESOLVED: gcc.misc-tests/bprob-2.c compilation, -O3 -g -DPERFTIME
-fbranch-probabilities
UNRESOLVED: gcc.misc-tests/bprob-2.c execution, -O3 -g -DPERFTIME
-fbranch-probabilities
FAIL: gcc.misc-tests/bprob-2.c execution: file bprob-2.gcda does not exist,
-Os -fprofile-arcs
FAIL: gcc.misc-tests/bprob-2.c execution, -Os -fprofile-arcs
UNRESOLVED: gcc.misc-tests/bprob-2.c compilation, -Os -fbranch-probabilities
UNRESOLVED: gcc.misc-tests/bprob-2.c execution, -Os -fbranch-probabilities
UNRESOLVED: gcc.misc-tests/bprob-1.c execution, -g -ftree-based-profiling
-fprofile-arcs
UNRESOLVED: gcc.misc-tests/bprob-1.c compilation, -g -ftree-based-profiling
-fbranch-probabilities
UNRESOLVED: gcc.misc-tests/bprob-1.c execution, -g -ftree-based-profiling
-fbranch-probabilities
UNRESOLVED: gcc.misc-tests/bprob-1.c execution, -O0 -ftree-based-profiling
-fprofile-arcs
UNRESOLVED: gcc.misc-tests/bprob-1.c compilation, -O0 -ftree-based-profiling
-fbranch-probabilities
UNRESOLVED: gcc.misc-tests/bprob-1.c execution, -O0 -ftree-based-profiling
-fbranch-probabilities
FAIL: gcc.misc-tests/bprob-1.c execution: file bprob-1.gcda does not exist,
-O1 -ftree-based-profiling -fprofile-arcs
FAIL: gcc.misc-tests/bprob-1.c execution, -O1 -ftree-based-profiling
-fprofile-arcs
UNRESOLVED: gcc.misc-tests/bprob-1.c compilation, -O1 -ftree-based-profiling
-fbranch-probabilities
UNRESOLVED: gcc.misc-tests/bprob-1.c execution, -O1 -ftree-based-profiling
-fbranch-probabilities
FAIL: gcc.misc-tests/bprob-1.c execution: file bprob-1.gcda does not exist,
-O2 -DPERFTIME -ftree-based-profiling -fprofile-arcs
FAIL: gcc.misc-tests/bprob-1.c execution, -O2 -DPERFTIME
-ftree-based-profiling -fprofile-arcs
UNRESOLVED: gcc.misc-tests/bprob-1.c compilation, -O2 -DPERFTIME
-ftree-based-profiling -fbranch-probabilities
UNRESOLVED: gcc.misc-tests/bprob-1.c execution, -O2 -DPERFTIME
-ftree-based-profiling -fbranch-probabilities
FAIL: gcc.misc-tests/bprob-1.c execution: file bprob-1.gcda does not exist,
-O3 -DPERFTIME -ftree-based-profiling -fprofile-arcs
FAIL: gcc.misc-tests/bprob-1.c execution, -O3 -DPERFTIME
-ftree-based-profiling -fprofile-arcs
UNRESOLVED: gcc.misc-tests/bprob-1.c compilation, -O3 -DPERFTIME
-ftree-based-profiling -fbranch-probabilities
UNRESOLVED: gcc.misc-tests/bprob-1.c execution, -O3 -DPERFTIME
-ftree-based-profiling -fbranch-probabilities
FAIL: gcc.misc-tests/bprob-1.c execution: file bprob-1.gcda does not exist,
-O3 -g -DPERFTIME -ftree-based-profiling -fprofile-arcs
FAIL: gcc.misc-tests/bprob-1.c execution, -O3 -g -DPERFTIME
-ftree-based-profiling -fprofile-arcs
UNRESOLVED: gcc.misc-tests/bprob-1.c compilation, -O3 -g -DPERFTIME
-ftree-based-profiling -fbranch-probabilities
UNRESOLVED: gcc.misc-tests/bprob-1.c execution, -O3 -g -DPERFTIME
-ftree-based-profiling -fbranch-probabilities
FAIL: gcc.misc-tests/bprob-1.c execution: file bprob-1.gcda does not exist,
-Os -ftree-based-profiling -fprofile-arcs
FAIL: gcc.misc-tests/bprob-1.c execution, -Os -ftree-based-profiling
-fprofile-arcs
UNRESOLVED: gcc.misc-tests/bprob-1.c compilation, -Os -ftree-based-profiling
-fbranch-probabilities
UNRESOLVED: gcc.misc-tests/bprob-1.c execution, -Os -ftree-based-profiling
-fbranch-probabilities
FAIL: gcc.misc-tests/bprob-2.c execution: file bprob-2.gcda does not exist,
-g -ftree-based-profiling -fprofile-arcs
FAIL: gcc.misc-tests/bprob-2.c execution, -g -ftree-based-profiling
-fprofile-arcs
UNRESOLVED: gcc.misc-tests/bprob-2.c compilation, -g -ftree-based-profiling
-fbranch-probabilities
UNRESOLVED: gcc.misc-tests/bprob-2.c execution, -g -ftree-based-profiling
-fbranch-probabilities
FAIL: gcc.misc-tests/bprob-2.c execution: file bprob-2.gcda does not exist,
-O0 -ftree-based-profiling -fprofile-arcs
FAIL: gcc.misc-tests/bprob-2.c execution, -O0 -ftree-based-profiling
-fprofile-arcs
UNRESOLVED: gcc.misc-tests/bprob-2.c compilation, -O0 -ftree-based-profiling
-fbranch-probabilities
UNRESOLVED: gcc.misc-tests/bprob-2.c execution, -O0 -ftree-based-profiling
-fbranch-probabilities
FAIL: gcc.misc-tests/bprob-2.c execution: file bprob-2.gcda does not exist,
-O1 -ftree-based-profiling -fprofile-arcs
FAIL: gcc.misc-tests/bprob-2.c execution, -O1 -ftree-based-profiling
-fprofile-arcs
UNRESOLVED: gcc.misc-tests/bprob-2.c compilation, -O1 -ftree-based-profiling
-fbranch-probabilities
UNRESOLVED: gcc.misc-tests/bprob-2.c execution, -O1 -ftree-based-profiling
-fbranch-probabilities
FAIL: gcc.misc-tests/bprob-2.c execution: file bprob-2.gcda does not exist,
-O2 -DPERFTIME -ftree-based-profiling -fprofile-arcs
FAIL: gcc.misc-tests/bprob-2.c execution, -O2 -DPERFTIME
-ftree-based-profiling -fprofile-arcs
UNRESOLVED: gcc.misc-tests/bprob-2.c compilation, -O2 -DPERFTIME
-ftree-based-profiling -fbranch-probabilities
UNRESOLVED: gcc.misc-tests/bprob-2.c execution, -O2 -DPERFTIME
-ftree-based-profiling -fbranch-probabilities
FAIL: gcc.misc-tests/bprob-2.c execution: file bprob-2.gcda does not exist,
-O3 -DPERFTIME -ftree-based-profiling -fprofile-arcs
FAIL: gcc.misc-tests/bprob-2.c execution, -O3 -DPERFTIME
-ftree-based-profiling -fprofile-arcs
UNRESOLVED: gcc.misc-tests/bprob-2.c compilation, -O3 -DPERFTIME
-ftree-based-profiling -fbranch-probabilities
UNRESOLVED: gcc.misc-tests/bprob-2.c execution, -O3 -DPERFTIME
-ftree-based-profiling -fbranch-probabilities
FAIL: gcc.misc-tests/bprob-2.c execution: file bprob-2.gcda does not exist,
-O3 -g -DPERFTIME -ftree-based-profiling -fprofile-arcs
FAIL: gcc.misc-tests/bprob-2.c execution, -O3 -g -DPERFTIME
-ftree-based-profiling -fprofile-arcs
UNRESOLVED: gcc.misc-tests/bprob-2.c compilation, -O3 -g -DPERFTIME
-ftree-based-profiling -fbranch-probabilities
UNRESOLVED: gcc.misc-tests/bprob-2.c execution, -O3 -g -DPERFTIME
-ftree-based-profiling -fbranch-probabilities
FAIL: gcc.misc-tests/bprob-2.c execution: file bprob-2.gcda does not exist,
-Os -ftree-based-profiling -fprofile-arcs
FAIL: gcc.misc-tests/bprob-2.c execution, -Os -ftree-based-profiling
-fprofile-arcs
UNRESOLVED: gcc.misc-tests/bprob-2.c compilation, -Os -ftree-based-profiling
-fbranch-probabilities
UNRESOLVED: gcc.misc-tests/bprob-2.c execution, -Os -ftree-based-profiling
-fbranch-probabilities
FAIL: compiler driver --coverage option(s) (linker options)
=== gcc Summary ===
# of expected passes 32411
# of unexpected failures 541
# of unexpected successes 1
# of expected failures 76
# of unresolved testcases 316
# of untested testcases 55
# of unsupported tests 1234
/home/bmh/gnucvs/cleanhead/build/gcc/xgcc version 4.1.0 20050502
(experimental)
Compiler version: 4.1.0 20050502 (experimental) gcc
Platform: avr-unknown-none
More information about the Gcc-testresults
mailing list