Results for 4.0.0 20050331 (prerelease) testsuite on x86_64-unknown-linux-gnu
Al Stone
ahs3@fc.hp.com
Thu Mar 31 16:41:00 GMT 2005
LAST_UPDATED: Thu Mar 10 07:51:30 UTC 2005
Native configuration is x86_64-unknown-linux-gnu
=== g++ tests ===
Running target unix
WARNING: program timed out.
FAIL: g++.dg/debug/debug2.C -gstabs+3 (test for excess errors)
WARNING: program timed out.
FAIL: g++.dg/ext/visibility/fvisibility-override1.C (test for excess errors)
=== g++ Summary ===
# of expected passes 10735
# of unexpected failures 2
# of expected failures 71
# of unsupported tests 90
/opt/toolchain/amd64/obj/upstream/gcc-4.0/gcc/testsuite/../g++ version 4.0.0 20050331 (prerelease)
=== gcc tests ===
Running target unix
WARNING: program timed out.
FAIL: gcc.c-torture/compile/20011109-1.c -O3 -g (test for excess errors)
FAIL: gcc.dg/setjmp-2.c (test for excess errors)
WARNING: gcc.dg/setjmp-2.c compilation failed to produce executable
FAIL: gcc.dg/short-compare-1.c (test for excess errors)
WARNING: gcc.dg/short-compare-1.c compilation failed to produce executable
FAIL: gcc.dg/short-compare-2.c (test for excess errors)
WARNING: gcc.dg/short-compare-2.c compilation failed to produce executable
WARNING: program timed out.
WARNING: program timed out.
FAIL: ./inline-3.h -O0 (test for excess errors)
WARNING: program timed out.
FAIL: gcc.dg/pch/inline-3.c -O3 -g (test for excess errors)
WARNING: program timed out.
FAIL: gcc.dg/tree-ssa/20030729-1.c (test for excess errors)
XPASS: gcc.dg/vect/vect-22.c scan-tree-dump-times vectorized 3 loops 1
WARNING: program timed out.
FAIL: gcc.dg/vect/vect-38.c (test for excess errors)
=== gcc Summary ===
# of expected passes 33311
# of unexpected failures 8
# of unexpected successes 1
# of expected failures 105
# of untested testcases 28
# of unsupported tests 427
/opt/toolchain/amd64/obj/upstream/gcc-4.0/gcc/xgcc version 4.0.0 20050331 (prerelease)
=== libstdc++ tests ===
Running target unix
XPASS: 22_locale/locale/cons/12658_thread-1.cc execution test
WARNING: program timed out.
FAIL: 22_locale/money_put/2.cc (test for excess errors)
XPASS: 26_numerics/cmath/c99_classification_macros_c.cc (test for excess errors)
XPASS: 27_io/fpos/14320-1.cc execution test
=== libstdc++ Summary ===
# of expected passes 3616
# of unexpected failures 1
# of unexpected successes 3
# of expected failures 7
Compiler version: 4.0.0 20050331 (prerelease)
Platform: x86_64-unknown-linux-gnu
configure flags: --prefix=/opt/toolchain/amd64/tot --program-suffix=-4.0 --with-system-zlib --enable-nls --without-included-gettext --disable-multilib --enable-languages=c,c++
Counting all warnings,
there are 0 warnings in stage3 of this bootstrap.
Number of warnings per file:
Number of warning types:
More information about the Gcc-testresults
mailing list