Results for 3.4.4 20050330 (prerelease) testsuite on i686-pc-linux-gnu
CodeSourcery Automatic Testing System
gcc@codesourcery.com
Wed Mar 30 16:56:00 GMT 2005
LAST_UPDATED: Wed Mar 30 09:04:09 UTC 2005
Native configuration is i686-pc-linux-gnu
=== g++ tests ===
Running target unix
XPASS: g++.dg/rtti/tinfo1.C scan-assembler _ZTIP9CTemplateIhE:
XPASS: g++.dg/rtti/tinfo1.C scan-assembler-not .globl[ \\t]+_ZTIP9CTemplateIhE
WARNING: g++.old-deja/g++.mike/p10769a.C compilation failed to produce executable
WARNING: g++.old-deja/g++.other/enum5.C compilation failed to produce executable
WARNING: g++.old-deja/g++.pt/friend44.C compilation failed to produce executable
=== g++ Summary ===
# of expected passes 9836
# of unexpected successes 2
# of expected failures 72
# of unsupported tests 43
/scratch/gcc/nightly-2005-03-30-3.4/i686-pc-linux-gnu/build_gcc/build/gcc/testsuite/../g++ version 3.4.4 20050330 (prerelease)
=== gcc tests ===
Running target unix
FAIL: gcc.c-torture/execute/va-arg-25.c execution, -Os
=== gcc Summary ===
# of expected passes 25041
# of unexpected failures 1
# of expected failures 69
# of untested testcases 7
# of unsupported tests 207
/scratch/gcc/nightly-2005-03-30-3.4/i686-pc-linux-gnu/build_gcc/build/gcc/xgcc version 3.4.4 20050330 (prerelease)
=== libstdc++-v3 check-abi Summary ===
# of added symbols: 11
# of missing symbols: 0
# of incompatible symbols: 0
using: /home/gcc/nightlies/gcc-3.4-2005-03-30/libstdc++-v3/config/abi/i486-linux-gnu/baseline_symbols.txt
=== libstdc++ tests ===
Running target unix
XPASS: 22_locale/locale/cons/12658_thread.cc execution test
XPASS: 26_numerics/c99_classification_macros_c.cc (test for excess errors)
=== libstdc++ Summary ===
# of expected passes 2735
# of unexpected successes 2
# of expected failures 5
Compiler version: 3.4.4 20050330 (prerelease)
Platform: i686-pc-linux-gnu
configure flags: --prefix=/home/gcc/scratch/nightly-2005-03-30-3.4/i686-pc-linux-gnu/build_gcc/install --enable-languages=c,c++ --enable-threads --disable-libmudflap
More information about the Gcc-testresults
mailing list