Results for 4.1.0 20050330 (experimental) testsuite on i686-pc-linux-gnu
Diego Novillo
dnovillo@redhat.com
Wed Mar 30 10:01:00 GMT 2005
LAST_UPDATED:
Native configuration is i686-pc-linux-gnu
=== g++ tests ===
Running target unix
=== g++ Summary ===
# of expected passes 10931
# of expected failures 67
# of unsupported tests 56
/notnfs/dnovillo/sbox/gcc/bld.toohappy/gcc/testsuite/../g++ version 4.1.0 20050330 (experimental)
=== gcc tests ===
Running target unix
FAIL: gcc.c-torture/compile/20011119-2.c (test for excess errors)
FAIL: gcc.c-torture/compile/20011119-2.c (test for excess errors)
FAIL: gcc.dg/torture/asm-subreg-1.c (test for excess errors)
FAIL: gcc.dg/torture/asm-subreg-1.c (test for excess errors)
FAIL: gcc.dg/torture/asm-subreg-1.c (test for excess errors)
FAIL: gcc.dg/torture/asm-subreg-1.c (test for excess errors)
XPASS: gcc.dg/vect/vect-22.c scan-tree-dump-times vectorized 3 loops 1
=== gcc Summary ===
# of expected passes 33850
# of unexpected failures 6
# of unexpected successes 1
# of expected failures 101
# of untested testcases 28
# of unsupported tests 330
/notnfs/dnovillo/sbox/gcc/bld.toohappy/gcc/xgcc version 4.1.0 20050330 (experimental)
=== gfortran tests ===
Running target unix
XPASS: gfortran.dg/ret_pointer_1.f90 execution test
XPASS: gfortran.dg/ret_pointer_1.f90 execution test
XPASS: gfortran.dg/ret_pointer_1.f90 execution test
XPASS: gfortran.dg/ret_pointer_1.f90 execution test
XPASS: gfortran.dg/ret_pointer_1.f90 execution test
FAIL: gfortran.fortran-torture/execute/forall_3.f90 execution, -O1
=== gfortran Summary ===
# of expected passes 5666
# of unexpected failures 1
# of unexpected successes 5
# of expected failures 27
/notnfs/dnovillo/sbox/gcc/bld.toohappy/gcc/testsuite/../gfortran version 4.1.0 20050330 (experimental)
=== objc tests ===
Running target unix
=== objc Summary ===
# of expected passes 1534
# of unsupported tests 10
/notnfs/dnovillo/sbox/gcc/bld.toohappy/gcc/xgcc version 4.1.0 20050330 (experimental)
=== libffi tests ===
Running target unix
=== libffi Summary ===
# of expected passes 219
# of unsupported tests 2
=== libjava tests ===
Running target unix
FAIL: Array_3 -O3 execution - bytecode->native test
FAIL: LargeFile execution - source compiled test
FAIL: LargeFile execution - gij test
FAIL: LargeFile execution - bytecode->native test
FAIL: LargeFile -O3 execution - source compiled test
FAIL: LargeFile execution - gij test
FAIL: LargeFile -O3 execution - bytecode->native test
=== libjava Summary ===
# of expected passes 3774
# of unexpected failures 7
# of expected failures 10
# of untested testcases 15
=== libmudflap tests ===
Running target unix
=== libmudflap Summary ===
# of expected passes 1308
=== libstdc++-v3 check-abi Summary ===
# of added symbols: 50
# of missing symbols: 0
# of incompatible symbols: 0
using: /home/cygnus/dnovillo/perf/sbox/gcc/local.i686/src/libstdc++-v3/config/abi/i486-linux-gnu/baseline_symbols.txt
=== libstdc++ tests ===
Running target unix
XPASS: 26_numerics/cmath/c99_classification_macros_c.cc (test for excess errors)
=== libstdc++ Summary ===
# of expected passes 1311
# of unexpected successes 1
# of expected failures 5
Compiler version: 4.1.0 20050330 (experimental)
Platform: i686-pc-linux-gnu
configure flags: --prefix=/home/cygnus/dnovillo/perf/sbox/gcc/local.i686/inst.toohappy --srcdir=/home/cygnus/dnovillo/perf/sbox/gcc/local.i686/src --disable-multilib --enable-mpfr --with-gmp=/home/cygnus/dnovillo/i686 --enable-languages=c,c++,f95,java,objc
More information about the Gcc-testresults
mailing list