Results for gcc testsuite on i686-pc-cygwin
David Billinghurst
David.Billinghurst@riotinto.com
Tue Mar 29 16:26:00 GMT 2005
CYGWIN_NT-5.1 calttws68 1.5.13(0.122/4/2) 2005-03-01 11:01 i686 unknown
unknown Cygwin
Windows XP Professional Ver 5.1 Build 2600 Service Pack 1
PROCESSOR_IDENTIFIER = \`x86 Family 15 Model 0 Stepping 10, GenuineIntel'
LAST_UPDATED: Tue Mar 29 08:57:14 GMT 2005
FAIL: cxg2014
FAIL: cxg2015
FAIL: cxg2016
FAIL: cxg2017
FAIL: cxg2018
FAIL: cxg2019
FAIL: cxg2020
FAIL: cxg2021
FAIL: cxg2022
FAIL: cxg2023
FAIL: cxg2024
=== acats Summary ===
# of expected passes 1876
# of unexpected failures 47
# of unsupported tests 349
Native configuration is i686-pc-cygwin
=== g++ tests ===
Running target unix
=== g++ Summary ===
=== gfortran tests ===
Running target unix
=== gfortran Summary ===
=== objc tests ===
Running target unix
=== objc Summary ===
Compiler version: gcc
Platform: i686-pc-cygwin
configure
flags: --prefix=/usr/local/gcc-4_1 --enable-threads=posix --disable-libgcj
--enable-sjlj-exceptions --with-system-zlib --enable-nls --disable-libmud
flap --enable-version-specific-runtime-libs --without-included-gettext --d
isable-shared --enable-languages=c,ada,c++,f95,java,objc
Counting all warnings,
there are 0 warnings in stage3 of this bootstrap.
Number of warnings per file:
Number of warning types:
NOTICE
This e-mail and any attachments are private and confidential and may
contain privileged information. If you are not an authorised recipient,
the copying or distribution of this e-mail and any attachments is
prohibited and you must not read, print or act in reliance on this e-mail
or attachments.
This notice should not be removed.
More information about the Gcc-testresults
mailing list