Results for 4.1.0 20050329 (experimental) testsuite on i686-pc-linux-gnu
CodeSourcery Automatic Testing System
gcc@codesourcery.com
Tue Mar 29 11:22:00 GMT 2005
LAST_UPDATED: Tue Mar 29 09:44:28 UTC 2005
Native configuration is i686-pc-linux-gnu
=== g++ tests ===
Running target unix
=== g++ Summary ===
# of expected passes 10908
# of expected failures 67
# of unsupported tests 56
/scratch/gcc/nightly-2005-03-29-mainline/i686-pc-linux-gnu/build_gcc/build/gcc/testsuite/../g++ version 4.1.0 20050329 (experimental)
=== gcc tests ===
Running target unix
FAIL: gcc.c-torture/compile/20011119-2.c -O0 (test for excess errors)
FAIL: gcc.c-torture/compile/20011119-2.c -O1 (test for excess errors)
XPASS: gcc.dg/vect/vect-22.c scan-tree-dump-times vectorized 3 loops 1
=== gcc Summary ===
# of expected passes 33788
# of unexpected failures 2
# of unexpected successes 1
# of expected failures 100
# of untested testcases 28
# of unsupported tests 328
/scratch/gcc/nightly-2005-03-29-mainline/i686-pc-linux-gnu/build_gcc/build/gcc/xgcc version 4.1.0 20050329 (experimental)
=== libstdc++-v3 check-abi Summary ===
# of added symbols: 50
# of missing symbols: 0
# of incompatible symbols: 0
using: /home/gcc/nightlies/gcc-mainline-2005-03-29/libstdc++-v3/config/abi/i486-linux-gnu/baseline_symbols.txt
=== libstdc++ tests ===
Running target unix
XPASS: 26_numerics/cmath/c99_classification_macros_c.cc (test for excess errors)
=== libstdc++ Summary ===
# of expected passes 3620
# of unexpected successes 1
# of expected failures 8
Compiler version: 4.1.0 20050329 (experimental)
Platform: i686-pc-linux-gnu
configure flags: --prefix=/home/gcc/scratch/nightly-2005-03-29-mainline/i686-pc-linux-gnu/build_gcc/install --enable-threads --disable-libmudflap --enable-languages=c,c++
More information about the Gcc-testresults
mailing list