Results for 4.0.0 20050327 (prerelease) testsuite on i686-pc-linux-gnu
CodeSourcery Automatic Testing System
gcc@codesourcery.com
Sun Mar 27 16:28:00 GMT 2005
LAST_UPDATED: Sun Mar 27 09:16:54 UTC 2005
Native configuration is i686-pc-linux-gnu
=== g++ tests ===
Running target unix
FAIL: g++.old-deja/g++.warn/compare1.C (test for warnings, line 11)
FAIL: g++.old-deja/g++.warn/compare1.C (test for warnings, line 24)
FAIL: g++.old-deja/g++.warn/compare1.C (test for excess errors)
=== g++ Summary ===
# of expected passes 10808
# of unexpected failures 3
# of expected failures 71
# of unsupported tests 56
/scratch/gcc/nightly-2005-03-27-4.0/i686-pc-linux-gnu/build_gcc/build/gcc/testsuite/../g++ version 4.0.0 20050327 (prerelease)
=== gcc tests ===
Running target unix
FAIL: gcc.c-torture/compile/20011119-2.c -O1 (test for excess errors)
XPASS: gcc.dg/vect/vect-22.c scan-tree-dump-times vectorized 3 loops 1
=== gcc Summary ===
# of expected passes 33332
# of unexpected failures 1
# of unexpected successes 1
# of expected failures 100
# of untested testcases 28
# of unsupported tests 320
/scratch/gcc/nightly-2005-03-27-4.0/i686-pc-linux-gnu/build_gcc/build/gcc/xgcc version 4.0.0 20050327 (prerelease)
=== libstdc++-v3 check-abi Summary ===
# of added symbols: 56
# of missing symbols: 0
# of incompatible symbols: 0
using: /home/gcc/nightlies/gcc-4.0-2005-03-27/libstdc++-v3/config/abi/i486-linux-gnu/baseline_symbols.txt
=== libstdc++ tests ===
Running target unix
XPASS: 22_locale/locale/cons/12658_thread-1.cc execution test
XPASS: 26_numerics/cmath/c99_classification_macros_c.cc (test for excess errors)
=== libstdc++ Summary ===
# of expected passes 3619
# of unexpected successes 2
# of expected failures 8
Compiler version: 4.0.0 20050327 (prerelease)
Platform: i686-pc-linux-gnu
configure flags: --prefix=/home/gcc/scratch/nightly-2005-03-27-4.0/i686-pc-linux-gnu/build_gcc/install --enable-threads --disable-libmudflap --enable-languages=c,c++
More information about the Gcc-testresults
mailing list