Results for 4.0.0 20050327 (prerelease) testsuite on i686-pc-linux-gnu
Al Stone
ahs3@fc.hp.com
Sun Mar 27 15:21:00 GMT 2005
LAST_UPDATED: Thu Mar 10 07:51:30 UTC 2005
Native configuration is i686-pc-linux-gnu
=== g++ tests ===
Running target unix
FAIL: g++.old-deja/g++.warn/compare1.C (test for warnings, line 11)
FAIL: g++.old-deja/g++.warn/compare1.C (test for warnings, line 24)
FAIL: g++.old-deja/g++.warn/compare1.C (test for excess errors)
=== g++ Summary ===
# of expected passes 10830
# of unexpected failures 3
# of expected failures 71
# of unsupported tests 56
/opt/toolchain/i686/obj/upstream/gcc-4.0/gcc/testsuite/../g++ version 4.0.0 20050327 (prerelease)
=== gcc tests ===
Running target unix
FAIL: gcc.c-torture/compile/20011119-2.c -O1 (test for excess errors)
XPASS: gcc.dg/vect/vect-22.c scan-tree-dump-times vectorized 3 loops 1
=== gcc Summary ===
# of expected passes 33382
# of unexpected failures 1
# of unexpected successes 1
# of expected failures 101
# of untested testcases 28
# of unsupported tests 321
/opt/toolchain/i686/obj/upstream/gcc-4.0/gcc/xgcc version 4.0.0 20050327 (prerelease)
=== libstdc++ tests ===
Running target unix
XPASS: 22_locale/locale/cons/12658_thread-1.cc execution test
XPASS: 26_numerics/cmath/c99_classification_macros_c.cc (test for excess errors)
=== libstdc++ Summary ===
# of expected passes 3617
# of unexpected successes 2
# of expected failures 8
Compiler version: 4.0.0 20050327 (prerelease)
Platform: i686-pc-linux-gnu
configure flags: --prefix=/opt/toolchain/i686/tot --program-suffix=-4.0 --with-system-zlib --enable-nls --without-included-gettext --enable-languages=c,c++
Counting all warnings,
there are 0 warnings in stage3 of this bootstrap.
Number of warnings per file:
Number of warning types:
More information about the Gcc-testresults
mailing list