Results for 4.0.0 20050326 (prerelease) testsuite on sparc-unknown-linux-gnu
Christian Joensson
chj@j-son.org
Sun Mar 27 14:09:00 GMT 2005
Aurora SPARC Linux release 2.0 (Kashmir FC3) UltraSparc IIi (Sabre) sun4u:
binutils-2.15.94.0.2-1.sparc
bison-1.875c-2.sparc
dejagnu-1.4.4-2.noarch
expect-5.42.1-1.sparc
gcc-3.4.2-6.fc3.sparc
gcc4-4.0.0-0.8sparc.sparc
glibc-2.3.3-99.sparcv9
glibc-2.3.3-99.sparc64
glibc-devel-2.3.3-99.sparc64
glibc-devel-2.3.3-99.sparc
glibc-headers-2.3.3-99.sparc64
glibc-headers-2.3.3-99.sparc
glibc-kernheaders-2.6-20sparc.sparc
kernel-2.6.11-1.1166sp1.sparc64
package kernel-devel is not installed
package kernel-smp is not installed
libgcc-3.4.2-6.fc3.sparc
libgcc-3.4.2-6.fc3.sparc64
libstdc++-3.4.2-6.fc3.sparc
libstdc++-3.4.2-6.fc3.sparc64
libstdc++-devel-3.4.2-6.fc3.sparc
libstdc++-devel-3.4.2-6.fc3.sparc64
make-3.80-5.sparc
nptl-devel-2.3.3-99.sparcv9
tcl-8.4.7-2.sparc
LAST_UPDATED: Sat Mar 26 23:06:27 UTC 2005
=== acats tests ===
FAIL: c32001e
FAIL: c52011a
FAIL: c64105b
FAIL: c95086b
FAIL: cd2b11a
FAIL: cd2b11b
FAIL: cxa4006
FAIL: cxa4017
=== acats Summary ===
# of expected passes 2312
# of unexpected failures 8
Native configuration is sparc-unknown-linux-gnu
=== gcc tests ===
Running target unix
FAIL: gcc.c-torture/compile/20011119-2.c -O1 (test for excess errors)
FAIL: gcc.c-torture/compile/20020120-1.c -O3 -fomit-frame-pointer (test for excess errors)
FAIL: gcc.dg/special/gcsec-1.c (test for excess errors)
WARNING: gcc.dg/special/gcsec-1.c compilation failed to produce executable
=== gcc Summary ===
# of expected passes 32882
# of unexpected failures 3
# of expected failures 102
# of untested testcases 28
# of unsupported tests 505
/usr/local/src/branch/objdir32/gcc/xgcc version 4.0.0 20050326 (prerelease)
=== g++ tests ===
Running target unix
XPASS: g++.old-deja/g++.other/init5.C execution test
FAIL: g++.old-deja/g++.warn/compare1.C (test for warnings, line 11)
FAIL: g++.old-deja/g++.warn/compare1.C (test for warnings, line 24)
FAIL: g++.old-deja/g++.warn/compare1.C (test for excess errors)
=== g++ Summary ===
# of expected passes 10766
# of unexpected failures 3
# of unexpected successes 1
# of expected failures 70
# of unsupported tests 89
/usr/local/src/branch/objdir32/gcc/testsuite/../g++ version 4.0.0 20050326 (prerelease)
=== libmudflap tests ===
Running target unix
FAIL: libmudflap.c/pass54-frag.c execution test
FAIL: libmudflap.c/pass54-frag.c (-static) execution test
=== libmudflap Summary ===
# of expected passes 1286
# of unexpected failures 2
=== libstdc++-v3 check-abi Summary ===
# of added symbols: 65
# of missing symbols: 0
# of incompatible symbols: 0
using: /usr/local/src/branch/gcc/libstdc++-v3/config/abi/sparc-linux-gnu/baseline_symbols.txt
=== libstdc++ tests ===
Running target unix
XPASS: 22_locale/locale/cons/12658_thread-1.cc execution test
XPASS: 26_numerics/cmath/c99_classification_macros_c.cc (test for excess errors)
FAIL: ext/array_allocator/2.cc execution test
=== libstdc++ Summary ===
# of expected passes 3618
# of unexpected failures 1
# of unexpected successes 2
# of expected failures 8
Compiler version: 4.0.0 20050326 (prerelease)
Platform: sparc-unknown-linux-gnu
configure flags: sparc-linux --enable-__cxa_atexit --disable-multilib --enable-shared --enable-languages=c,ada,c++
Counting all warnings,
there are 56 warnings in stage0 of this bootstrap.
Number of warnings per file:
25 libiberty/concat.c
15 libiberty/regex.c
6 libmudflap/mf-runtime.c
5 include/xregex2.h
2 raise.c
2 libiberty/pex-unix.c
1 libmath/stubs.c
Number of warning types:
25 traditional C rejects ISO C style function definitions
15 signed and unsigned type in conditional expression
3 ISO C90 does not support \`static' or type qualifiers in parameter array declarators
2 variable \`???' might be clobbered by \`???' or \`???'
2 pointer targets in assignment differ in signedness
2 ISO C90 does not support \`???' or type qualifiers in parameter array declarators
2 format \`???' expects type \`???', but argument 6 has type \`???'
2 format \`???' expects type \`???', but argument 4 has type \`???'
2 format \`???' expects type \`???', but argument 15 has type \`???'
1 incompatible implicit declaration of built-in function \`???'
Counting all warnings,
there are 6 warnings in stage3 of this bootstrap.
Number of warnings per file:
3 gengtype-lex.c
3 gcc/gcc.c
Number of warning types:
3 string length \`???' is greater than the length \`???' ISO C89 compilers are required to support
3 old-style function definition
More information about the Gcc-testresults
mailing list