Results for 4.1.0 20050326 (experimental) testsuite on i686-pc-linux-gnu
Andrew Pinski
pinskia@physics.uc.edu
Sat Mar 26 14:06:00 GMT 2005
LAST_UPDATED: Sat Mar 26 05:03:14 UTC 2005
Native configuration is i686-pc-linux-gnu
=== g++ tests ===
Running target unix
XPASS: g++.old-deja/g++.other/init5.C execution test
=== g++ Summary ===
# of expected passes 10972
# of unexpected successes 1
# of expected failures 66
# of unsupported tests 60
/home/gates/pinskia/src/gnu/gcc/src/objdir.linux/gcc/testsuite/../g++ version 4.1.0 20050326 (experimental)
=== gcc tests ===
Running target unix
WARNING: program timed out.
FAIL: gcc.c-torture/compile/20001226-1.c (test for excess errors)
FAIL: gcc.c-torture/compile/20011119-2.c (test for excess errors)
FAIL: gcc.c-torture/unsorted/uuarg.c, -O3 -fomit-frame-pointer
FAIL: gcc.c-torture/unsorted/uuarg.c, -O3 -g
XPASS: gcc.dg/vect/vect-22.c scan-tree-dump-times vectorized 3 loops 1
=== gcc Summary ===
# of expected passes 35065
# of unexpected failures 4
# of unexpected successes 1
# of expected failures 101
# of untested testcases 28
# of unsupported tests 329
/home/gates/pinskia/src/gnu/gcc/src/objdir.linux/gcc/xgcc version 4.1.0 20050326 (experimental)
=== gfortran tests ===
Running target unix
XPASS: gfortran.dg/ret_pointer_1.f90 execution test
XPASS: gfortran.dg/ret_pointer_1.f90 execution test
XPASS: gfortran.dg/ret_pointer_1.f90 execution test
XPASS: gfortran.dg/ret_pointer_1.f90 execution test
XPASS: gfortran.dg/ret_pointer_1.f90 execution test
FAIL: gfortran.fortran-torture/execute/forall_3.f90 execution, -O1
=== gfortran Summary ===
# of expected passes 5634
# of unexpected failures 1
# of unexpected successes 5
# of expected failures 21
/home/gates/pinskia/src/gnu/gcc/src/objdir.linux/gcc/testsuite/../gfortran version 4.1.0 20050326 (experimental)
=== objc tests ===
Running target unix
=== objc Summary ===
# of expected passes 1534
# of unsupported tests 10
/home/gates/pinskia/src/gnu/gcc/src/objdir.linux/gcc/xgcc version 4.1.0 20050326 (experimental)
=== libffi tests ===
Running target unix
=== libffi Summary ===
# of expected passes 219
# of unsupported tests 2
=== libjava tests ===
Running target unix
FAIL: Array_3 -O3 execution - bytecode->native test
=== libjava Summary ===
# of expected passes 3786
# of unexpected failures 1
# of expected failures 10
# of untested testcases 9
=== libmudflap tests ===
Running target unix
FAIL: libmudflap.cth/pass40-frag.c execution test
FAIL: libmudflap.cth/pass40-frag.c output pattern test
FAIL: libmudflap.cth/pass40-frag.c (-O2) execution test
FAIL: libmudflap.cth/pass40-frag.c (-O2) output pattern test
FAIL: libmudflap.cth/pass40-frag.c (-O3) execution test
FAIL: libmudflap.cth/pass40-frag.c (-O3) output pattern test
=== libmudflap Summary ===
# of expected passes 1302
# of unexpected failures 6
=== libstdc++-v3 check-abi Summary ===
# of added symbols: 50
# of missing symbols: 0
# of incompatible symbols: 0
using: /home/peshtigo/pinskia/src/gnu/gcc/src/libstdc++-v3/config/abi/i486-linux-gnu/baseline_symbols.txt
=== libstdc++ tests ===
Running target unix
XPASS: 26_numerics/cmath/c99_classification_macros_c.cc (test for excess errors)
FAIL: 27_io/basic_filebuf/seekoff/char/1-io.cc execution test
FAIL: 27_io/basic_filebuf/seekoff/char/1-io.cc execution test
FAIL: 27_io/basic_filebuf/seekoff/char/2-io.cc execution test
FAIL: 27_io/basic_filebuf/seekoff/char/2-io.cc execution test
FAIL: 27_io/basic_filebuf/seekpos/char/1-io.cc execution test
FAIL: 27_io/basic_filebuf/seekpos/char/1-io.cc execution test
FAIL: 27_io/basic_filebuf/seekpos/char/2-io.cc execution test
FAIL: 27_io/basic_filebuf/seekpos/char/2-io.cc execution test
=== libstdc++ Summary ===
# of expected passes 9097
# of unexpected failures 8
# of unexpected successes 1
# of expected failures 18
Compiler version: 4.1.0 20050326 (experimental)
Platform: i686-pc-linux-gnu
configure flags: --target=i686-pc-linux-gnu --host=i686-pc-linux-gnu --enable-__cxa_atexit --prefix=/home/gates/pinskia/linux --enable-threads=posix --enable-shared --enable-languages=c,c++,f95,java,objc
More information about the Gcc-testresults
mailing list