Results for 4.0.0 20050322 (prerelease) testsuite on hppa1.1-hp-hpux10.20
John David Anglin
dave@hiauly1.hia.nrc.ca
Fri Mar 25 15:29:00 GMT 2005
LAST_UPDATED: Tue Mar 22 03:57:33 UTC 2005
=== acats tests ===
FAIL: c32001e
Native configuration is hppa1.1-hp-hpux10.20
=== g++ tests ===
Running target unix
=== g++ Summary ===
# of expected passes 10457
# of expected failures 71
# of unsupported tests 131
/xxx/gnu/gcc-3.3/objdir/gcc/testsuite/../g++ version 4.0.0 20050322 (prerelease)
=== gcc tests ===
Running target unix
WARNING: program timed out.
FAIL: gcc.c-torture/compile/20001226-1.c -O1 (test for excess errors)
WARNING: program timed out.
FAIL: gcc.c-torture/compile/20001226-1.c -O2 (test for excess errors)
WARNING: program timed out.
FAIL: gcc.c-torture/compile/20001226-1.c -O3 -fomit-frame-pointer (test for excess errors)
WARNING: program timed out.
FAIL: gcc.c-torture/compile/20001226-1.c -O3 -g (test for excess errors)
WARNING: program timed out.
FAIL: gcc.c-torture/compile/20001226-1.c -Os (test for excess errors)
FAIL: gcc.c-torture/compile/20011119-1.c -O0 (test for excess errors)
FAIL: gcc.c-torture/compile/20011119-1.c -O1 (test for excess errors)
FAIL: gcc.c-torture/compile/20011119-1.c -O2 (test for excess errors)
FAIL: gcc.c-torture/compile/20011119-1.c -O3 -fomit-frame-pointer (test for excess errors)
FAIL: gcc.c-torture/compile/20011119-1.c -O3 -g (test for excess errors)
FAIL: gcc.c-torture/compile/20011119-1.c -Os (test for excess errors)
FAIL: gcc.c-torture/compile/20011119-2.c -O0 (test for excess errors)
FAIL: gcc.c-torture/compile/20011119-2.c -O1 (test for excess errors)
FAIL: gcc.c-torture/compile/20011119-2.c -O2 (test for excess errors)
FAIL: gcc.c-torture/compile/20011119-2.c -O3 -fomit-frame-pointer (test for excess errors)
FAIL: gcc.c-torture/compile/20011119-2.c -O3 -g (test for excess errors)
FAIL: gcc.c-torture/compile/20011119-2.c -Os (test for excess errors)
FAIL: gcc.c-torture/compile/981001-2.c -O0 (test for excess errors)
FAIL: gcc.c-torture/compile/981001-2.c -O1 (test for excess errors)
FAIL: gcc.c-torture/compile/981001-2.c -O2 (test for excess errors)
FAIL: gcc.c-torture/compile/981001-2.c -O3 -fomit-frame-pointer (test for excess errors)
FAIL: gcc.c-torture/compile/981001-2.c -O3 -g (test for excess errors)
FAIL: gcc.c-torture/compile/981001-2.c -Os (test for excess errors)
XPASS: gcc.dg/const-elim-1.c scan-assembler-not L\\\\\$?C[^A-Z]
XPASS: gcc.dg/tree-ssa/20040204-1.c scan-tree-dump-times link_error 0
=== gcc Summary ===
# of expected passes 31979
# of unexpected failures 23
# of unexpected successes 2
# of expected failures 81
# of untested testcases 28
# of unsupported tests 557
/xxx/gnu/gcc-3.3/objdir/gcc/xgcc version 4.0.0 20050322 (prerelease)
=== objc tests ===
Running target unix
=== objc Summary ===
# of expected passes 1532
# of unsupported tests 11
/xxx/gnu/gcc-3.3/objdir/gcc/xgcc version 4.0.0 20050322 (prerelease)
=== libstdc++ tests ===
Running target unix
=== libstdc++ Summary ===
# of expected passes 2520
# of expected failures 7
Compiler version: 4.0.0 20050322 (prerelease)
Platform: hppa1.1-hp-hpux10.20
configure flags: --with-gnu-as --with-as=/usr/local/bin/as --enable-shared --prefix=/opt/gnu/gcc/gcc-4.0.0 --with-local-prefix=/usr/local --disable-nls --enable-debug=no --disable-libmudflap --enable-languages=c,ada,c++,java,objc
More information about the Gcc-testresults
mailing list