Results for 4.1.0 20050322 (experimental) testsuite on sparc-sun-solaris2.9
Bradley J Lucier
lucier@math.purdue.edu
Thu Mar 24 10:22:00 GMT 2005
LAST_UPDATED: Tue Mar 22 23:23:53 UTC 2005
Native configuration is sparc-sun-solaris2.9
=== g++ tests ===
Running target unix/-m64
FAIL: g++.dg/other/ucnid-1.C (test for excess errors)
WARNING: g++.dg/other/ucnid-1.C compilation failed to produce executable
=== g++ Summary for unix/-m64 ===
# of expected passes 10734
# of unexpected failures 1
# of expected failures 67
# of unsupported tests 143
Running target unix
FAIL: g++.dg/other/ucnid-1.C (test for excess errors)
WARNING: g++.dg/other/ucnid-1.C compilation failed to produce executable
=== g++ Summary for unix ===
# of expected passes 10766
# of unexpected failures 1
# of expected failures 67
# of unsupported tests 141
=== g++ Summary ===
# of expected passes 21500
# of unexpected failures 2
# of expected failures 134
# of unsupported tests 284
/export/users/lucier/programs/gcc/mainline/objdir/gcc/testsuite/../g++ version 4.1.0 20050322 (experimental)
=== gcc tests ===
Running target unix/-m64
FAIL: gcc.c-torture/compile/20011119-2.c (test for excess errors)
FAIL: gcc.c-torture/compile/20040323-1.c (test for excess errors)
FAIL: gcc.c-torture/compile/20040323-1.c (test for excess errors)
FAIL: gcc.c-torture/compile/20040323-1.c (test for excess errors)
FAIL: gcc.c-torture/compile/20040323-1.c (test for excess errors)
FAIL: gcc.c-torture/compile/20040323-1.c (test for excess errors)
FAIL: gcc.c-torture/compile/20040323-1.c (test for excess errors)
FAIL: gcc.c-torture/unsorted/uuarg.c, -O3 -fomit-frame-pointer
FAIL: gcc.c-torture/unsorted/uuarg.c, -O3 -g
FAIL: gcc.dg/ucnid-2.c (test for excess errors)
WARNING: gcc.dg/ucnid-2.c compilation failed to produce executable
FAIL: gcc.dg/ucnid-3.c (test for excess errors)
WARNING: gcc.dg/ucnid-3.c compilation failed to produce executable
FAIL: gcc.dg/ucnid-4.c (test for excess errors)
WARNING: gcc.dg/ucnid-4.c compilation failed to produce executable
FAIL: gcc.dg/ucnid-6.c (test for excess errors)
WARNING: gcc.dg/ucnid-6.c compilation failed to produce executable
FAIL: gcc.dg/tree-ssa/loop-4.c scan-tree-dump-times iter 0
=== gcc Summary for unix/-m64 ===
# of expected passes 34417
# of unexpected failures 14
# of expected failures 101
# of untested testcases 28
# of unsupported tests 534
Running target unix
FAIL: gcc.c-torture/compile/20011119-2.c (test for excess errors)
FAIL: gcc.c-torture/compile/20040323-1.c (test for excess errors)
FAIL: gcc.c-torture/compile/20040323-1.c (test for excess errors)
FAIL: gcc.c-torture/compile/20040323-1.c (test for excess errors)
FAIL: gcc.c-torture/compile/20040323-1.c (test for excess errors)
FAIL: gcc.c-torture/compile/20040323-1.c (test for excess errors)
FAIL: gcc.c-torture/compile/20040323-1.c (test for excess errors)
FAIL: gcc.c-torture/unsorted/uuarg.c, -O3 -fomit-frame-pointer
FAIL: gcc.c-torture/unsorted/uuarg.c, -O3 -g
FAIL: gcc.dg/ucnid-2.c (test for excess errors)
WARNING: gcc.dg/ucnid-2.c compilation failed to produce executable
FAIL: gcc.dg/ucnid-3.c (test for excess errors)
WARNING: gcc.dg/ucnid-3.c compilation failed to produce executable
FAIL: gcc.dg/ucnid-4.c (test for excess errors)
WARNING: gcc.dg/ucnid-4.c compilation failed to produce executable
FAIL: gcc.dg/ucnid-6.c (test for excess errors)
WARNING: gcc.dg/ucnid-6.c compilation failed to produce executable
=== gcc Summary for unix ===
# of expected passes 34423
# of unexpected failures 13
# of expected failures 101
# of untested testcases 28
# of unsupported tests 532
=== gcc Summary ===
# of expected passes 68840
# of unexpected failures 27
# of expected failures 202
# of untested testcases 56
# of unsupported tests 1066
/export/users/lucier/programs/gcc/mainline/objdir/gcc/xgcc version 4.1.0 20050322 (experimental)
=== gfortran tests ===
Running target unix/-m64
XPASS: gfortran.dg/ret_pointer_1.f90 execution test
XPASS: gfortran.dg/ret_pointer_1.f90 execution test
XPASS: gfortran.dg/ret_pointer_1.f90 execution test
XPASS: gfortran.dg/ret_pointer_1.f90 execution test
XPASS: gfortran.dg/ret_pointer_1.f90 execution test
XPASS: gfortran.dg/ret_pointer_1.f90 execution test
XPASS: gfortran.dg/ret_pointer_1.f90 execution test
XPASS: gfortran.dg/ret_pointer_1.f90 execution test
FAIL: gfortran.fortran-torture/execute/forall_3.f90 execution, -O0
FAIL: gfortran.fortran-torture/execute/forall_3.f90 execution, -O1
=== gfortran Summary for unix/-m64 ===
# of expected passes 5592
# of unexpected failures 2
# of unexpected successes 8
# of expected failures 18
# of unsupported tests 8
Running target unix
XPASS: gfortran.dg/ret_pointer_1.f90 execution test
XPASS: gfortran.dg/ret_pointer_1.f90 execution test
XPASS: gfortran.dg/ret_pointer_1.f90 execution test
XPASS: gfortran.dg/ret_pointer_1.f90 execution test
XPASS: gfortran.dg/ret_pointer_1.f90 execution test
XPASS: gfortran.dg/ret_pointer_1.f90 execution test
XPASS: gfortran.dg/ret_pointer_1.f90 execution test
FAIL: gfortran.fortran-torture/execute/forall_3.f90 execution, -O1
=== gfortran Summary for unix ===
# of expected passes 5593
# of unexpected failures 1
# of unexpected successes 7
# of expected failures 19
# of unsupported tests 8
=== gfortran Summary ===
# of expected passes 11185
# of unexpected failures 3
# of unexpected successes 15
# of expected failures 37
# of unsupported tests 16
/export/users/lucier/programs/gcc/mainline/objdir/gcc/testsuite/../gfortran version 4.1.0 20050322 (experimental)
=== objc tests ===
Running target unix/-m64
=== objc Summary for unix/-m64 ===
# of expected passes 1534
# of unsupported tests 10
Running target unix
=== objc Summary for unix ===
# of expected passes 1534
# of unsupported tests 10
=== objc Summary ===
# of expected passes 3068
# of unsupported tests 20
/export/users/lucier/programs/gcc/mainline/objdir/gcc/xgcc version 4.1.0 20050322 (experimental)
=== libffi tests ===
Running target unix/-m64
=== libffi Summary for unix/-m64 ===
# of expected passes 219
# of unsupported tests 2
Running target unix
=== libffi Summary for unix ===
# of expected passes 219
# of unsupported tests 2
=== libffi Summary ===
# of expected passes 438
# of unsupported tests 4
=== libjava tests ===
Running target unix/-m64
FAIL: PR16923.c compilation
FAIL: Array_3 execution - gij test
FAIL: Array_3 execution - gij test
FAIL: FileHandleGcTest execution - source compiled test
FAIL: FileHandleGcTest execution - gij test
FAIL: FileHandleGcTest execution - bytecode->native test
FAIL: FileHandleGcTest -O3 execution - source compiled test
FAIL: FileHandleGcTest execution - gij test
FAIL: FileHandleGcTest -O3 execution - bytecode->native test
FAIL: PR18699 execution - gij test
FAIL: Throw_2 execution - gij test
FAIL: Throw_2 execution - gij test
=== libjava Summary for unix/-m64 ===
# of expected passes 3764
# of unexpected failures 12
# of expected failures 10
# of untested testcases 19
Running target unix
FAIL: PR16923.c compilation
FAIL: Array_3 execution - gij test
FAIL: Array_3 execution - gij test
FAIL: FileHandleGcTest execution - source compiled test
FAIL: FileHandleGcTest execution - gij test
FAIL: FileHandleGcTest execution - bytecode->native test
FAIL: FileHandleGcTest -O3 execution - source compiled test
FAIL: FileHandleGcTest execution - gij test
FAIL: FileHandleGcTest -O3 execution - bytecode->native test
WARNING: program timed out.
FAIL: Thread_Alive -O3 execution - source compiled test
=== libjava Summary for unix ===
# of expected passes 3768
# of unexpected failures 10
# of expected failures 10
# of untested testcases 17
=== libjava Summary ===
# of expected passes 7532
# of unexpected failures 22
# of expected failures 20
# of untested testcases 36
=== libstdc++ tests ===
Running target unix/-m64
FAIL: 22_locale/locale/cons/12658_thread-1.cc execution test
FAIL: 22_locale/num_put/put/char/14220.cc execution test
=== libstdc++ Summary for unix/-m64 ===
# of expected passes 3617
# of unexpected failures 2
# of expected failures 10
Running target unix
FAIL: 22_locale/num_put/put/wchar_t/14220.cc execution test
=== libstdc++ Summary for unix ===
# of expected passes 3618
# of unexpected failures 1
# of expected failures 10
=== libstdc++ Summary ===
# of expected passes 7235
# of unexpected failures 3
# of expected failures 20
Compiler version: 4.1.0 20050322 (experimental)
Platform: sparc-sun-solaris2.9
configure flags: --host=sparc-sun-solaris2.9 --build=sparc-sun-solaris2.9 --target=sparc-sun-solaris2.9 --prefix=/export/users/lucier/local/gcc-mainline --with-gmp=/pkgs/gmp-4.1.4 --with-mpfr=/pkgs/gmp-4.1.4 --enable-languages=c,c++,f95,java,objc
BOOT_CFLAGS=-g -O2
Counting all warnings,
there are 26 warnings in stage3 of this bootstrap.
Number of warnings per file:
8 gcc/unwind-dw2.c
5 /pkgs/gnu/share/bison.simple
3 gengtype-lex.c
3 gcc/gcc.c
2 gcc/objc/lang-specs.h
1 gcc/java/jvspec.c
1 gcc/fortran/trans-common.c
1 gcc/fortran/simplify.c
1 gcc/fortran/resolve.c
1 gcc/fortran/expr.c
Number of warning types:
6 string length \`???' is greater than the length \`???' ISO C89 compilers are required to support
6 old-style function definition
4 missing braces around initializer
4 control may reach end of non-void function \`???' being inlined
4 (near initialization for \`???')
2 comparison between signed and unsigned
More information about the Gcc-testresults
mailing list