Results for 4.1.0 20050322 (experimental) gfortran testsuite on i386-pc-linux-gnu
Francois-Xavier Coudert
coudert@lcp.u-psud.fr
Tue Mar 22 09:28:00 GMT 2005
LAST_UPDATED:
Native configuration is i386-pc-linux-gnu
=== gfortran tests ===
Running target unix
XPASS: gfortran.dg/ret_pointer_1.f90 -O0 execution test
XPASS: gfortran.dg/ret_pointer_1.f90 -O1 execution test
XPASS: gfortran.dg/ret_pointer_1.f90 -O2 execution test
XPASS: gfortran.dg/ret_pointer_1.f90 -O3 -fomit-frame-pointer execution test
XPASS: gfortran.dg/ret_pointer_1.f90 -O3 -fomit-frame-pointer -funroll-loops execution test
XPASS: gfortran.dg/ret_pointer_1.f90 -O3 -fomit-frame-pointer -funroll-all-loops -finline-functions execution test
XPASS: gfortran.dg/ret_pointer_1.f90 -O3 -g execution test
XPASS: gfortran.dg/ret_pointer_1.f90 -Os execution test
FAIL: gfortran.fortran-torture/execute/forall_3.f90 execution, -O1
=== gfortran Summary ===
# of expected passes5591
# of unexpected failures1
# of unexpected successes8
# of expected failures18
# of unsupported tests8
/tmp/gfortran-20050322/ibin/gcc/testsuite/../gfortran version 4.1.0 20050322 (experimental)
Compiler version: 4.1.0 20050322 (experimental) gfortran
Platform: i386-pc-linux-gnu
configure flags: --prefix=/tmp/gfortran-20050322/irun --enable-languages=c,f95 --host=i386-linux,;t t
More information about the Gcc-testresults
mailing list