Results for 4.1.0 20050319 (experimental) testsuite on hppa64-hp-hpux11.11
CodeSourcery Automatic Testing System
gcc@codesourcery.com
Sat Mar 19 15:12:00 GMT 2005
LAST_UPDATED: Fri Mar 18 09:40:21 UTC 2005
Native configuration is hppa64-hp-hpux11.11
=== g++ tests ===
Running target unix
WARNING: program timed out.
FAIL: g++.dg/eh/cleanup1.C (test for excess errors)
=== g++ Summary ===
# of expected passes 10364
# of unexpected failures 1
# of expected failures 67
# of unsupported tests 106
/scratch/gcc/nightly-2005-03-19-mainline/hppa64-hp-hpux11.11/build_gcc/build/gcc/testsuite/../g++ version 4.1.0 20050319 (experimental)
=== gcc tests ===
Running target unix
FAIL: gcc.c-torture/compile/20011119-2.c -O1 (test for excess errors)
WARNING: Could not compile gcc.dg/compat/struct-layout-1 generator
FAIL: gcc.dg/20020425-1.c (test for excess errors)
XPASS: gcc.dg/funcorder.c scan-assembler-not link_error,%r
=== gcc Summary ===
# of expected passes 32160
# of unexpected failures 2
# of unexpected successes 1
# of expected failures 78
# of untested testcases 28
# of unsupported tests 507
/scratch/gcc/nightly-2005-03-19-mainline/hppa64-hp-hpux11.11/build_gcc/build/gcc/xgcc version 4.1.0 20050319 (experimental)
=== libstdc++ tests ===
Running target unix
=== libstdc++ Summary ===
# of expected passes 3581
# of expected failures 8
# of unsupported tests 19
Compiler version: 4.1.0 20050319 (experimental)
Platform: hppa64-hp-hpux11.11
configure flags: --prefix=/scratch/gcc/nightly-2005-03-19-mainline/hppa64-hp-hpux11.11/build_gcc/install --enable-threads --disable-libmudflap --host=hppa64-hp-hpux11.11 --target=hppa64-hp-hpux11.11 --disable-nls --with-gnu-as --with-as=/usr/local/tools/gcc-3.3.1/bin/hppa64-hp-hpux11.11-as --without-gnu-ld --with-ld=/usr/ccs/bin/ld --enable-languages=c,c++
More information about the Gcc-testresults
mailing list