Results for 4.1.0 20050319 (experimental) testsuite on ia64-hp-hpux11.22
CodeSourcery Automatic Testing System
gcc@codesourcery.com
Sat Mar 19 15:12:00 GMT 2005
LAST_UPDATED: Fri Mar 18 09:40:21 UTC 2005
Native configuration is ia64-hp-hpux11.22
=== g++ tests ===
Running target unix/-milp32
FAIL: g++.dg/opt/longbranch1.C (test for excess errors)
XPASS: g++.dg/other/packed1.C execution test
FAIL: g++.dg/warn/weak1.C (test for excess errors)
WARNING: g++.dg/warn/weak1.C compilation failed to produce executable
FAIL: g++.old-deja/g++.eh/badalloc1.C execution test
FAIL: g++.old-deja/g++.law/profile1.C execution test
=== g++ Summary for unix/-milp32 ===
# of expected passes 10418
# of unexpected failures 4
# of unexpected successes 1
# of expected failures 71
# of unsupported tests 100
Running target unix/-mlp64
FAIL: g++.dg/opt/longbranch1.C (test for excess errors)
XPASS: g++.dg/other/packed1.C execution test
FAIL: g++.dg/warn/weak1.C (test for excess errors)
WARNING: g++.dg/warn/weak1.C compilation failed to produce executable
FAIL: g++.old-deja/g++.eh/badalloc1.C execution test
FAIL: g++.old-deja/g++.law/profile1.C execution test
=== g++ Summary for unix/-mlp64 ===
# of expected passes 10386
# of unexpected failures 4
# of unexpected successes 1
# of expected failures 71
# of unsupported tests 102
=== g++ Summary ===
# of expected passes 20804
# of unexpected failures 8
# of unexpected successes 2
# of expected failures 142
# of unsupported tests 202
/scratch/gcc/nightly-2005-03-19-mainline/ia64-hp-hpux11.22/build_gcc/build/gcc/testsuite/../g++ version 4.1.0 20050319 (experimental)
=== gcc tests ===
Running target unix/-milp32
FAIL: gcc.c-torture/compile/20011119-2.c -O1 (test for excess errors)
WARNING: Could not compile gcc.dg/compat/struct-layout-1 generator
FAIL: gcc.dg/20020219-1.c execution test
FAIL: gcc.dg/20021014-1.c execution test
FAIL: gcc.dg/cleanup-5.c (test for excess errors)
WARNING: gcc.dg/cleanup-5.c compilation failed to produce executable
FAIL: gcc.dg/ia64-fptr-1.c (test for excess errors)
WARNING: gcc.dg/ia64-fptr-1.c compilation failed to produce executable
FAIL: gcc.dg/nest.c execution test
FAIL: gcc.dg/transparent-union-1.c (test for excess errors)
FAIL: gcc.dg/transparent-union-2.c (test for excess errors)
FAIL: largefile.c -O0 -g (test for excess errors)
FAIL: largefile.c -O0 (test for excess errors)
FAIL: largefile.c -O1 (test for excess errors)
FAIL: largefile.c -O2 (test for excess errors)
FAIL: largefile.c -O3 -fomit-frame-pointer (test for excess errors)
FAIL: largefile.c -O3 -g (test for excess errors)
FAIL: largefile.c -Os (test for excess errors)
XPASS: gcc.dg/vect/vect-22.c scan-tree-dump-times vectorized 3 loops 1
XPASS: gcc.dg/vect/vect-44.c scan-tree-dump-times Alignment of access forced using peeling 1
XPASS: gcc.dg/vect/vect-50.c scan-tree-dump-times Alignment of access forced using peeling 1
FAIL: gcc.dg/vect/vect-76.c execution test
FAIL: gcc.dg/vect/vect-93.c scan-tree-dump-times Alignment of access forced using peeling 2
XPASS: gcc.dg/vect/vect-93.c scan-tree-dump-times Alignment of access forced using peeling 3
=== gcc Summary for unix/-milp32 ===
# of expected passes 32582
# of unexpected failures 17
# of unexpected successes 4
# of expected failures 131
# of untested testcases 35
# of unsupported tests 484
Running target unix/-mlp64
FAIL: gcc.c-torture/compile/20011119-2.c -O1 (test for excess errors)
WARNING: Could not compile gcc.dg/compat/struct-layout-1 generator
FAIL: gcc.dg/20021014-1.c execution test
FAIL: gcc.dg/cleanup-5.c (test for excess errors)
WARNING: gcc.dg/cleanup-5.c compilation failed to produce executable
FAIL: gcc.dg/ia64-fptr-1.c (test for excess errors)
WARNING: gcc.dg/ia64-fptr-1.c compilation failed to produce executable
WARNING: program timed out.
FAIL: gcc.dg/nest.c execution test
FAIL: gcc.dg/transparent-union-1.c (test for excess errors)
FAIL: gcc.dg/transparent-union-2.c (test for excess errors)
FAIL: largefile.c -O0 -g (test for excess errors)
FAIL: largefile.c -O0 (test for excess errors)
FAIL: largefile.c -O1 (test for excess errors)
FAIL: largefile.c -O2 (test for excess errors)
FAIL: largefile.c -O3 -fomit-frame-pointer (test for excess errors)
FAIL: largefile.c -O3 -g (test for excess errors)
FAIL: largefile.c -Os (test for excess errors)
XPASS: gcc.dg/vect/vect-22.c scan-tree-dump-times vectorized 3 loops 1
XPASS: gcc.dg/vect/vect-44.c scan-tree-dump-times Alignment of access forced using peeling 1
XPASS: gcc.dg/vect/vect-50.c scan-tree-dump-times Alignment of access forced using peeling 1
FAIL: gcc.dg/vect/vect-76.c execution test
FAIL: gcc.dg/vect/vect-93.c scan-tree-dump-times Alignment of access forced using peeling 2
XPASS: gcc.dg/vect/vect-93.c scan-tree-dump-times Alignment of access forced using peeling 3
=== gcc Summary for unix/-mlp64 ===
# of expected passes 32582
# of unexpected failures 16
# of unexpected successes 4
# of expected failures 131
# of untested testcases 35
# of unsupported tests 485
=== gcc Summary ===
# of expected passes 65164
# of unexpected failures 33
# of unexpected successes 8
# of expected failures 262
# of untested testcases 70
# of unsupported tests 969
/scratch/gcc/nightly-2005-03-19-mainline/ia64-hp-hpux11.22/build_gcc/build/gcc/xgcc version 4.1.0 20050319 (experimental)
=== libstdc++ tests ===
Running target unix/-milp32
FAIL: 23_containers/deque/cons/2.cc execution test
=== libstdc++ Summary for unix/-milp32 ===
# of expected passes 2529
# of unexpected failures 1
# of expected failures 7
# of unsupported tests 10
Running target unix/-mlp64
=== libstdc++ Summary for unix/-mlp64 ===
# of expected passes 2530
# of expected failures 7
# of unsupported tests 10
=== libstdc++ Summary ===
# of expected passes 5059
# of unexpected failures 1
# of expected failures 14
# of unsupported tests 20
Compiler version: 4.1.0 20050319 (experimental)
Platform: ia64-hp-hpux11.22
configure flags: --prefix=/scratch/gcc/nightly-2005-03-19-mainline/ia64-hp-hpux11.22/build_gcc/install --enable-threads --disable-libmudflap --with-gnu-as --with-as=/usr/local/tools/gcc-3.3.1/bin/as --enable-languages=c,c++
More information about the Gcc-testresults
mailing list