Results for 4.1.0 20050313 (experimental) testsuite on arm-unknown-netbsdelf2.0.
Richard Earnshaw
rearnsha@arm.com
Thu Mar 17 15:23:00 GMT 2005
LAST_UPDATED: Sun Mar 13 17:52:38 UTC 2005
Native configuration is arm-unknown-netbsdelf2.0.
=== libstdc++ tests ===
Running target unix
FAIL: 24_iterators/back_insert_iterator.cc execution test
FAIL: 24_iterators/front_insert_iterator.cc execution test
FAIL: 24_iterators/insert_iterator.cc execution test
FAIL: 26_numerics/cmath/c99_classification_macros_c++.cc (test for excess errors)
FAIL: 26_numerics/cmath/c99_classification_macros_c.cc (test for excess errors)
FAIL: 27_io/basic_streambuf/3.cc execution test
=== libstdc++ Summary ===
# of expected passes 2544
# of unexpected failures 6
# of expected failures 7
=== g++ tests ===
Running target unix
FAIL: g++.dg/compat/break/bitfield7 cp_compat_x_tst.o-cp_compat_y_alt.o execute
FAIL: g++.dg/compat/break/bitfield7 cp_compat_x_alt.o-cp_compat_y_tst.o execute
WARNING: program timed out.
FAIL: g++.dg/eh/cleanup1.C (test for excess errors)
FAIL: g++.dg/ext/attribute-test-1.C execution test
FAIL: g++.dg/ext/attribute-test-2.C execution test
XPASS: g++.dg/other/packed1.C execution test
FAIL: 258: expected branch percentages not found: 25
FAIL: g++.dg/gcov/gcov-1.C gcov: 0 failures in line counts, 1 in branch percentages, 0 in return percentages
FAIL: g++.dg/pch/system-2.C -g assembly comparison
XPASS: g++.old-deja/g++.other/init5.C execution test
=== g++ Summary ===
# of expected passes 10883
# of unexpected failures 8
# of unexpected successes 2
# of expected failures 70
# of unsupported tests 102
/work/rearnsha/gnu/egcs/gcc/testsuite/../g++ version 4.1.0 20050313 (experimental)
=== gcc tests ===
Running target unix
WARNING: program timed out.
FAIL: gcc.c-torture/compile/20001226-1.c -O1 (test for excess errors)
WARNING: program timed out.
FAIL: gcc.c-torture/compile/20001226-1.c -O2 (test for excess errors)
WARNING: program timed out.
FAIL: gcc.c-torture/compile/20001226-1.c -O3 -fomit-frame-pointer (test for excess errors)
WARNING: program timed out.
FAIL: gcc.c-torture/compile/20001226-1.c -O3 -g (test for excess errors)
WARNING: program timed out.
FAIL: gcc.c-torture/compile/20001226-1.c -Os (test for excess errors)
FAIL: gcc.c-torture/compile/930210-1.c -O2 (test for excess errors)
FAIL: gcc.c-torture/compile/930210-1.c -O3 -fomit-frame-pointer (test for excess errors)
FAIL: gcc.c-torture/compile/930210-1.c -O3 -fomit-frame-pointer -funroll-loops (test for excess errors)
FAIL: gcc.c-torture/compile/930210-1.c -O3 -g (test for excess errors)
FAIL: gcc.c-torture/compile/930210-1.c -Os (test for excess errors)
UNRESOLVED: gcc.c-torture/execute/20020720-1.c execution, -O1
UNRESOLVED: gcc.c-torture/execute/20020720-1.c execution, -O2
UNRESOLVED: gcc.c-torture/execute/20020720-1.c execution, -O3 -fomit-frame-pointer
UNRESOLVED: gcc.c-torture/execute/20020720-1.c execution, -O3 -g
UNRESOLVED: gcc.c-torture/execute/20020720-1.c execution, -Os
FAIL: gcc.c-torture/execute/builtin-bitops-1.c compilation, -O2
UNRESOLVED: gcc.c-torture/execute/builtin-bitops-1.c execution, -O2
FAIL: gcc.dg/compat/vector-2 c_compat_x_alt.o compile
FAIL: gcc.dg/compat/vector-2 c_compat_y_alt.o compile
FAIL: gcc.dg/compat/vector-2 c_compat_x_tst.o compile
FAIL: gcc.dg/compat/vector-2 c_compat_y_tst.o compile
UNRESOLVED: gcc.dg/compat/vector-2 c_compat_x_tst.o-c_compat_y_tst.o link
UNRESOLVED: gcc.dg/compat/vector-2 c_compat_x_tst.o-c_compat_y_tst.o execute
UNRESOLVED: gcc.dg/compat/vector-2 c_compat_x_tst.o-c_compat_y_alt.o link
UNRESOLVED: gcc.dg/compat/vector-2 c_compat_x_tst.o-c_compat_y_alt.o execute
UNRESOLVED: gcc.dg/compat/vector-2 c_compat_x_alt.o-c_compat_y_tst.o link
UNRESOLVED: gcc.dg/compat/vector-2 c_compat_x_alt.o-c_compat_y_tst.o execute
UNRESOLVED: gcc.dg/compat/vector-2 c_compat_x_alt.o-c_compat_y_alt.o link
UNRESOLVED: gcc.dg/compat/vector-2 c_compat_x_alt.o-c_compat_y_alt.o execute
FAIL: tmpdir-gcc.dg-struct-layout-1/t001 c_compat_x_tst.o-c_compat_y_alt.o execute
FAIL: tmpdir-gcc.dg-struct-layout-1/t001 c_compat_x_alt.o-c_compat_y_tst.o execute
FAIL: tmpdir-gcc.dg-struct-layout-1/t002 c_compat_x_tst.o-c_compat_y_alt.o execute
FAIL: tmpdir-gcc.dg-struct-layout-1/t002 c_compat_x_alt.o-c_compat_y_tst.o execute
FAIL: tmpdir-gcc.dg-struct-layout-1/t003 c_compat_x_tst.o-c_compat_y_alt.o execute
FAIL: tmpdir-gcc.dg-struct-layout-1/t003 c_compat_x_alt.o-c_compat_y_tst.o execute
FAIL: tmpdir-gcc.dg-struct-layout-1/t004 c_compat_x_tst.o-c_compat_y_alt.o execute
FAIL: tmpdir-gcc.dg-struct-layout-1/t004 c_compat_x_alt.o-c_compat_y_tst.o execute
FAIL: tmpdir-gcc.dg-struct-layout-1/t005 c_compat_x_tst.o-c_compat_y_alt.o execute
FAIL: tmpdir-gcc.dg-struct-layout-1/t005 c_compat_x_alt.o-c_compat_y_tst.o execute
FAIL: tmpdir-gcc.dg-struct-layout-1/t006 c_compat_x_tst.o-c_compat_y_alt.o execute
FAIL: tmpdir-gcc.dg-struct-layout-1/t006 c_compat_x_alt.o-c_compat_y_tst.o execute
FAIL: tmpdir-gcc.dg-struct-layout-1/t007 c_compat_x_tst.o-c_compat_y_alt.o execute
FAIL: tmpdir-gcc.dg-struct-layout-1/t007 c_compat_x_alt.o-c_compat_y_tst.o execute
FAIL: tmpdir-gcc.dg-struct-layout-1/t009 c_compat_x_tst.o-c_compat_y_alt.o execute
FAIL: tmpdir-gcc.dg-struct-layout-1/t009 c_compat_x_alt.o-c_compat_y_tst.o execute
FAIL: tmpdir-gcc.dg-struct-layout-1/t011 c_compat_x_tst.o-c_compat_y_alt.o execute
FAIL: tmpdir-gcc.dg-struct-layout-1/t011 c_compat_x_alt.o-c_compat_y_tst.o execute
FAIL: tmpdir-gcc.dg-struct-layout-1/t014 c_compat_x_tst.o-c_compat_y_alt.o execute
FAIL: tmpdir-gcc.dg-struct-layout-1/t014 c_compat_x_alt.o-c_compat_y_tst.o execute
FAIL: tmpdir-gcc.dg-struct-layout-1/t017 c_compat_x_tst.o-c_compat_y_alt.o execute
FAIL: tmpdir-gcc.dg-struct-layout-1/t017 c_compat_x_alt.o-c_compat_y_tst.o execute
FAIL: tmpdir-gcc.dg-struct-layout-1/t018 c_compat_x_tst.o-c_compat_y_alt.o execute
FAIL: tmpdir-gcc.dg-struct-layout-1/t018 c_compat_x_alt.o-c_compat_y_tst.o execute
FAIL: tmpdir-gcc.dg-struct-layout-1/t020 c_compat_x_tst.o-c_compat_y_alt.o execute
FAIL: tmpdir-gcc.dg-struct-layout-1/t020 c_compat_x_alt.o-c_compat_y_tst.o execute
FAIL: tmpdir-gcc.dg-struct-layout-1/t021 c_compat_x_tst.o-c_compat_y_alt.o execute
FAIL: tmpdir-gcc.dg-struct-layout-1/t021 c_compat_x_alt.o-c_compat_y_tst.o execute
FAIL: tmpdir-gcc.dg-struct-layout-1/t022 c_compat_x_tst.o-c_compat_y_alt.o execute
FAIL: tmpdir-gcc.dg-struct-layout-1/t022 c_compat_x_alt.o-c_compat_y_tst.o execute
FAIL: tmpdir-gcc.dg-struct-layout-1/t023 c_compat_x_tst.o-c_compat_y_alt.o execute
FAIL: tmpdir-gcc.dg-struct-layout-1/t023 c_compat_x_alt.o-c_compat_y_tst.o execute
FAIL: tmpdir-gcc.dg-struct-layout-1/t024 c_compat_x_tst.o-c_compat_y_alt.o execute
FAIL: tmpdir-gcc.dg-struct-layout-1/t024 c_compat_x_alt.o-c_compat_y_tst.o execute
FAIL: tmpdir-gcc.dg-struct-layout-1/t025 c_compat_x_tst.o-c_compat_y_alt.o execute
FAIL: tmpdir-gcc.dg-struct-layout-1/t025 c_compat_x_alt.o-c_compat_y_tst.o execute
FAIL: tmpdir-gcc.dg-struct-layout-1/t026 c_compat_x_tst.o-c_compat_y_alt.o execute
FAIL: tmpdir-gcc.dg-struct-layout-1/t026 c_compat_x_alt.o-c_compat_y_tst.o execute
FAIL: tmpdir-gcc.dg-struct-layout-1/t026 c_compat_x_alt.o-c_compat_y_alt.o execute
FAIL: tmpdir-gcc.dg-struct-layout-1/t027 c_compat_x_tst.o-c_compat_y_tst.o execute
FAIL: tmpdir-gcc.dg-struct-layout-1/t027 c_compat_x_tst.o-c_compat_y_alt.o execute
FAIL: tmpdir-gcc.dg-struct-layout-1/t027 c_compat_x_alt.o-c_compat_y_tst.o execute
FAIL: tmpdir-gcc.dg-struct-layout-1/t028 c_compat_x_tst.o-c_compat_y_alt.o execute
FAIL: tmpdir-gcc.dg-struct-layout-1/t028 c_compat_x_alt.o-c_compat_y_tst.o execute
FAIL: tmpdir-gcc.dg-struct-layout-1/t028 c_compat_x_alt.o-c_compat_y_alt.o execute
FAIL: gcc.dg/20020425-1.c (test for excess errors)
FAIL: gcc.dg/builtins-18.c (test for excess errors)
FAIL: gcc.dg/builtins-20.c (test for excess errors)
WARNING: program timed out.
FAIL: gcc.dg/c99-intconst-1.c (test for excess errors)
XPASS: gcc.dg/const-elim-1.c scan-assembler-not L\\\\\$?C[^A-Z]
FAIL: largefile.c -O0 -g (test for excess errors)
FAIL: largefile.c -O0 (test for excess errors)
FAIL: largefile.c -O1 (test for excess errors)
FAIL: largefile.c -O2 (test for excess errors)
FAIL: largefile.c -O3 -fomit-frame-pointer (test for excess errors)
FAIL: largefile.c -O3 -g (test for excess errors)
FAIL: largefile.c -Os (test for excess errors)
FAIL: gcc.dg/special/gcsec-1.c execution test
FAIL: gcc.dg/torture/builtin-convert-1.c -O1 (test for excess errors)
FAIL: gcc.dg/torture/builtin-convert-1.c -O2 (test for excess errors)
FAIL: gcc.dg/torture/builtin-convert-1.c -O3 -fomit-frame-pointer (test for excess errors)
FAIL: gcc.dg/torture/builtin-convert-1.c -O3 -g (test for excess errors)
FAIL: gcc.dg/torture/builtin-convert-1.c -Os (test for excess errors)
FAIL: gcc.dg/torture/builtin-convert-2.c -O1 (test for excess errors)
FAIL: gcc.dg/torture/builtin-convert-2.c -O2 (test for excess errors)
FAIL: gcc.dg/torture/builtin-convert-2.c -O3 -fomit-frame-pointer (test for excess errors)
FAIL: gcc.dg/torture/builtin-convert-2.c -O3 -g (test for excess errors)
FAIL: gcc.dg/torture/builtin-convert-2.c -Os (test for excess errors)
FAIL: gcc.dg/torture/builtin-convert-3.c -O1 (test for excess errors)
FAIL: gcc.dg/torture/builtin-convert-3.c -O2 (test for excess errors)
FAIL: gcc.dg/torture/builtin-convert-3.c -O3 -fomit-frame-pointer (test for excess errors)
FAIL: gcc.dg/torture/builtin-convert-3.c -O3 -g (test for excess errors)
FAIL: gcc.dg/torture/builtin-convert-3.c -Os (test for excess errors)
FAIL: gcc.dg/torture/builtin-power-1.c -O0 (test for excess errors)
FAIL: gcc.dg/torture/builtin-power-1.c -O1 (test for excess errors)
FAIL: gcc.dg/torture/builtin-power-1.c -O2 (test for excess errors)
FAIL: gcc.dg/torture/builtin-power-1.c -O3 -fomit-frame-pointer (test for excess errors)
FAIL: gcc.dg/torture/builtin-power-1.c -O3 -g (test for excess errors)
FAIL: gcc.dg/torture/builtin-power-1.c -Os (test for excess errors)
FAIL: gcc.dg/tree-ssa/20031015-1.c scan-tree-dump-times V_MAY_DEF 2
FAIL: 211: expected branch percentages not found: 25
FAIL: gcc.misc-tests/gcov-4b.c gcov: 0 failures in line counts, 1 in branch percentages, 0 in return percentages
=== gcc Summary ===
# of expected passes 33266
# of unexpected failures 96
# of unexpected successes 1
# of expected failures 80
# of unresolved testcases 14
# of untested testcases 35
# of unsupported tests 502
/work/rearnsha/gnu/egcs/gcc/xgcc version 4.1.0 20050313 (experimental)
=== objc tests ===
Running target unix
=== objc Summary ===
# of expected passes 1534
# of unsupported tests 10
/work/rearnsha/gnu/egcs/gcc/xgcc version 4.1.0 20050313 (experimental)
Compiler version: 4.1.0 20050313 (experimental)
Platform: arm-unknown-netbsdelf2.0.
configure flags: --prefix=/work/rearnsha/gnu/testinstall --disable-checking --with-gmp=/usr/pkg --enable-languages=c,c++,objc
More information about the Gcc-testresults
mailing list