Results for 4.0.0 20050317 (prerelease) testsuite on ia64-suse-linux-gnu
Andreas Schwab
schwab@suse.de
Thu Mar 17 11:37:00 GMT 2005
LAST_UPDATED: Thu Mar 17 09:06:40 UTC 2005
=== acats tests ===
FAIL: c32001e
FAIL: c37402a
FAIL: c391002
FAIL: c432002
FAIL: c43214c
FAIL: c46014a
FAIL: c52011a
FAIL: c64105b
FAIL: c95086b
FAIL: c9a009a
FAIL: c9a009c
FAIL: c9a009h
FAIL: c9a010a
FAIL: cb4009a
FAIL: cd2b11a
FAIL: cd2b11b
FAIL: cxa4003
FAIL: cxa4006
FAIL: cxa4014
FAIL: cxa4017
FAIL: cxa5012
=== acats Summary ===
# of expected passes 2299
# of unexpected failures 21
Native configuration is ia64-suse-linux-gnu
=== g++ tests ===
Running target unix
FAIL: g++.dg/opt/longbranch1.C (test for excess errors)
FAIL: g++.dg/other/stdarg3.C (test for excess errors)
XPASS: g++.old-deja/g++.other/init5.C execution test
=== g++ Summary ===
# of expected passes 10345
# of unexpected failures 2
# of unexpected successes 1
# of expected failures 70
# of unsupported tests 90
/tmp/cvs/gcc-20050317/Build/gcc/testsuite/../g++ version 4.0.0 20050317 (prerelease)
=== gcc tests ===
Running target unix
FAIL: gcc.c-torture/compile/20011119-2.c -O1 (test for excess errors)
XPASS: gcc.dg/tree-ssa/loop-1.c scan-assembler-times foo 5
XPASS: gcc.dg/vect/vect-22.c scan-tree-dump-times vectorized 3 loops 1
XPASS: gcc.dg/vect/vect-44.c scan-tree-dump-times Alignment of access forced using peeling 1
XPASS: gcc.dg/vect/vect-50.c scan-tree-dump-times Alignment of access forced using peeling 1
XPASS: gcc.dg/vect/vect-54.c scan-tree-dump-times Alignment of access forced using peeling 1
XPASS: gcc.dg/vect/vect-58.c scan-tree-dump-times Alignment of access forced using peeling 1
=== gcc Summary ===
# of expected passes 32374
# of unexpected failures 1
# of unexpected successes 6
# of expected failures 132
# of untested testcases 28
# of unsupported tests 461
/tmp/cvs/gcc-20050317/Build/gcc/xgcc version 4.0.0 20050317 (prerelease)
=== gfortran tests ===
Running target unix
XPASS: gfortran.dg/ret_pointer_1.f90 -O0 execution test
XPASS: gfortran.dg/ret_pointer_1.f90 -O1 execution test
XPASS: gfortran.dg/ret_pointer_1.f90 -O2 execution test
XPASS: gfortran.dg/ret_pointer_1.f90 -O3 -fomit-frame-pointer execution test
XPASS: gfortran.dg/ret_pointer_1.f90 -O3 -fomit-frame-pointer -funroll-loops execution test
XPASS: gfortran.dg/ret_pointer_1.f90 -O3 -fomit-frame-pointer -funroll-all-loops -finline-functions execution test
XPASS: gfortran.dg/ret_pointer_1.f90 -O3 -g execution test
XPASS: gfortran.dg/ret_pointer_1.f90 -Os execution test
FAIL: gfortran.fortran-torture/execute/forall_3.f90 execution, -O0
FAIL: gfortran.fortran-torture/execute/forall_3.f90 execution, -O1
FAIL: gfortran.fortran-torture/execute/forall_3.f90 execution, -O2
FAIL: gfortran.fortran-torture/execute/forall_3.f90 execution, -O3 -fomit-frame-pointer
FAIL: gfortran.fortran-torture/execute/forall_3.f90 execution, -O3 -fomit-frame-pointer -funroll-loops
FAIL: gfortran.fortran-torture/execute/forall_3.f90 execution, -O3 -fomit-frame-pointer -funroll-all-loops -finline-functions
FAIL: gfortran.fortran-torture/execute/forall_3.f90 execution, -O3 -g
FAIL: gfortran.fortran-torture/execute/forall_3.f90 execution, -Os
=== gfortran Summary ===
# of expected passes 5552
# of unexpected failures 8
# of unexpected successes 8
# of expected failures 18
# of unsupported tests 8
/tmp/cvs/gcc-20050317/Build/gcc/testsuite/../gfortran version 4.0.0 20050317 (prerelease)
=== objc tests ===
Running target unix
=== objc Summary ===
# of expected passes 1532
# of unsupported tests 11
/tmp/cvs/gcc-20050317/Build/gcc/xgcc version 4.0.0 20050317 (prerelease)
=== libffi tests ===
Running target unix
=== libffi Summary ===
# of expected passes 219
# of unsupported tests 2
=== libjava tests ===
Running target unix
=== libjava Summary ===
# of expected passes 3772
# of expected failures 14
# of untested testcases 16
=== libmudflap tests ===
Running target unix
=== libmudflap Summary ===
# of expected passes 1288
=== libstdc++-v3 check-abi Summary ===
# of added symbols: 56
# of missing symbols: 0
# of incompatible symbols: 2
using: /tmp/cvs/gcc-20050317/libstdc++-v3/config/abi/ia64-linux-gnu/baseline_symbols.txt
=== libstdc++ tests ===
Running target unix
XPASS: 22_locale/locale/cons/12658_thread-1.cc execution test
XPASS: 26_numerics/cmath/c99_classification_macros_c.cc (test for excess errors)
XPASS: 27_io/fpos/14320-1.cc execution test
=== libstdc++ Summary ===
# of expected passes 3617
# of unexpected successes 3
# of expected failures 7
Compiler version: 4.0.0 20050317 (prerelease)
Platform: ia64-suse-linux-gnu
configure flags: --host=ia64-suse-linux --enable-shared --enable-threads --enable-__cxa_atexit --with-system-zlib --with-system-libunwind --enable-languages=c,ada,c++,f95,java,objc
More information about the Gcc-testresults
mailing list