Results for 4.1.0 20050316 (experimental) testsuite on i686-pc-linux-gnu
Andrew Pinski
pinskia@physics.uc.edu
Wed Mar 16 12:46:00 GMT 2005
LAST_UPDATED: Wed Mar 16 05:04:12 UTC 2005
Native configuration is i686-pc-linux-gnu
=== g++ tests ===
Running target unix
XPASS: g++.old-deja/g++.other/init5.C execution test
=== g++ Summary ===
# of expected passes 10935
# of unexpected successes 1
# of expected failures 66
# of unsupported tests 60
/home/gates/pinskia/src/gnu/gcc/src/objdir.linux/gcc/testsuite/../g++ version 4.1.0 20050316 (experimental)
=== gcc tests ===
Running target unix
XPASS: gcc.dg/vect/vect-22.c scan-tree-dump-times vectorized 3 loops 1
=== gcc Summary ===
# of expected passes 34999
# of unexpected successes 1
# of expected failures 101
# of untested testcases 28
# of unsupported tests 322
/home/gates/pinskia/src/gnu/gcc/src/objdir.linux/gcc/xgcc version 4.1.0 20050316 (experimental)
=== gfortran tests ===
Running target unix
XPASS: gfortran.dg/ret_pointer_1.f90 execution test
XPASS: gfortran.dg/ret_pointer_1.f90 execution test
XPASS: gfortran.dg/ret_pointer_1.f90 execution test
XPASS: gfortran.dg/ret_pointer_1.f90 execution test
XPASS: gfortran.dg/ret_pointer_1.f90 execution test
FAIL: gfortran.fortran-torture/execute/forall_3.f90 execution, -O1
=== gfortran Summary ===
# of expected passes 5559
# of unexpected failures 1
# of unexpected successes 5
# of expected failures 21
/home/gates/pinskia/src/gnu/gcc/src/objdir.linux/gcc/testsuite/../gfortran version 4.1.0 20050316 (experimental)
=== objc tests ===
Running target unix
=== objc Summary ===
# of expected passes 1534
# of unsupported tests 10
/home/gates/pinskia/src/gnu/gcc/src/objdir.linux/gcc/xgcc version 4.1.0 20050316 (experimental)
=== libffi tests ===
Running target unix
=== libffi Summary ===
# of expected passes 219
# of unsupported tests 2
=== libjava tests ===
Running target unix
=== libjava Summary ===
# of expected passes 3788
# of expected failures 10
# of untested testcases 8
=== libmudflap tests ===
Running target unix
FAIL: libmudflap.cth/pass40-frag.c execution test
FAIL: libmudflap.cth/pass40-frag.c output pattern test
FAIL: libmudflap.cth/pass40-frag.c (-O2) execution test
FAIL: libmudflap.cth/pass40-frag.c (-O2) output pattern test
FAIL: libmudflap.cth/pass40-frag.c (-O3) execution test
FAIL: libmudflap.cth/pass40-frag.c (-O3) output pattern test
=== libmudflap Summary ===
# of expected passes 1282
# of unexpected failures 6
=== libstdc++-v3 check-abi Summary ===
# of added symbols: 56
# of missing symbols: 0
# of incompatible symbols: 0
using: /home/peshtigo/pinskia/src/gnu/gcc/src/libstdc++-v3/config/abi/i486-linux-gnu/baseline_symbols.txt
=== libstdc++ tests ===
Running target unix
XPASS: 26_numerics/cmath/c99_classification_macros_c.cc (test for excess errors)
=== libstdc++ Summary ===
# of expected passes 3618
# of unexpected successes 1
# of expected failures 8
Compiler version: 4.1.0 20050316 (experimental)
Platform: i686-pc-linux-gnu
configure flags: --target=i686-pc-linux-gnu --host=i686-pc-linux-gnu --enable-__cxa_atexit --prefix=/home/gates/pinskia/linux --enable-threads=posix --enable-shared --enable-languages=c,c++,f95,java,objc
More information about the Gcc-testresults
mailing list