Results for 4.1.0 20050315 (experimental) testsuite on s390-ibm-linux-gnu
Ulrich Weigand
uweigand@de.ibm.com
Wed Mar 16 00:04:00 GMT 2005
LAST_UPDATED:
=== acats tests ===
FAIL: c32001e
FAIL: c52011a
FAIL: c64105b
FAIL: c95086b
FAIL: cd2b11a
FAIL: cd2b11b
FAIL: cdd2a02
FAIL: cxa4006
FAIL: cxa4017
FAIL: cxb5002
FAIL: cxf3a01
FAIL: cxf3a02
=== acats Summary ===
# of expected passes 2308
# of unexpected failures 12
Native configuration is s390-ibm-linux-gnu
=== g++ tests ===
Running target unix
XPASS: g++.old-deja/g++.other/init5.C execution test
=== g++ Summary ===
# of expected passes 10824
# of unexpected successes 1
# of expected failures 66
# of unsupported tests 91
/mnt/dasdc1/fsf/gcc-head-build/gcc/testsuite/../g++ version 4.1.0 20050315 (experimental)
=== gcc tests ===
Running target unix
WARNING: program timed out.
FAIL: gcc.dg/c99-intconst-1.c (test for excess errors)
XPASS: gcc.dg/tree-ssa/20040204-1.c scan-tree-dump-times link_error 0
=== gcc Summary ===
# of expected passes 32941
# of unexpected failures 1
# of unexpected successes 1
# of expected failures 75
# of untested testcases 28
# of unsupported tests 480
/mnt/dasdc1/fsf/gcc-head-build/gcc/xgcc version 4.1.0 20050315 (experimental)
=== gfortran tests ===
Running target unix
XPASS: gfortran.dg/ret_pointer_1.f90 -O0 execution test
XPASS: gfortran.dg/ret_pointer_1.f90 -O1 execution test
XPASS: gfortran.dg/ret_pointer_1.f90 -O2 execution test
XPASS: gfortran.dg/ret_pointer_1.f90 -O3 -fomit-frame-pointer execution test
XPASS: gfortran.dg/ret_pointer_1.f90 -O3 -fomit-frame-pointer -funroll-loops execution test
XPASS: gfortran.dg/ret_pointer_1.f90 -O3 -fomit-frame-pointer -funroll-all-loops -finline-functions execution test
XPASS: gfortran.dg/ret_pointer_1.f90 -O3 -g execution test
XPASS: gfortran.dg/ret_pointer_1.f90 -Os execution test
FAIL: gfortran.fortran-torture/execute/forall_3.f90 execution, -O0
FAIL: gfortran.fortran-torture/execute/forall_3.f90 execution, -O1
FAIL: gfortran.fortran-torture/execute/forall_3.f90 execution, -O2
FAIL: gfortran.fortran-torture/execute/forall_3.f90 execution, -O3 -fomit-frame-pointer
FAIL: gfortran.fortran-torture/execute/forall_3.f90 execution, -O3 -fomit-frame-pointer -funroll-loops
FAIL: gfortran.fortran-torture/execute/forall_3.f90 execution, -O3 -fomit-frame-pointer -funroll-all-loops -finline-functions
FAIL: gfortran.fortran-torture/execute/forall_3.f90 execution, -O3 -g
FAIL: gfortran.fortran-torture/execute/forall_3.f90 execution, -Os
FAIL: gfortran.fortran-torture/execute/where_3.f90 execution, -O2
FAIL: gfortran.fortran-torture/execute/where_3.f90 execution, -O3 -fomit-frame-pointer
FAIL: gfortran.fortran-torture/execute/where_3.f90 execution, -O3 -fomit-frame-pointer -funroll-loops
FAIL: gfortran.fortran-torture/execute/where_3.f90 execution, -O3 -fomit-frame-pointer -funroll-all-loops -finline-functions
FAIL: gfortran.fortran-torture/execute/where_3.f90 execution, -O3 -g
=== gfortran Summary ===
# of expected passes 5531
# of unexpected failures 13
# of unexpected successes 8
# of expected failures 18
# of unsupported tests 8
/mnt/dasdc1/fsf/gcc-head-build/gcc/testsuite/../gfortran version 4.1.0 20050315 (experimental)
=== objc tests ===
Running target unix
=== objc Summary ===
# of expected passes 1534
# of unsupported tests 10
/mnt/dasdc1/fsf/gcc-head-build/gcc/xgcc version 4.1.0 20050315 (experimental)
=== libffi tests ===
Running target unix
=== libffi Summary ===
# of expected passes 219
# of unsupported tests 2
=== libjava tests ===
Running target unix
WARNING: program timed out.
FAIL: PR18699 execution - gij test
WARNING: program timed out.
FAIL: PR18699 execution - gij test
=== libjava Summary ===
# of expected passes 3784
# of unexpected failures 2
# of expected failures 10
# of untested testcases 10
=== libmudflap tests ===
Running target unix
=== libmudflap Summary ===
# of expected passes 1288
=== libstdc++-v3 check-abi Summary ===
# of added symbols: 65
# of missing symbols: 0
# of incompatible symbols: 0
using: /home/uweigand/fsf/gcc-head/libstdc++-v3/config/abi/s390-linux-gnu/baseline_symbols.txt
=== libstdc++ tests ===
Running target unix
XPASS: 26_numerics/cmath/c99_classification_macros_c.cc (test for excess errors)
=== libstdc++ Summary ===
# of expected passes 3618
# of unexpected successes 1
# of expected failures 8
Compiler version: 4.1.0 20050315 (experimental)
Platform: s390-ibm-linux-gnu
configure flags: --prefix=/home/uweigand/fsf/gcc-head-install --enable-__cxa_atexit --enable-languages=c,ada,c++,f95,java,objc
More information about the Gcc-testresults
mailing list