Results for 4.1.0 20050315 (experimental) testsuite on i686-pc-linux-gnu
Andris Pavenis
pavenis@latnet.lv
Tue Mar 15 21:28:00 GMT 2005
Last updated from CVS: 2005 Mar 15 20:39 +0200
LAST_UPDATED: Tue Mar 15 14:18:02 UTC 2005
Native configuration is i686-pc-linux-gnu
=== g++ tests ===
Running target unix
=== g++ Summary ===
# of expected passes 10893
# of expected failures 67
# of unsupported tests 56
/mnt/hd/hda8/cvs/gcc/4.1/build/build.lnx/gcc/testsuite/../g++ version 4.1.0 20050315 (experimental)
=== gcc tests ===
Running target unix
WARNING: program timed out.
FAIL: gcc.c-torture/compile/20001226-1.c -O0 (test for excess errors)
FAIL: gcc.dg/assign-warn-2.c (test for errors, line 124)
FAIL: gcc.dg/assign-warn-2.c (test for excess errors)
XPASS: gcc.dg/vect/vect-22.c scan-tree-dump-times vectorized 3 loops 1
=== gcc Summary ===
# of expected passes 33760
# of unexpected failures 3
# of unexpected successes 1
# of expected failures 101
# of untested testcases 28
# of unsupported tests 322
/mnt/hd/hda8/cvs/gcc/4.1/build/build.lnx/gcc/xgcc version 4.1.0 20050315 (experimental)
=== objc tests ===
Running target unix
=== objc Summary ===
# of expected passes 1534
# of unsupported tests 10
/mnt/hd/hda8/cvs/gcc/4.1/build/build.lnx/gcc/xgcc version 4.1.0 20050315 (experimental)
=== libffi tests ===
Running target unix
=== libffi Summary ===
# of expected passes 219
# of unsupported tests 2
=== libjava tests ===
Running target unix
=== libjava Summary ===
# of expected passes 3788
# of expected failures 10
# of untested testcases 8
=== libmudflap tests ===
Running target unix
WARNING: program timed out.
FAIL: libmudflap.cth/pass40-frag.c execution test
FAIL: libmudflap.cth/pass40-frag.c output pattern test
WARNING: program timed out.
FAIL: libmudflap.cth/pass40-frag.c (-static -DSTATIC) execution test
FAIL: libmudflap.cth/pass40-frag.c (-static -DSTATIC) output pattern test
WARNING: program timed out.
FAIL: libmudflap.cth/pass40-frag.c (-O2) execution test
FAIL: libmudflap.cth/pass40-frag.c (-O2) output pattern test
WARNING: program timed out.
FAIL: libmudflap.cth/pass40-frag.c (-O3) execution test
FAIL: libmudflap.cth/pass40-frag.c (-O3) output pattern test
=== libmudflap Summary ===
# of expected passes 1280
# of unexpected failures 8
=== libstdc++-v3 check-abi Summary ===
# of added symbols: 56
# of missing symbols: 0
# of incompatible symbols: 0
using: /mnt/hd/hda8/cvs/gcc/4.1/build/gcc/libstdc++-v3/config/abi/i486-linux-gnu/baseline_symbols.txt
=== libstdc++ tests ===
Running target unix
XPASS: 26_numerics/cmath/c99_classification_macros_c.cc (test for excess errors)
=== libstdc++ Summary ===
# of expected passes 3618
# of unexpected successes 1
# of expected failures 8
Compiler version: 4.1.0 20050315 (experimental)
Platform: i686-pc-linux-gnu
configure flags: --prefix=/disk2/gcc40 --enable-shared --verbose --enable-threads=posix --enable-languages=c,c++,java,objc
Counting all warnings,
there are 15 warnings in stage3 of this bootstrap.
Number of warnings per file:
4 gcc/gcc.c
3 gengtype-lex.c
3 /usr/share/bison/bison.simple
2 gcc/objc/lang-specs.h
2 gcc/config/i386/i386.md
1 gcc/java/jvspec.c
Number of warning types:
8 string length `???' is greater than the length `???' ISO C89 compilers are required to support
6 old-style function definition
1 operand 1 missing mode?
More information about the Gcc-testresults
mailing list