Results for 4.1.0 20050311 (experimental) testsuite on sparc-unknown-linux-gnu
Christian Joensson
chj@j-son.org
Mon Mar 14 06:25:00 GMT 2005
Aurora SPARC Linux release 2.0 (Kashmir FC3) UltraSparc I (SpitFire) sun4u:
binutils-2.15.92.0.2-5
bison-1.875c-2 - sparc
dejagnu-1.4.4-2 - noarch
expect-5.42.1-1 - sparc
gcc-3.4.2-6.fc3 - sparc
gcc4-4.0.0-0.8sparc - sparc
glibc-2.3.3-99 - sparc64
glibc-2.3.3-99 - sparcv9
glibc-headers-2.3.3-99 - sparc64
glibc-kernheaders-2.6-20sparc - sparc
kernel-2.6.10-1.1110sparc18 - sparc64
package kernel-smp is not installed
make-3.80-5 - sparc
nptl-devel-2.3.3-99 - sparcv9
tcl-8.4.7-2 - sparc
LAST_UPDATED: Fri Mar 11 14:34:03 UTC 2005
=== acats tests ===
FAIL: c32001e
FAIL: c391002
FAIL: c432002
FAIL: c43214c
FAIL: c52011a
FAIL: c64105b
FAIL: c95086b
FAIL: cd2b11a
FAIL: cd2b11b
FAIL: cxa4006
FAIL: cxa4017
=== acats Summary ===
# of expected passes 2309
# of unexpected failures 11
Native configuration is sparc-unknown-linux-gnu
=== gcc tests ===
Running target unix
=== gcc Summary ===
# of expected passes 32922
# of expected failures 102
# of untested testcases 28
# of unsupported tests 507
/usr/local/src/trunk/objdir32/gcc/xgcc version 4.1.0 20050311 (experimental)
=== gfortran tests ===
Running target unix
XPASS: gfortran.dg/ret_pointer_1.f90 -O0 execution test
XPASS: gfortran.dg/ret_pointer_1.f90 -O1 execution test
XPASS: gfortran.dg/ret_pointer_1.f90 -O2 execution test
XPASS: gfortran.dg/ret_pointer_1.f90 -O3 -fomit-frame-pointer execution test
XPASS: gfortran.dg/ret_pointer_1.f90 -O3 -fomit-frame-pointer -funroll-loops execution test
XPASS: gfortran.dg/ret_pointer_1.f90 -O3 -fomit-frame-pointer -funroll-all-loops -finline-functions execution test
XPASS: gfortran.dg/ret_pointer_1.f90 -O3 -g execution test
FAIL: gfortran.fortran-torture/execute/forall_3.f90 execution, -O1
=== gfortran Summary ===
# of expected passes 5455
# of unexpected failures 1
# of unexpected successes 7
# of expected failures 19
# of unsupported tests 8
/usr/local/src/trunk/objdir32/gcc/testsuite/../gfortran version 4.1.0 20050311 (experimental)
=== g++ tests ===
Running target unix
ERROR: g++.dg/abi/rtti1.C: error executing dg-final: couldn't execute "c++filt": no such file or directory
UNRESOLVED: g++.dg/abi/rtti1.C: error executing dg-final: couldn't execute "c++filt": no such file or directory
XPASS: g++.old-deja/g++.other/init5.C execution test
=== g++ Summary ===
# of expected passes 10729
# of unexpected successes 1
# of expected failures 70
# of unresolved testcases 1
# of unsupported tests 89
/usr/local/src/trunk/objdir32/gcc/testsuite/../g++ version 4.1.0 20050311 (experimental)
=== objc tests ===
Running target unix
=== objc Summary ===
# of expected passes 1534
# of unsupported tests 10
/usr/local/src/trunk/objdir32/gcc/xgcc version 4.1.0 20050311 (experimental)
=== treelang tests ===
Running target unix
=== treelang Summary ===
# of expected passes 47
=== libffi tests ===
Running target unix
=== libffi Summary ===
# of expected passes 219
# of unsupported tests 2
=== libjava tests ===
Running target unix
WARNING: program timed out.
FAIL: SyncTest execution - source compiled test
WARNING: program timed out.
FAIL: SyncTest execution - gij test
WARNING: program timed out.
FAIL: SyncTest execution - bytecode->native test
WARNING: program timed out.
FAIL: SyncTest -O3 execution - source compiled test
WARNING: program timed out.
FAIL: SyncTest execution - gij test
WARNING: program timed out.
FAIL: SyncTest -O3 execution - bytecode->native test
=== libjava Summary ===
# of expected passes 3776
# of unexpected failures 6
# of expected failures 10
# of untested testcases 14
=== libmudflap tests ===
Running target unix
FAIL: libmudflap.c/pass54-frag.c execution test
FAIL: libmudflap.c/pass54-frag.c (-static) execution test
=== libmudflap Summary ===
# of expected passes 1286
# of unexpected failures 2
=== libstdc++-v3 check-abi Summary ===
# of added symbols: 65
# of missing symbols: 0
# of incompatible symbols: 0
using: /usr/local/src/trunk/gcc/libstdc++-v3/config/abi/sparc-linux-gnu/baseline_symbols.txt
=== libstdc++ tests ===
Running target unix
WARNING: program timed out.
FAIL: 22_locale/locale/cons/12658_thread-1.cc execution test
WARNING: program timed out.
FAIL: 22_locale/locale/cons/12658_thread-2.cc execution test
XPASS: 26_numerics/cmath/c99_classification_macros_c.cc (test for excess errors)
FAIL: ext/array_allocator/2.cc execution test
=== libstdc++ Summary ===
# of expected passes 3615
# of unexpected failures 3
# of unexpected successes 1
# of expected failures 8
Compiler version: 4.1.0 20050311 (experimental)
Platform: sparc-unknown-linux-gnu
configure flags: sparc-linux --enable-__cxa_atexit --enable-shared --enable-languages=c,ada,c++,f95,java,objc,treelang
Counting all warnings,
there are 130 warnings in stage0 of this bootstrap.
Number of warnings per file:
28 libmudflap/mf-hooks1.c
25 libiberty/concat.c
15 libiberty/regex.c
6 libmudflap/mf-runtime.c
6 libmudflap/mf-hooks3.c
6 include/xregex2.h
4 include/gc_config.h
4 include/config.h
2 raise.c
2 libiberty/pex-unix.c
2 libgfortran/generated/matmul_r8.c
2 libgfortran/generated/matmul_r4.c
2 libgfortran/generated/matmul_i8.c
2 libgfortran/generated/matmul_i4.c
2 libgfortran/generated/matmul_c8.c
2 libgfortran/generated/matmul_c4.c
2 gcc/boehm-gc/os_dep.c
2 fastjar/shift.c
1 libobjc/thr.c
1 libobjc/sendmsg.c
1 libmath/stubs.c
1 libjava/prims.cc
1 libjava/gnu/gcj/io/shs.cc
1 libgfortran/generated/transpose_i8.c
1 libgfortran/generated/transpose_i4.c
1 libgfortran/generated/transpose_c8.c
1 libgfortran/generated/transpose_c4.c
1 libgfortran/generated/matmul_l8.c
1 libgfortran/generated/matmul_l4.c
1 java/net/natNetworkInterface.cc
1 gcc/coretypes.h
1 gcc/boehm-gc/mark_rts.c
1 fastjar/jartool.c
1 fastjar/compress.c
Number of warning types:
34 \`???' aliased to undefined symbol \`???'
25 traditional C rejects ISO C style function definitions
18 passing argument 1 of \`???' from incompatible pointer type
15 signed and unsigned type in conditional expression
5 this is the location of the previous definition
4 ISO C90 does not support \`static' or type qualifiers in parameter array declarators
2 variable \`???' might be clobbered by \`???' or \`???'
2 unused parameter \`???'
2 pointer targets in assignment differ in signedness
2 ISO C90 does not support \`???' or type qualifiers in parameter array declarators
2 \`???' is deprecated (declared at /usr/include/signal.h:184)
2 format \`???' expects type \`???', but argument 6 has type \`???'
2 format \`???' expects type \`???', but argument 4 has type \`???'
2 format \`???' expects type \`???', but argument 15 has type \`???'
2 comparison between signed and unsigned
1 string length \`???' is greater than the length \`???' ISO C89 compilers are required to support
1 \`rtx' redefined
1 \`PACKAGE_VERSION' redefined
1 \`PACKAGE_TARNAME' redefined
1 \`PACKAGE_STRING' redefined
1 \`PACKAGE_NAME' redefined
1 incompatible implicit declaration of built-in function \`???'
1 function returns address of local variable
1 \`???' function does return
1 \`???' declared \`???' but never defined
1 comparison between signed and unsigned integer expressions
Counting all warnings,
there are 18 warnings in stage3 of this bootstrap.
Number of warnings per file:
4 gcc/gcc.c
3 treelang/lex.c
3 gengtype-lex.c
2 gcc/objc/lang-specs.h
1 gcc/treelang/parse.y
1 gcc/java/jvspec.c
1 gcc/fortran/trans-common.c
1 gcc/fortran/simplify.c
1 gcc/fortran/resolve.c
1 gcc/fortran/expr.c
Number of warning types:
7 string length \`???' is greater than the length \`???' ISO C89 compilers are required to support
6 old-style function definition
5 control may reach end of non-void function \`???' being inlined
More information about the Gcc-testresults
mailing list