Results for 4.1.0 20050313 (experimental) testsuite on x86_64-mandrake-linux-gnu
Eric Botcazou
eric@localhost.localhost
Sun Mar 13 23:04:00 GMT 2005
LAST_UPDATED: Sun Mar 13 07:41:12 UTC 2005
Native configuration is x86_64-mandrake-linux-gnu
=== libffi tests ===
Running target unix
=== libffi Summary for unix ===
# of expected passes 219
# of unsupported tests 2
Running target unix/-m32
=== libffi Summary for unix/-m32 ===
# of expected passes 219
# of unsupported tests 2
=== libffi Summary ===
# of expected passes 438
# of unsupported tests 4
=== libjava tests ===
Running target unix
=== libjava Summary for unix ===
# of expected passes 3788
# of expected failures 10
# of untested testcases 8
Running target unix/-m32
FAIL: PR16923.c compilation
=== libjava Summary for unix/-m32 ===
# of expected passes 3786
# of unexpected failures 1
# of expected failures 10
# of untested testcases 8
=== libjava Summary ===
# of expected passes 7574
# of unexpected failures 1
# of expected failures 20
# of untested testcases 16
=== libstdc++-v3 check-abi Summary ===
# of added symbols: 102
# of missing symbols: 46
# of incompatible symbols: 46
using: /home/eric/cvs/gcc/libstdc++-v3/config/abi/x86_64-linux-gnu/baseline_symbols.txt
=== libstdc++ tests ===
Running target unix
XPASS: 26_numerics/cmath/c99_classification_macros_c.cc (test for excess errors)
FAIL: 27_io/basic_ios/4.cc execution test
FAIL: 27_io/basic_iostream/4.cc execution test
FAIL: 27_io/basic_istream/4.cc execution test
FAIL: 27_io/basic_ostream/4.cc execution test
FAIL: 27_io/basic_streambuf/3.cc execution test
XPASS: 27_io/fpos/14320-1.cc execution test
FAIL: 27_io/objects/char/5268.cc execution test
FAIL: 27_io/objects/wchar_t/5268.cc execution test
FAIL: ext/stdio_sync_filebuf/char/12048-1.cc execution test
FAIL: ext/stdio_sync_filebuf/char/12048-2.cc execution test
FAIL: ext/stdio_sync_filebuf/wchar_t/12948-1.cc execution test
FAIL: ext/stdio_sync_filebuf/wchar_t/12948-2.cc execution test
=== libstdc++ Summary for unix ===
# of expected passes 3607
# of unexpected failures 11
# of unexpected successes 2
# of expected failures 7
Running target unix/-m32
XPASS: 26_numerics/cmath/c99_classification_macros_c.cc (test for excess errors)
=== libstdc++ Summary for unix/-m32 ===
# of expected passes 3618
# of unexpected successes 1
# of expected failures 8
=== libstdc++ Summary ===
# of expected passes 7225
# of unexpected failures 11
# of unexpected successes 3
# of expected failures 15
=== gcc tests ===
Running target unix
XPASS: gcc.dg/cpp/cmdlne-dI-M.c scan-file (^|\\\\n)cmdlne-dI-M.*:[^\\\\n]*cmdlne-dI-M.c
XPASS: gcc.dg/cpp/cmdlne-dM-M.c scan-file (^|\\\\n)cmdlne-dM-M[^\\\\n]*:[^\\\\n]*cmdlne-dM-M.c
FAIL: gcc.dg/tree-ssa/20031015-1.c scan-tree-dump-times V_MAY_DEF 2
XPASS: gcc.dg/vect/vect-22.c scan-tree-dump-times vectorized 3 loops 1
=== gcc Summary for unix ===
# of expected passes 33382
# of unexpected failures 1
# of unexpected successes 3
# of expected failures 103
# of untested testcases 28
# of unsupported tests 428
Running target unix/-m32
FAIL: gcc.c-torture/execute/ieee/20010114-2.c execution, -O1
FAIL: gcc.c-torture/execute/ieee/20010114-2.c execution, -O2
FAIL: gcc.c-torture/execute/ieee/20010114-2.c execution, -Os
FAIL: gcc.c-torture/execute/ieee/20030331-1.c execution, -O1
FAIL: gcc.c-torture/execute/ieee/20030331-1.c execution, -O2
FAIL: gcc.c-torture/execute/ieee/20030331-1.c execution, -O3 -fomit-frame-pointer
FAIL: gcc.c-torture/execute/ieee/20030331-1.c execution, -O3 -g
FAIL: gcc.c-torture/execute/ieee/20030331-1.c execution, -Os
FAIL: gcc.c-torture/execute/ieee/980619-1.c execution, -O1
FAIL: gcc.c-torture/execute/ieee/980619-1.c execution, -O2
FAIL: gcc.c-torture/execute/ieee/980619-1.c execution, -O3 -fomit-frame-pointer
FAIL: gcc.c-torture/execute/ieee/980619-1.c execution, -O3 -fomit-frame-pointer -funroll-loops
FAIL: gcc.c-torture/execute/ieee/980619-1.c execution, -O3 -fomit-frame-pointer -funroll-all-loops -finline-functions
FAIL: gcc.c-torture/execute/ieee/980619-1.c execution, -O3 -g
FAIL: gcc.c-torture/execute/ieee/980619-1.c execution, -Os
XPASS: gcc.dg/cpp/cmdlne-dI-M.c scan-file (^|\\\\n)cmdlne-dI-M.*:[^\\\\n]*cmdlne-dI-M.c
XPASS: gcc.dg/cpp/cmdlne-dM-M.c scan-file (^|\\\\n)cmdlne-dM-M[^\\\\n]*:[^\\\\n]*cmdlne-dM-M.c
FAIL: gcc.dg/tree-ssa/20031015-1.c scan-tree-dump-times V_MAY_DEF 2
XPASS: gcc.dg/vect/vect-22.c scan-tree-dump-times vectorized 3 loops 1
WARNING: program timed out.
FAIL: gcc.misc-tests/gcov-9.c execution test
WARNING: program timed out.
FAIL: gcc.misc-tests/linkage.c compile
WARNING: program timed out.
FAIL: gcc.misc-tests/mg.c
WARNING: program timed out.
FAIL: compiler driver --coverage option(s) (compiler options)
WARNING: program timed out.
FAIL: gcc.target/i386/vect-args.c (test for excess errors)
WARNING: program timed out.
FAIL: gcc.target/i386/vect-args.c -O (test for excess errors)
WARNING: program timed out.
FAIL: gcc.target/i386/vect-args.c -mmmx (test for excess errors)
WARNING: program timed out.
FAIL: gcc.target/i386/vect-args.c -mmmx -O (test for excess errors)
WARNING: program timed out.
FAIL: gcc.target/i386/vect-args.c -m3dnow (test for excess errors)
WARNING: program timed out.
FAIL: gcc.target/i386/vect-args.c -m3dnow -O (test for excess errors)
WARNING: program timed out.
FAIL: gcc.target/i386/vect-args.c -msse (test for excess errors)
WARNING: program timed out.
FAIL: gcc.target/i386/vect-args.c -msse -O (test for excess errors)
WARNING: program timed out.
FAIL: gcc.target/i386/vect-args.c -msse2 (test for excess errors)
WARNING: program timed out.
FAIL: gcc.target/i386/vect-args.c -msse2 -O (test for excess errors)
WARNING: program timed out.
FAIL: gcc.target/i386/abi-1.c (test for excess errors)
WARNING: program timed out.
FAIL: gcc.target/i386/defines-1.c (test for excess errors)
WARNING: program timed out.
FAIL: gcc.target/i386/defines-2.c (test for excess errors)
WARNING: program timed out.
FAIL: gcc.target/i386/pr13366.c (test for excess errors)
WARNING: program timed out.
FAIL: gcc.target/i386/sse-1.c (test for excess errors)
=== gcc Summary for unix/-m32 ===
# of expected passes 33345
# of unexpected failures 35
# of unexpected successes 3
# of expected failures 99
# of untested testcases 28
# of unsupported tests 434
=== gcc Summary ===
# of expected passes 66727
# of unexpected failures 36
# of unexpected successes 6
# of expected failures 202
# of untested testcases 56
# of unsupported tests 862
WARNING: program timed out.
=== gfortran tests ===
Running target unix
XPASS: gfortran.dg/ret_pointer_1.f90 -O0 execution test
XPASS: gfortran.dg/ret_pointer_1.f90 -O1 execution test
XPASS: gfortran.dg/ret_pointer_1.f90 -O2 execution test
XPASS: gfortran.dg/ret_pointer_1.f90 -O3 -fomit-frame-pointer execution test
XPASS: gfortran.dg/ret_pointer_1.f90 -O3 -fomit-frame-pointer -funroll-loops execution test
XPASS: gfortran.dg/ret_pointer_1.f90 -O3 -fomit-frame-pointer -funroll-all-loops -finline-functions execution test
XPASS: gfortran.dg/ret_pointer_1.f90 -O3 -g execution test
XPASS: gfortran.dg/ret_pointer_1.f90 -Os execution test
FAIL: gfortran.fortran-torture/execute/forall_3.f90 execution, -O0
FAIL: gfortran.fortran-torture/execute/forall_3.f90 execution, -O2
FAIL: gfortran.fortran-torture/execute/forall_3.f90 execution, -O3 -fomit-frame-pointer
FAIL: gfortran.fortran-torture/execute/forall_3.f90 execution, -O3 -fomit-frame-pointer -funroll-loops
FAIL: gfortran.fortran-torture/execute/forall_3.f90 execution, -O3 -fomit-frame-pointer -funroll-all-loops -finline-functions
FAIL: gfortran.fortran-torture/execute/forall_3.f90 execution, -O3 -g
FAIL: gfortran.fortran-torture/execute/forall_3.f90 execution, -Os
=== gfortran Summary for unix ===
# of expected passes 5465
# of unexpected failures 7
# of unexpected successes 8
# of expected failures 18
# of unsupported tests 8
Running target unix/-m32
XPASS: gfortran.dg/ret_pointer_1.f90 -O0 execution test
XPASS: gfortran.dg/ret_pointer_1.f90 -O1 execution test
XPASS: gfortran.dg/ret_pointer_1.f90 -O2 execution test
XPASS: gfortran.dg/ret_pointer_1.f90 -O3 -fomit-frame-pointer execution test
XPASS: gfortran.dg/ret_pointer_1.f90 -O3 -fomit-frame-pointer -funroll-loops execution test
XPASS: gfortran.dg/ret_pointer_1.f90 -O3 -fomit-frame-pointer -funroll-all-loops -finline-functions execution test
XPASS: gfortran.dg/ret_pointer_1.f90 -O3 -g execution test
XPASS: gfortran.dg/ret_pointer_1.f90 -Os execution test
FAIL: gfortran.fortran-torture/execute/forall_3.f90 execution, -O1
=== gfortran Summary for unix/-m32 ===
# of expected passes 5471
# of unexpected failures 1
# of unexpected successes 8
# of expected failures 18
# of unsupported tests 8
=== gfortran Summary ===
# of expected passes 10936
# of unexpected failures 8
# of unexpected successes 16
# of expected failures 36
# of unsupported tests 16
/home/eric/build/gcc/native/gcc/testsuite/../gfortran version 4.1.0 20050313 (experimental)
=== g++ tests ===
Running target unix
XPASS: g++.old-deja/g++.other/init5.C execution test
=== g++ Summary for unix ===
# of expected passes 10699
# of unexpected successes 1
# of expected failures 70
# of unsupported tests 90
Running target unix/-m32
FAIL: g++.dg/eh/simd-1.C (test for excess errors)
FAIL: g++.dg/eh/simd-2.C (test for excess errors)
XPASS: g++.old-deja/g++.other/init5.C execution test
=== g++ Summary for unix/-m32 ===
# of expected passes 10729
# of unexpected failures 2
# of unexpected successes 1
# of expected failures 70
# of unsupported tests 88
=== g++ Summary ===
# of expected passes 21428
# of unexpected failures 2
# of unexpected successes 2
# of expected failures 140
# of unsupported tests 178
/home/eric/build/gcc/native/gcc/testsuite/../g++ version 4.1.0 20050313 (experimental)
=== objc tests ===
Running target unix
=== objc Summary for unix ===
# of expected passes 1534
# of unsupported tests 10
Running target unix/-m32
=== objc Summary for unix/-m32 ===
# of expected passes 1534
# of unsupported tests 10
=== objc Summary ===
# of expected passes 3068
# of unsupported tests 20
/home/eric/build/gcc/native/gcc/xgcc version 4.1.0 20050313 (experimental)
=== treelang tests ===
Running target unix
=== treelang Summary for unix ===
# of expected passes 47
Running target unix/-m32
=== treelang Summary for unix/-m32 ===
=== treelang Summary ===
# of expected passes 47
Compiler version: 4.1.0 20050313 (experimental)
Platform: x86_64-mandrake-linux-gnu
configure flags: amd64-mandrake-linux-gnu --prefix=/home/eric/install/gcc/native --enable-__cxa_atexit --enable-checking=assert,misc,tree,rtl,rtlflag --disable-libmudflap --enable-languages=c,c++,f95,java,objc,treelang
BOOT_CFLAGS=-g -O2
More information about the Gcc-testresults
mailing list