Results for 4.1.0-tcb (merged 20050223) testsuite on i686-pc-linux-gnu
Diego Novillo
dnovillo@redhat.com
Thu Mar 10 15:32:00 GMT 2005
LAST_UPDATED:
Native configuration is i686-pc-linux-gnu
=== g++ tests ===
Running target unix
FAIL: g++.dg/opt/static3.C (test for excess errors)
FAIL: g++.dg/parse/constant7.C (test for excess errors)
FAIL: g++.dg/parse/error26.C (test for errors, line 6)
FAIL: g++.dg/parse/error26.C (test for errors, line 11)
FAIL: g++.dg/parse/error26.C (test for excess errors)
FAIL: g++.dg/parse/error27.C (test for excess errors)
FAIL: g++.dg/template/qualttp15.C (test for errors, line 20)
FAIL: g++.dg/template/qualttp15.C (test for excess errors)
FAIL: g++.dg/tree-ssa/pr19952.C (test for excess errors)
FAIL: g++.old-deja/g++.other/struct1.C (test for errors, line 12)
FAIL: g++.old-deja/g++.other/struct1.C (test for errors, line 19)
FAIL: g++.old-deja/g++.other/struct1.C (test for errors, line 26)
FAIL: g++.old-deja/g++.other/struct1.C (test for errors, line 33)
FAIL: g++.old-deja/g++.other/struct1.C (test for errors, line 40)
FAIL: g++.old-deja/g++.other/struct1.C (test for excess errors)
=== g++ Summary ===
# of expected passes 10741
# of unexpected failures 15
# of expected failures 71
# of unsupported tests 56
/notnfs/dnovillo/sbox/tcb/bld.toohappy/gcc/testsuite/../g++ version 4.1.0-tcb (merged 20050223)
=== gcc tests ===
Running target unix
FAIL: gcc.c-torture/execute/20030216-1.c compilation, -O1
UNRESOLVED: gcc.c-torture/execute/20030216-1.c execution, -O1
FAIL: gcc.c-torture/execute/20030216-1.c compilation, -O2
UNRESOLVED: gcc.c-torture/execute/20030216-1.c execution, -O2
FAIL: gcc.c-torture/execute/20030216-1.c compilation, -O3 -fomit-frame-pointer
UNRESOLVED: gcc.c-torture/execute/20030216-1.c execution, -O3 -fomit-frame-pointer
FAIL: gcc.c-torture/execute/20030216-1.c compilation, -O3 -g
UNRESOLVED: gcc.c-torture/execute/20030216-1.c execution, -O3 -g
FAIL: gcc.c-torture/execute/20030216-1.c compilation, -Os
UNRESOLVED: gcc.c-torture/execute/20030216-1.c execution, -Os
FAIL: gcc.dg/pr17635.c (test for excess errors)
FAIL: gcc.dg/pr18501.c conditional in loop (test for warnings, line 12)
XPASS: gcc.dg/uninit-5.c uninitialized variable warning (test for bogus messages, line 12)
XPASS: gcc.dg/uninit-5.c uninitialized variable warning (test for bogus messages, line 26)
XPASS: gcc.dg/uninit-9.c uninitialized variable warning (test for bogus messages, line 26)
XPASS: gcc.dg/vect/vect-22.c scan-tree-dump-times vectorized 3 loops 1
XPASS: gcc.dg/vect/vect-67.c scan-tree-dump-times vectorized 1 loops 1
=== gcc Summary ===
# of expected passes 33283
# of unexpected failures 7
# of unexpected successes 5
# of expected failures 97
# of unresolved testcases 5
# of untested testcases 28
# of unsupported tests 307
/notnfs/dnovillo/sbox/tcb/bld.toohappy/gcc/xgcc version 4.1.0-tcb (merged 20050223)
=== gfortran tests ===
Running target unix
FAIL: gfortran.dg/list_read_4.f90 (test for excess errors)
WARNING: gfortran.dg/list_read_4.f90 compilation failed to produce executable
FAIL: gfortran.dg/list_read_4.f90 (test for excess errors)
WARNING: gfortran.dg/list_read_4.f90 compilation failed to produce executable
FAIL: gfortran.dg/list_read_4.f90 (test for excess errors)
WARNING: gfortran.dg/list_read_4.f90 compilation failed to produce executable
FAIL: gfortran.dg/list_read_4.f90 (test for excess errors)
WARNING: gfortran.dg/list_read_4.f90 compilation failed to produce executable
FAIL: gfortran.dg/list_read_4.f90 (test for excess errors)
WARNING: gfortran.dg/list_read_4.f90 compilation failed to produce executable
FAIL: gfortran.dg/list_read_4.f90 (test for excess errors)
WARNING: gfortran.dg/list_read_4.f90 compilation failed to produce executable
FAIL: gfortran.dg/list_read_4.f90 (test for excess errors)
WARNING: gfortran.dg/list_read_4.f90 compilation failed to produce executable
FAIL: gfortran.dg/list_read_4.f90 (test for excess errors)
WARNING: gfortran.dg/list_read_4.f90 compilation failed to produce executable
XPASS: gfortran.dg/ret_pointer_1.f90 execution test
XPASS: gfortran.dg/ret_pointer_1.f90 execution test
XPASS: gfortran.dg/ret_pointer_1.f90 execution test
XPASS: gfortran.dg/ret_pointer_1.f90 execution test
XPASS: gfortran.dg/ret_pointer_1.f90 execution test
FAIL: gfortran.dg/g77/dnrm2.f execution test
FAIL: gfortran.dg/g77/dnrm2.f execution test
FAIL: gfortran.dg/g77/dnrm2.f execution test
FAIL: gfortran.dg/g77/dnrm2.f execution test
FAIL: gfortran.dg/g77/dnrm2.f execution test
FAIL: gfortran.dg/g77/dnrm2.f execution test
FAIL: gfortran.dg/g77/dnrm2.f execution test
FAIL: gfortran.fortran-torture/execute/forall_3.f90 execution, -O1
=== gfortran Summary ===
# of expected passes 5307
# of unexpected failures 16
# of unexpected successes 5
# of expected failures 21
/notnfs/dnovillo/sbox/tcb/bld.toohappy/gcc/testsuite/../gfortran version 4.1.0-tcb (merged 20050223)
=== objc tests ===
Running target unix
=== objc Summary ===
# of expected passes 1534
# of unsupported tests 10
/notnfs/dnovillo/sbox/tcb/bld.toohappy/gcc/xgcc version 4.1.0-tcb (merged 20050223)
=== libffi tests ===
Running target unix
=== libffi Summary ===
# of expected passes 216
# of unsupported tests 2
=== libjava tests ===
Running target unix
FAIL: LargeFile execution - source compiled test
FAIL: LargeFile execution - gij test
FAIL: LargeFile execution - bytecode->native test
FAIL: LargeFile -O3 execution - source compiled test
FAIL: LargeFile execution - gij test
FAIL: LargeFile -O3 execution - bytecode->native test
=== libjava Summary ===
# of expected passes 3757
# of unexpected failures 6
# of expected failures 14
# of untested testcases 22
=== libmudflap tests ===
Running target unix
=== libmudflap Summary ===
# of expected passes 1288
=== libstdc++-v3 check-abi Summary ===
# of added symbols: 56
# of missing symbols: 0
# of incompatible symbols: 2
using: /home/cygnus/dnovillo/perf/sbox/tcb/local.i686/src/libstdc++-v3/config/abi/i486-linux-gnu/baseline_symbols.txt
=== libstdc++ tests ===
Running target unix
XPASS: 22_locale/locale/cons/12658_thread-1.cc execution test
XPASS: 26_numerics/cmath/c99_classification_macros_c.cc (test for excess errors)
=== libstdc++ Summary ===
# of expected passes 3579
# of unexpected successes 2
# of expected failures 8
Compiler version: 4.1.0-tcb (merged 20050223)
Platform: i686-pc-linux-gnu
configure flags: --prefix=/home/cygnus/dnovillo/perf/sbox/tcb/local.i686/inst.toohappy --srcdir=/home/cygnus/dnovillo/perf/sbox/tcb/local.i686/src --disable-multilib --enable-mpfr --with-gmp=/home/cygnus/dnovillo/i686 --enable-languages=c,c++,f95,java,objc
More information about the Gcc-testresults
mailing list