*** PROBABLY SPAM *** Results for 4.1.0 20050307 (experimental) testsuite on x86_64-unknown-linux-gnu
Laurent GUERBY
laurent@guerby.net
Tue Mar 8 06:35:00 GMT 2005
LAST_UPDATED: Mon Mar 7 22:56:12 UTC 2005
=== acats tests ===
FAIL: c37402a
FAIL: c391002
FAIL: c432002
FAIL: c43214c
FAIL: c954025
FAIL: c99004a
FAIL: cdd2a02
FAIL: cxa4006
FAIL: cxa4017
FAIL: cxa5012
=== acats Summary ===
# of expected passes 2310
# of unexpected failures 10
Native configuration is x86_64-unknown-linux-gnu
=== gcc tests ===
Running target unix
FAIL: gcc.dg/pr15784-4.c scan-tree-dump ~x;
FAIL: gcc.dg/pr15784-4.c scan-tree-dump -x;
XPASS: gcc.dg/vect/vect-22.c scan-tree-dump-times vectorized 3 loops 1
=== gcc Summary ===
# of expected passes 33069
# of unexpected failures 2
# of unexpected successes 1
# of expected failures 105
# of untested testcases 28
# of unsupported tests 426
/home/guerby/work/gcc/build/build-20050308T002753/gcc/xgcc version 4.1.0 20050307 (experimental)
Compiler version: 4.1.0 20050307 (experimental)
Platform: x86_64-unknown-linux-gnu
configure flags: --prefix=/home/guerby/work/gcc/install/install-20050308T002753 --enable-__cxa_atexit --disable-nls --enable-threads=posix --enable-checking --enable-languages=c,ada
More information about the Gcc-testresults
mailing list