Results for 4.1.0 20050304 (experimental) testsuite on powerpc64-unknown-linux-gnu
Jon Grimm
jgrimm@jupiter.ltc.austin.ibm.com
Fri Mar 4 12:14:00 GMT 2005
Linux 2.6.9-1.849_EL ppc64
GNU C Library stable release version 2.3.3
GNU ld version 2.15.94 20050124
GNU assembler 2.15.94 20050124
GNU Make 3.80
DejaGnu:
Expect version is 5.40.0
Tcl version is 8.4
Framework version is 1.4.4
64-bit biarch default64
Linux 2.6.9-1.849_EL ppc64
GNU C Library stable release version 2.3.3
GNU ld version 2.15.92
GNU assembler 2.15.92
GNU Make 3.80
DejaGnu:
Expect version is 5.42.1
Tcl version is 8.4.7
Framework version is 1.4.4
64-bit biarch default64
LAST_UPDATED: Fri Mar 4 08:34:36 UTC 2005
Native configuration is powerpc64-unknown-linux-gnu
=== g++ tests ===
Running target unix/-m32
=== g++ Summary for unix/-m32 ===
# of expected passes 10813
# of expected failures 70
# of unsupported tests 76
Running target unix/-m64
=== g++ Summary for unix/-m64 ===
# of expected passes 10775
# of expected failures 70
# of unsupported tests 79
=== g++ Summary ===
# of expected passes 21588
# of expected failures 140
# of unsupported tests 155
/home/jgrimm/build/nightly/build-gcc-mline64/gcc/testsuite/../g++ version 4.1.0 20050304 (experimental)
=== gcc tests ===
Running target unix/-m32
FAIL: gcc.dg/pr15784-4.c scan-tree-dump ~x;
FAIL: gcc.dg/pr15784-4.c scan-tree-dump -x;
=== gcc Summary for unix/-m32 ===
# of expected passes 35053
# of unexpected failures 2
# of expected failures 101
# of untested testcases 28
# of unsupported tests 438
Running target unix/-m64
FAIL: gcc.dg/pr15784-4.c scan-tree-dump ~x;
FAIL: gcc.dg/pr15784-4.c scan-tree-dump -x;
FAIL: gcc.dg/vmx/varargs-1.c -O3 -fomit-frame-pointer (test for excess errors)
WARNING: gcc.dg/vmx/varargs-1.c -O3 -fomit-frame-pointer compilation failed to produce executable
FAIL: gcc.dg/vmx/varargs-1.c -O3 -fomit-frame-pointer -funroll-loops (test for excess errors)
WARNING: gcc.dg/vmx/varargs-1.c -O3 -fomit-frame-pointer -funroll-loops compilation failed to produce executable
FAIL: gcc.dg/vmx/varargs-1.c -O3 -fomit-frame-pointer -funroll-all-loops -finline-functions (test for excess errors)
WARNING: gcc.dg/vmx/varargs-1.c -O3 -fomit-frame-pointer -funroll-all-loops -finline-functions compilation failed to produce executable
FAIL: gcc.dg/vmx/varargs-1.c -O3 -g (test for excess errors)
WARNING: gcc.dg/vmx/varargs-1.c -O3 -g compilation failed to produce executable
=== gcc Summary for unix/-m64 ===
# of expected passes 35047
# of unexpected failures 6
# of expected failures 108
# of untested testcases 28
# of unsupported tests 435
=== gcc Summary ===
# of expected passes 70100
# of unexpected failures 8
# of expected failures 209
# of untested testcases 56
# of unsupported tests 873
/home/jgrimm/build/nightly/build-gcc-mline64/gcc/xgcc version 4.1.0 20050304 (experimental)
=== gfortran tests ===
Running target unix/-m32
XPASS: gfortran.dg/ret_pointer_1.f90 -O0 execution test
XPASS: gfortran.dg/ret_pointer_1.f90 -O1 execution test
FAIL: gfortran.fortran-torture/execute/forall_3.f90 execution, -O0
FAIL: gfortran.fortran-torture/execute/forall_3.f90 execution, -O1
FAIL: gfortran.fortran-torture/execute/forall_3.f90 execution, -O2
FAIL: gfortran.fortran-torture/execute/forall_3.f90 execution, -O3 -fomit-frame-pointer
FAIL: gfortran.fortran-torture/execute/forall_3.f90 execution, -O3 -fomit-frame-pointer -funroll-loops
FAIL: gfortran.fortran-torture/execute/forall_3.f90 execution, -O3 -fomit-frame-pointer -funroll-all-loops -finline-functions
FAIL: gfortran.fortran-torture/execute/forall_3.f90 execution, -O3 -g
FAIL: gfortran.fortran-torture/execute/forall_3.f90 execution, -Os
=== gfortran Summary for unix/-m32 ===
# of expected passes 5392
# of unexpected failures 8
# of unexpected successes 2
# of expected failures 24
# of unsupported tests 8
Running target unix/-m64
XPASS: gfortran.dg/ret_pointer_1.f90 -O0 execution test
XPASS: gfortran.dg/ret_pointer_1.f90 -O1 execution test
XPASS: gfortran.dg/ret_pointer_1.f90 -O2 execution test
XPASS: gfortran.dg/ret_pointer_1.f90 -O3 -fomit-frame-pointer execution test
XPASS: gfortran.dg/ret_pointer_1.f90 -O3 -fomit-frame-pointer -funroll-loops execution test
XPASS: gfortran.dg/ret_pointer_1.f90 -O3 -fomit-frame-pointer -funroll-all-loops -finline-functions execution test
XPASS: gfortran.dg/ret_pointer_1.f90 -O3 -g execution test
XPASS: gfortran.dg/ret_pointer_1.f90 -Os execution test
FAIL: gfortran.fortran-torture/execute/forall_3.f90 execution, -O0
FAIL: gfortran.fortran-torture/execute/forall_3.f90 execution, -O1
FAIL: gfortran.fortran-torture/execute/forall_3.f90 execution, -O2
FAIL: gfortran.fortran-torture/execute/forall_3.f90 execution, -O3 -fomit-frame-pointer
FAIL: gfortran.fortran-torture/execute/forall_3.f90 execution, -O3 -fomit-frame-pointer -funroll-loops
FAIL: gfortran.fortran-torture/execute/forall_3.f90 execution, -O3 -fomit-frame-pointer -funroll-all-loops -finline-functions
FAIL: gfortran.fortran-torture/execute/forall_3.f90 execution, -O3 -g
FAIL: gfortran.fortran-torture/execute/forall_3.f90 execution, -Os
=== gfortran Summary for unix/-m64 ===
# of expected passes 5392
# of unexpected failures 8
# of unexpected successes 8
# of expected failures 18
# of unsupported tests 8
=== gfortran Summary ===
# of expected passes 10784
# of unexpected failures 16
# of unexpected successes 10
# of expected failures 42
# of unsupported tests 16
/home/jgrimm/build/nightly/build-gcc-mline64/gcc/testsuite/../gfortran version 4.1.0 20050304 (experimental)
=== objc tests ===
Running target unix/-m32
=== objc Summary for unix/-m32 ===
# of expected passes 1534
# of unsupported tests 10
Running target unix/-m64
=== objc Summary for unix/-m64 ===
# of expected passes 1534
# of unsupported tests 10
=== objc Summary ===
# of expected passes 3068
# of unsupported tests 20
/home/jgrimm/build/nightly/build-gcc-mline64/gcc/xgcc version 4.1.0 20050304 (experimental)
=== libmudflap tests ===
Running target unix/-m32
FAIL: libmudflap.cth/pass40-frag.c execution test
FAIL: libmudflap.cth/pass40-frag.c output pattern test
FAIL: libmudflap.cth/pass40-frag.c (-O2) execution test
FAIL: libmudflap.cth/pass40-frag.c (-O2) output pattern test
FAIL: libmudflap.cth/pass40-frag.c (-O3) execution test
FAIL: libmudflap.cth/pass40-frag.c (-O3) output pattern test
=== libmudflap Summary for unix/-m32 ===
# of expected passes 1282
# of unexpected failures 6
Running target unix/-m64
FAIL: libmudflap.c/fail27-frag.c output pattern test
FAIL: libmudflap.c/fail27-frag.c (-O2) output pattern test
FAIL: libmudflap.c/fail27-frag.c (-O3) output pattern test
=== libmudflap Summary for unix/-m64 ===
# of expected passes 1285
# of unexpected failures 3
=== libmudflap Summary ===
# of expected passes 2567
# of unexpected failures 9
=== libstdc++-v3 check-abi Summary ===
# of added symbols: 551
# of missing symbols: 486
# of incompatible symbols: 486
using: /home/jgrimm/src/gcc_mline64_anoncvs/gcc/libstdc++-v3/config/abi/powerpc-linux-gnu/baseline_symbols.txt
=== libstdc++ tests ===
Running target unix/-m32
XPASS: 22_locale/locale/cons/12658_thread-1.cc execution test
FAIL: 22_locale/messages/members/char/1.cc execution test
FAIL: 22_locale/messages/members/char/2.cc execution test
FAIL: 22_locale/messages/members/char/wrapped_env.cc execution test
FAIL: 22_locale/messages/members/char/wrapped_locale.cc execution test
FAIL: 22_locale/messages_byname/named_equivalence.cc execution test
XPASS: 26_numerics/cmath/c99_classification_macros_c.cc (test for excess errors)
=== libstdc++ Summary for unix/-m32 ===
# of expected passes 3608
# of unexpected failures 5
# of unexpected successes 2
# of expected failures 9
Running target unix/-m64
XPASS: 22_locale/locale/cons/12658_thread-1.cc execution test
XPASS: 26_numerics/cmath/c99_classification_macros_c.cc (test for excess errors)
XPASS: 27_io/fpos/14320-1.cc execution test
=== libstdc++ Summary for unix/-m64 ===
# of expected passes 3613
# of unexpected successes 3
# of expected failures 8
=== libstdc++ Summary ===
# of expected passes 7221
# of unexpected failures 5
# of unexpected successes 5
# of expected failures 17
Compiler version: 4.1.0 20050304 (experimental)
Platform: powerpc64-unknown-linux-gnu
configure flags: --prefix=/home/jgrimm/opt/gcc-nightly/mline64-20050304 --build=powerpc64-linux --host=powerpc64-linux --target=powerpc64-linux --with-cpu=default64 --with-as=/home/jgrimm/tools/binutils/bin/as --with-ld=/home/jgrimm/tools/binutils/bin/ld --enable-threads=posix --enable-shared --enable-__cxa_atexit --with-mpfr=/home/jgrimm/opt/gcc-nightly/gmp64 --enable-languages=c,c++,f95,objc
More information about the Gcc-testresults
mailing list