Results for 4.1.0-tcb (merged 20050223) testsuite on alphaev67-unknown-linux-gnu
Diego Novillo
dnovillo@redhat.com
Wed Mar 2 14:14:00 GMT 2005
LAST_UPDATED:
Native configuration is alphaev67-unknown-linux-gnu
=== libffi tests ===
Running target unix
=== libffi Summary ===
# of expected passes 216
# of unsupported tests 2
=== libjava tests ===
Running target unix
FAIL: G19990210_3 -O3 compilation from bytecode
FAIL: PR232B -O3 compilation from bytecode
FAIL: Array_3 execution - source compiled test
FAIL: Array_3 execution - gij test
FAIL: Array_3 execution - bytecode->native test
FAIL: Array_3 -O3 execution - source compiled test
FAIL: Array_3 execution - gij test
FAIL: Array_3 -O3 execution - bytecode->native test
FAIL: FileHandleGcTest execution - source compiled test
FAIL: FileHandleGcTest execution - bytecode->native test
FAIL: FileHandleGcTest -O3 execution - source compiled test
FAIL: FileHandleGcTest execution - gij test
FAIL: Invoke_1 execution - source compiled test
FAIL: Invoke_1 execution - bytecode->native test
FAIL: Invoke_1 -O3 execution - source compiled test
FAIL: Invoke_1 -O3 execution - bytecode->native test
FAIL: LargeFile execution - source compiled test
FAIL: LargeFile execution - gij test
FAIL: LargeFile execution - bytecode->native test
FAIL: LargeFile -O3 execution - source compiled test
FAIL: LargeFile execution - gij test
FAIL: LargeFile -O3 execution - bytecode->native test
FAIL: PR218 output - source compiled test
FAIL: PR218 output - gij test
FAIL: PR218 output - bytecode->native test
FAIL: PR218 -O3 output - source compiled test
FAIL: PR218 output - gij test
FAIL: PR218 -O3 output - bytecode->native test
FAIL: Thread_Alive -O3 compilation from bytecode
FAIL: Thread_HoldsLock -O3 compilation from bytecode
FAIL: Thread_Interrupt -O3 compilation from bytecode
FAIL: Thread_Monitor -O3 compilation from bytecode
FAIL: Thread_Wait -O3 compilation from bytecode
FAIL: Thread_Wait_2 -O3 compilation from bytecode
FAIL: Thread_Wait_Interrupt -O3 compilation from bytecode
FAIL: Throw_2 execution - source compiled test
FAIL: Throw_2 execution - gij test
FAIL: Throw_2 execution - bytecode->native test
FAIL: Throw_2 -O3 execution - source compiled test
FAIL: Throw_2 execution - gij test
FAIL: Throw_2 -O3 execution - bytecode->native test
FAIL: initexc execution - gij test
FAIL: initexc execution - gij test
=== libjava Summary ===
# of expected passes 3684
# of unexpected failures 43
# of expected failures 14
# of untested testcases 58
=== libmudflap tests ===
Running target unix
FAIL: libmudflap.c/pass49-frag.c execution test
FAIL: libmudflap.c/pass49-frag.c output pattern test
FAIL: libmudflap.c/pass49-frag.c (-static) execution test
FAIL: libmudflap.c/pass49-frag.c (-static) output pattern test
FAIL: libmudflap.c/pass49-frag.c (-O2) execution test
FAIL: libmudflap.c/pass49-frag.c (-O2) output pattern test
FAIL: libmudflap.c/pass49-frag.c (-O3) execution test
FAIL: libmudflap.c/pass49-frag.c (-O3) output pattern test
FAIL: libmudflap.cth/pass40-frag.c execution test
FAIL: libmudflap.cth/pass40-frag.c output pattern test
FAIL: libmudflap.cth/pass40-frag.c (-O2) execution test
FAIL: libmudflap.cth/pass40-frag.c (-O2) output pattern test
FAIL: libmudflap.cth/pass40-frag.c (-O3) execution test
FAIL: libmudflap.cth/pass40-frag.c (-O3) output pattern test
=== libmudflap Summary ===
# of expected passes 1274
# of unexpected failures 14
=== libstdc++-v3 check-abi Summary ===
# of added symbols: 65
# of missing symbols: 0
# of incompatible symbols: 2
using: /home/cygnus/dnovillo/perf/sbox/tcb/local.alpha/src/libstdc++-v3/config/abi/alpha-linux-gnu/baseline_symbols.txt
=== libstdc++ tests ===
Running target unix
XPASS: 22_locale/locale/cons/12658_thread-1.cc execution test
XPASS: 27_io/fpos/14320-1.cc execution test
=== libstdc++ Summary ===
# of expected passes 3579
# of unexpected successes 2
# of expected failures 8
=== g++ tests ===
Running target unix
FAIL: g++.dg/parse/constant7.C (test for excess errors)
FAIL: g++.dg/parse/error26.C (test for errors, line 6)
FAIL: g++.dg/parse/error26.C (test for errors, line 11)
FAIL: g++.dg/parse/error26.C (test for excess errors)
FAIL: g++.dg/parse/error27.C (test for excess errors)
FAIL: g++.dg/template/qualttp15.C (test for errors, line 20)
FAIL: g++.dg/template/qualttp15.C (test for excess errors)
FAIL: g++.dg/tree-ssa/pr19952.C (test for excess errors)
FAIL: g++.old-deja/g++.other/struct1.C (test for errors, line 12)
FAIL: g++.old-deja/g++.other/struct1.C (test for errors, line 19)
FAIL: g++.old-deja/g++.other/struct1.C (test for errors, line 26)
FAIL: g++.old-deja/g++.other/struct1.C (test for errors, line 33)
FAIL: g++.old-deja/g++.other/struct1.C (test for errors, line 40)
FAIL: g++.old-deja/g++.other/struct1.C (test for excess errors)
=== g++ Summary ===
# of expected passes 10644
# of unexpected failures 14
# of expected failures 71
# of unsupported tests 92
/dorothy/dnovillo/sbox/tcb/bld.dorothy/gcc/testsuite/../g++ version 4.1.0-tcb (merged 20050223)
=== gcc tests ===
Running target unix
FAIL: gcc.c-torture/execute/20030216-1.c compilation, -O1
UNRESOLVED: gcc.c-torture/execute/20030216-1.c execution, -O1
FAIL: gcc.c-torture/execute/20030216-1.c compilation, -O2
UNRESOLVED: gcc.c-torture/execute/20030216-1.c execution, -O2
FAIL: gcc.c-torture/execute/20030216-1.c compilation, -O3 -fomit-frame-pointer
UNRESOLVED: gcc.c-torture/execute/20030216-1.c execution, -O3 -fomit-frame-pointer
FAIL: gcc.c-torture/execute/20030216-1.c compilation, -O3 -g
UNRESOLVED: gcc.c-torture/execute/20030216-1.c execution, -O3 -g
FAIL: gcc.c-torture/execute/20030216-1.c compilation, -Os
UNRESOLVED: gcc.c-torture/execute/20030216-1.c execution, -Os
FAIL: gcc.dg/cleanup-10.c execution test
FAIL: gcc.dg/cleanup-11.c execution test
FAIL: gcc.dg/cleanup-8.c execution test
FAIL: gcc.dg/cleanup-9.c execution test
FAIL: gcc.dg/pr17635.c (test for excess errors)
FAIL: gcc.dg/pr18501.c conditional in loop (test for warnings, line 12)
XPASS: gcc.dg/uninit-5.c uninitialized variable warning (test for bogus messages, line 12)
XPASS: gcc.dg/uninit-5.c uninitialized variable warning (test for bogus messages, line 26)
XPASS: gcc.dg/uninit-9.c uninitialized variable warning (test for bogus messages, line 26)
XPASS: gcc.dg/vect/vect-67.c scan-tree-dump-times vectorized 1 loops 1
XPASS: gcc.dg/vect/vect-85.c scan-tree-dump-times vectorized 1 loops 1
XPASS: gcc.dg/vect/vect-86.c scan-tree-dump-times vectorized 1 loops 1
XPASS: gcc.dg/vect/vect-87.c scan-tree-dump-times vectorized 1 loops 1
XPASS: gcc.dg/vect/vect-87.c scan-tree-dump-times Alignment of access forced using peeling 1
XPASS: gcc.dg/vect/vect-88.c scan-tree-dump-times vectorized 1 loops 1
XPASS: gcc.dg/vect/vect-88.c scan-tree-dump-times Alignment of access forced using peeling 1
=== gcc Summary ===
# of expected passes 32690
# of unexpected failures 11
# of unexpected successes 10
# of expected failures 91
# of unresolved testcases 5
# of untested testcases 28
# of unsupported tests 497
/dorothy/dnovillo/sbox/tcb/bld.dorothy/gcc/xgcc version 4.1.0-tcb (merged 20050223)
=== gfortran tests ===
Running target unix
FAIL: gfortran.dg/list_read_4.f90 -O0 (test for excess errors)
WARNING: gfortran.dg/list_read_4.f90 -O0 compilation failed to produce executable
FAIL: gfortran.dg/list_read_4.f90 -O1 (test for excess errors)
WARNING: gfortran.dg/list_read_4.f90 -O1 compilation failed to produce executable
FAIL: gfortran.dg/list_read_4.f90 -O2 (test for excess errors)
WARNING: gfortran.dg/list_read_4.f90 -O2 compilation failed to produce executable
FAIL: gfortran.dg/list_read_4.f90 -O3 -fomit-frame-pointer (test for excess errors)
WARNING: gfortran.dg/list_read_4.f90 -O3 -fomit-frame-pointer compilation failed to produce executable
FAIL: gfortran.dg/list_read_4.f90 -O3 -fomit-frame-pointer -funroll-loops (test for excess errors)
WARNING: gfortran.dg/list_read_4.f90 -O3 -fomit-frame-pointer -funroll-loops compilation failed to produce executable
FAIL: gfortran.dg/list_read_4.f90 -O3 -fomit-frame-pointer -funroll-all-loops -finline-functions (test for excess errors)
WARNING: gfortran.dg/list_read_4.f90 -O3 -fomit-frame-pointer -funroll-all-loops -finline-functions compilation failed to produce executable
FAIL: gfortran.dg/list_read_4.f90 -O3 -g (test for excess errors)
WARNING: gfortran.dg/list_read_4.f90 -O3 -g compilation failed to produce executable
FAIL: gfortran.dg/list_read_4.f90 -Os (test for excess errors)
WARNING: gfortran.dg/list_read_4.f90 -Os compilation failed to produce executable
XPASS: gfortran.dg/ret_pointer_1.f90 -O0 execution test
XPASS: gfortran.dg/ret_pointer_1.f90 -O1 execution test
XPASS: gfortran.dg/ret_pointer_1.f90 -O2 execution test
XPASS: gfortran.dg/ret_pointer_1.f90 -O3 -fomit-frame-pointer execution test
XPASS: gfortran.dg/ret_pointer_1.f90 -O3 -fomit-frame-pointer -funroll-loops execution test
XPASS: gfortran.dg/ret_pointer_1.f90 -O3 -fomit-frame-pointer -funroll-all-loops -finline-functions execution test
XPASS: gfortran.dg/ret_pointer_1.f90 -O3 -g execution test
XPASS: gfortran.dg/ret_pointer_1.f90 -Os execution test
FAIL: gfortran.dg/g77/dnrm2.f -O1 execution test
FAIL: gfortran.dg/g77/dnrm2.f -O2 execution test
FAIL: gfortran.dg/g77/dnrm2.f -O3 -fomit-frame-pointer execution test
FAIL: gfortran.dg/g77/dnrm2.f -O3 -fomit-frame-pointer -funroll-loops execution test
FAIL: gfortran.dg/g77/dnrm2.f -O3 -fomit-frame-pointer -funroll-all-loops -finline-functions execution test
FAIL: gfortran.dg/g77/dnrm2.f -O3 -g execution test
FAIL: gfortran.dg/g77/dnrm2.f -Os execution test
FAIL: gfortran.fortran-torture/execute/arrayarg2.f90 execution, -O2
FAIL: gfortran.fortran-torture/execute/arrayarg2.f90 execution, -O3 -fomit-frame-pointer
FAIL: gfortran.fortran-torture/execute/arrayarg2.f90 execution, -O3 -g
FAIL: gfortran.fortran-torture/execute/forall_3.f90 execution, -O0
FAIL: gfortran.fortran-torture/execute/forall_3.f90 execution, -O1
FAIL: gfortran.fortran-torture/execute/forall_3.f90 execution, -O2
FAIL: gfortran.fortran-torture/execute/forall_3.f90 execution, -O3 -fomit-frame-pointer
FAIL: gfortran.fortran-torture/execute/forall_3.f90 execution, -O3 -fomit-frame-pointer -funroll-loops
FAIL: gfortran.fortran-torture/execute/forall_3.f90 execution, -O3 -fomit-frame-pointer -funroll-all-loops -finline-functions
FAIL: gfortran.fortran-torture/execute/forall_3.f90 execution, -O3 -g
FAIL: gfortran.fortran-torture/execute/forall_3.f90 execution, -Os
FAIL: gfortran.fortran-torture/execute/strarray_3.f90 execution, -O2
FAIL: gfortran.fortran-torture/execute/strarray_3.f90 execution, -O3 -fomit-frame-pointer
FAIL: gfortran.fortran-torture/execute/strarray_3.f90 execution, -O3 -fomit-frame-pointer -funroll-loops
FAIL: gfortran.fortran-torture/execute/strarray_3.f90 execution, -O3 -fomit-frame-pointer -funroll-all-loops -finline-functions
FAIL: gfortran.fortran-torture/execute/strarray_3.f90 execution, -O3 -g
=== gfortran Summary ===
# of expected passes 5276
# of unexpected failures 31
# of unexpected successes 8
# of expected failures 18
# of unsupported tests 8
/dorothy/dnovillo/sbox/tcb/bld.dorothy/gcc/testsuite/../gfortran version 4.1.0-tcb (merged 20050223)
=== objc tests ===
Running target unix
=== objc Summary ===
# of expected passes 1532
# of unsupported tests 11
/dorothy/dnovillo/sbox/tcb/bld.dorothy/gcc/xgcc version 4.1.0-tcb (merged 20050223)
Compiler version: 4.1.0-tcb (merged 20050223)
Platform: alphaev67-unknown-linux-gnu
configure flags: --prefix=/home/cygnus/dnovillo/perf/sbox/tcb/local.alpha/inst.dorothy --srcdir=/home/cygnus/dnovillo/perf/sbox/tcb/local.alpha/src --disable-multilib --enable-mpfr --enable-languages=c,c++,f95,java,objc
More information about the Gcc-testresults
mailing list