Results for 3.4.5 20050730 (prerelease) testsuite on mips-unknown-linux-gnu
Richard Sandiford
richard@nildram.co.uk
Sat Jul 30 13:40:00 GMT 2005
LAST_UPDATED:
Native configuration is mips-unknown-linux-gnu
=== g++ tests ===
Running target unix
XPASS: g++.dg/other/packed1.C execution test
XPASS: g++.dg/rtti/tinfo1.C scan-assembler _ZTIP9CTemplateIhE:
XPASS: g++.dg/rtti/tinfo1.C scan-assembler-not .globl[ \\t]+_ZTIP9CTemplateIhE
FAIL: g++.old-deja/g++.abi/ptrflags.C (test for excess errors)
WARNING: g++.old-deja/g++.abi/ptrflags.C compilation failed to produce executable
FAIL: g++.old-deja/g++.eh/catchptr1.C execution test
XPASS: g++.old-deja/g++.jason/thunk3.C execution test
WARNING: g++.old-deja/g++.mike/p10769a.C compilation failed to produce executable
WARNING: g++.old-deja/g++.other/enum5.C compilation failed to produce executable
WARNING: g++.old-deja/g++.pt/friend44.C compilation failed to produce executable
=== g++ Summary ===
# of expected passes 9791
# of unexpected failures 2
# of unexpected successes 4
# of expected failures 72
# of unsupported tests 83
/scratch/richard/gcc/gcc-3_4-branch/mips-unknown-linux-gnu/mips-unknown-linux-gnu/gcc/testsuite/../g++ version 3.4.5 20050730 (prerelease)
=== gcc tests ===
Running target unix
FAIL: gcc.dg/builtins-18.c (test for excess errors)
FAIL: gcc.dg/cleanup-10.c execution test
FAIL: gcc.dg/cleanup-11.c execution test
FAIL: gcc.dg/cleanup-9.c execution test
XPASS: gcc.dg/sibcall-3.c execution test
XPASS: gcc.dg/sibcall-4.c execution test
FAIL: mips-abi 64
FAIL: gcc.dg/special/gcsec-1.c (test for excess errors)
=== gcc Summary ===
# of expected passes 24823
# of unexpected failures 6
# of unexpected successes 2
# of expected failures 68
# of untested testcases 7
# of unsupported tests 318
/scratch/richard/gcc/gcc-3_4-branch/mips-unknown-linux-gnu/mips-unknown-linux-gnu/gcc/xgcc version 3.4.5 20050730 (prerelease)
=== objc tests ===
Running target unix
=== objc Summary ===
# of expected passes 1352
# of unsupported tests 8
/scratch/richard/gcc/gcc-3_4-branch/mips-unknown-linux-gnu/mips-unknown-linux-gnu/gcc/xgcc version 3.4.5 20050730 (prerelease)
=== libstdc++ tests ===
Running target unix
FAIL: abi_check
XPASS: 22_locale/locale/cons/12658_thread.cc execution test
XPASS: 26_numerics/c99_classification_macros_c.cc (test for excess errors)
=== libstdc++ Summary ===
# of expected passes 2735
# of unexpected failures 1
# of unexpected successes 2
# of expected failures 5
Compiler version: 3.4.5 20050730 (prerelease)
Platform: mips-unknown-linux-gnu
configure flags: --prefix=/scratch/richard/usr/gcc-3_4-branch --exec-prefix=/scratch/richard/usr/gcc-3_4-branch/H-mips-unknown-linux-gnu --build=mips-unknown-linux-gnu --host=mips-unknown-linux-gnu --target=mips-unknown-linux-gnu --enable-languages=c,c++,objc --with-arch=mips32
More information about the Gcc-testresults
mailing list