test result gcc 3.4.5
joseph
te0543@giga.net.tw
Sat Jul 30 10:38:00 GMT 2005
dual p3
x86 solaris 10
binutils 2.16.1
=== gcc tests ===
Schedule of variations:
unix
Running target unix
=== g++ tests ===
Schedule of variations:
unix
Running target unix
Using /opt/csw/share/dejagnu/baseboards/unix.exp as board description file
for target.
Using /opt/csw/share/dejagnu/config/unix.exp as generic interface file for
target.
Using /export/home/yjs/gcc-3.4-20050726/gcc/testsuite/config/default.exp
as tool-and-target-specific interface file.
Running
/export/home/yjs/gcc-3.4-20050726/gcc/testsuite/g++.dg/bprob/bprob.exp ...
Running
/export/home/yjs/gcc-3.4-20050726/gcc/testsuite/g++.dg/compat/compat.exp
...
Running
/export/home/yjs/gcc-3.4-20050726/gcc/testsuite/g++.dg/debug/debug.exp ...
Running /export/home/yjs/gcc-3.4-20050726/gcc/testsuite/g++.dg/dg.exp ...
FAIL: g++.dg/eh/simd-2.C (test for excess errors)
WARNING: g++.dg/eh/simd-2.C compilation failed to produce executable
XPASS: g++.dg/rtti/tinfo1.C scan-assembler _ZTIP9CTemplateIhE:
XPASS: g++.dg/rtti/tinfo1.C scan-assembler-not .globl[ \t]+_ZTIP9CTemplateIhE
Running
/export/home/yjs/gcc-3.4-20050726/gcc/testsuite/g++.dg/gcov/gcov.exp ...
Running /export/home/yjs/gcc-3.4-20050726/gcc/testsuite/g++.dg/pch/pch.exp
...
Running
/export/home/yjs/gcc-3.4-20050726/gcc/testsuite/g++.dg/special/ecos.exp
...
FAIL: g++.dg/special/conpr-1.C execution test
FAIL: g++.dg/special/conpr-3.C execution test
FAIL: g++.dg/special/conpr-4.C execution test
Running /export/home/yjs/gcc-3.4-20050726/gcc/testsuite/g++.dg/tls/tls.exp
...
Running
/export/home/yjs/gcc-3.4-20050726/gcc/testsuite/g++.old-deja/old-deja.exp
...
Running
/export/home/yjs/gcc-3.4-20050726/gcc/testsuite/gcc.c-torture/execute/builtins/builtins.exp
...
Running
/export/home/yjs/gcc-3.4-20050726/gcc/testsuite/gcc.c-torture/execute/execute.exp
...
FAIL: g++.old-deja/g++.eh/badalloc1.C execution test
WARNING: g++.old-deja/g++.mike/p10769a.C compilation failed to produce
executable
WARNING: g++.old-deja/g++.other/enum5.C compilation failed to produce
executable
WARNING: g++.old-deja/g++.pt/friend44.C compilation failed to produce
executable
=== g++ Summary ===
# of expected passes 9859
# of unexpected failures 5
# of unexpected successes 2
# of expected failures 74
# of unsupported tests 55
=== libstdc++ tests ===
Schedule of variations:
unix
Running target unix
Using /opt/csw/share/dejagnu/baseboards/unix.exp as board description file
for target.
Using /opt/csw/share/dejagnu/config/unix.exp as generic interface file for
target.
Using
/export/home/yjs/gcc-3.4-20050726/libstdc++-v3/testsuite/config/default.exp
as tool-and-target-specific interface file.
Running
/export/home/yjs/gcc-3.4-20050726/libstdc++-v3/testsuite/libstdc++-abi/abi.exp
...
Running
/export/home/yjs/gcc-3.4-20050726/libstdc++-v3/testsuite/libstdc++-dg/normal.exp
...
XPASS: 22_locale/locale/cons/12658_thread.cc execution test
FAIL: gcc.c-torture/execute/va-arg-25.c execution, -Os
Running
/export/home/yjs/gcc-3.4-20050726/gcc/testsuite/gcc.c-torture/execute/ieee/ieee.exp
...
Running
/export/home/yjs/gcc-3.4-20050726/gcc/testsuite/gcc.c-torture/unsorted/unsorted.exp
...
FAIL: 22_locale/num_put/put/char/14220.cc execution test
FAIL: 22_locale/num_put/put/wchar_t/14220.cc execution test
Running
/export/home/yjs/gcc-3.4-20050726/gcc/testsuite/gcc.dg/compat/compat.exp
...
FAIL: gcc.dg/compat/vector-1 c_compat_x_tst.o compile
FAIL: gcc.dg/compat/vector-1 c_compat_y_tst.o compile
FAIL: gcc.dg/compat/vector-2 c_compat_x_tst.o compile
FAIL: gcc.dg/compat/vector-2 c_compat_y_tst.o compile
Running /export/home/yjs/gcc-3.4-20050726/gcc/testsuite/gcc.dg/cpp/cpp.exp
...
Running
/export/home/yjs/gcc-3.4-20050726/gcc/testsuite/gcc.dg/cpp/trad/trad.exp
...
Running
/export/home/yjs/gcc-3.4-20050726/gcc/testsuite/gcc.dg/debug/debug.exp ...
Running
/export/home/yjs/gcc-3.4-20050726/gcc/testsuite/gcc.dg/debug/dwarf2/dwarf2.exp
...
Running /export/home/yjs/gcc-3.4-20050726/gcc/testsuite/gcc.dg/dg.exp ...
FAIL: gcc.dg/c99-math-double-1.c (test for excess errors)
WARNING: gcc.dg/c99-math-double-1.c compilation failed to produce executable
FAIL: gcc.dg/c99-math-float-1.c (test for excess errors)
WARNING: gcc.dg/c99-math-float-1.c compilation failed to produce executable
FAIL: gcc.dg/c99-math-long-double-1.c (test for excess errors)
WARNING: gcc.dg/c99-math-long-double-1.c compilation failed to produce
executable
FAIL: gcc.dg/const-elim-1.c scan-assembler-not L\\$?C[^A-Z]
FAIL: gcc.dg/visibility-1.c (test for excess errors)
FAIL: gcc.dg/visibility-1.c scan-assembler \\.hidden.*foo
FAIL: gcc.dg/visibility-2.c (test for excess errors)
FAIL: gcc.dg/visibility-2.c scan-assembler \\.hidden.*foo
FAIL: gcc.dg/visibility-3.c (test for excess errors)
FAIL: gcc.dg/visibility-3.c scan-assembler \\.hidden.*xyzzy
FAIL: gcc.dg/visibility-4.c (test for excess errors)
FAIL: gcc.dg/visibility-4.c scan-assembler \\.hidden.*xyzzy
FAIL: gcc.dg/visibility-5.c (test for excess errors)
FAIL: gcc.dg/visibility-5.c scan-assembler \\.hidden.*foo
FAIL: gcc.dg/visibility-6.c (test for excess errors)
FAIL: gcc.dg/visibility-6.c scan-assembler \\.hidden.*xyzzy
FAIL: gcc.dg/visibility-7.c (test for excess errors)
FAIL: gcc.dg/visibility-7.c scan-assembler \\.hidden.*xyzzy
FAIL: gcc.dg/visibility-8.c (test for excess errors)
FAIL: gcc.dg/visibility-8.c scan-assembler \\.hidden.*__GI_fputs_unlocked
Running
/export/home/yjs/gcc-3.4-20050726/gcc/testsuite/gcc.dg/format/format.exp
...
Running
/export/home/yjs/gcc-3.4-20050726/gcc/testsuite/gcc.dg/noncompile/noncompile.exp
...
Running /export/home/yjs/gcc-3.4-20050726/gcc/testsuite/gcc.dg/pch/pch.exp
...
Running
/export/home/yjs/gcc-3.4-20050726/gcc/testsuite/gcc.dg/special/mips-abi.exp
...
Running
/export/home/yjs/gcc-3.4-20050726/gcc/testsuite/gcc.dg/special/special.exp
...
Running /export/home/yjs/gcc-3.4-20050726/gcc/testsuite/gcc.dg/tls/tls.exp
...
FAIL: gcc.dg/tls/alias-1.c (test for excess errors)
Running
/export/home/yjs/gcc-3.4-20050726/gcc/testsuite/gcc.dg/torture/dg-torture.exp
...
Running
/export/home/yjs/gcc-3.4-20050726/gcc/testsuite/gcc.dg/weak/weak.exp ...
Running
/export/home/yjs/gcc-3.4-20050726/gcc/testsuite/gcc.misc-tests/acker1.exp
...
Running
/export/home/yjs/gcc-3.4-20050726/gcc/testsuite/gcc.misc-tests/arm-isr.exp
...
Running
/export/home/yjs/gcc-3.4-20050726/gcc/testsuite/gcc.misc-tests/bprob.exp
...
Running
/export/home/yjs/gcc-3.4-20050726/gcc/testsuite/gcc.misc-tests/dg-test.exp
...
Running
/export/home/yjs/gcc-3.4-20050726/gcc/testsuite/gcc.misc-tests/dhry.exp
...
Running
/export/home/yjs/gcc-3.4-20050726/gcc/testsuite/gcc.misc-tests/gcov.exp
...
Running
/export/home/yjs/gcc-3.4-20050726/gcc/testsuite/gcc.misc-tests/i386-prefetch.exp
...
Running
/export/home/yjs/gcc-3.4-20050726/gcc/testsuite/gcc.misc-tests/linkage.exp
...
Running
/export/home/yjs/gcc-3.4-20050726/gcc/testsuite/gcc.misc-tests/matrix1.exp
...
Running
/export/home/yjs/gcc-3.4-20050726/gcc/testsuite/gcc.misc-tests/mg.exp ...
Running
/export/home/yjs/gcc-3.4-20050726/gcc/testsuite/gcc.misc-tests/sieve.exp
...
Running
/export/home/yjs/gcc-3.4-20050726/gcc/testsuite/gcc.misc-tests/sort2.exp
...
=== gcc Summary ===
# of expected passes 25090
# of unexpected failures 26
# of expected failures 70
# of unresolved testcases 4
# of untested testcases 7
# of unsupported tests 219
=== libstdc++ Summary ===
# of expected passes 2734
# of unexpected failures 2
# of unexpected successes 1
# of expected failures 5
More information about the Gcc-testresults
mailing list