Results for 4.1.0 20050728 (experimental) testsuite on hppa-unknown-linux-gnu
John David Anglin
dave@hiauly6.hia.nrc.ca
Fri Jul 29 13:21:00 GMT 2005
LAST_UPDATED: Thu Jul 28 21:00:48 UTC 2005
=== acats tests ===
FAIL: c32001e
FAIL: c34007p
FAIL: c34007r
FAIL: c37215h
FAIL: c45282b
FAIL: c52103x
FAIL: c64105b
FAIL: c940013
FAIL: c95086b
FAIL: ca11c01
FAIL: cb41002
FAIL: cd10002
FAIL: cxaca01
FAIL: cxg1005
=== acats Summary ===
# of expected passes 2305
# of unexpected failures 14
Native configuration is hppa-unknown-linux-gnu
=== g++ tests ===
Running target unix
FAIL: g++.dg/opt/inline4.C (test for excess errors)
FAIL: g++.dg/tree-ssa/pr14814.C scan-tree-dump-times &this 0
XPASS: g++.old-deja/g++.other/init5.C execution test
=== g++ Summary ===
# of expected passes 11107
# of unexpected failures 2
# of unexpected successes 1
# of expected failures 66
# of unsupported tests 100
/home/dave/gnu/gcc-4.0/objdir/gcc/testsuite/../g++ version 4.1.0 20050728 (experimental)
=== gcc tests ===
Running target unix
FAIL: gcc.dg/c90-typespec-1.c unsigned long int unsigned (test for errors, line 522)
FAIL: gcc.dg/c90-typespec-1.c (test for excess errors)
FAIL: gcc.dg/tree-prof/update-loopch.c compilation, -ftree-based-profiling -fprofile-generate
UNRESOLVED: gcc.dg/tree-prof/update-loopch.c execution, -ftree-based-profiling -fprofile-generate
UNRESOLVED: gcc.dg/tree-prof/update-loopch.c compilation, -ftree-based-profiling -fprofile-use
UNRESOLVED: gcc.dg/tree-prof/update-loopch.c execution, -ftree-based-profiling -fprofile-use
XPASS: gcc.dg/tree-ssa/loop-1.c scan-assembler-times foo 5
=== gcc Summary ===
# of expected passes 35713
# of unexpected failures 3
# of unexpected successes 1
# of expected failures 71
# of unresolved testcases 3
# of untested testcases 28
# of unsupported tests 513
/home/dave/gnu/gcc-4.0/objdir/gcc/xgcc version 4.1.0 20050728 (experimental)
=== gfortran tests ===
Running target unix
=== gfortran Summary ===
# of expected passes 8131
# of expected failures 2
# of unsupported tests 33
/home/dave/gnu/gcc-4.0/objdir/gcc/testsuite/../gfortran version 4.1.0 20050728 (experimental)
=== objc tests ===
Running target unix
FAIL: objc.dg/comp-types-4.m (test for warnings, line 70)
FAIL: objc.dg/comp-types-4.m (test for excess errors)
=== objc Summary ===
# of expected passes 1590
# of unexpected failures 2
# of unsupported tests 23
/home/dave/gnu/gcc-4.0/objdir/gcc/xgcc version 4.1.0 20050728 (experimental)
=== libffi tests ===
Running target unix
=== libffi Summary ===
# of expected passes 228
# of unsupported tests 2
=== libjava tests ===
Running target unix
FAIL: Class_1 execution - source compiled test
FAIL: Class_1 execution - gij test
FAIL: Class_1 execution - bytecode->native test
FAIL: Class_1 -O3 execution - source compiled test
FAIL: Class_1 execution - gij test
FAIL: Class_1 -O3 execution - bytecode->native test
FAIL: InvokeInterface execution - gij test
FAIL: InvokeInterface execution - bytecode->native test
FAIL: InvokeInterface execution - gij test
FAIL: InvokeInterface -O3 execution - bytecode->native test
FAIL: PR12350 execution - gij test
FAIL: PR12350 execution - bytecode->native test
FAIL: PR12350 execution - gij test
FAIL: PR12350 -O3 execution - bytecode->native test
FAIL: PR12416 execution - gij test
FAIL: PR12416 execution - bytecode->native test
FAIL: PR12416 execution - gij test
FAIL: PR12416 -O3 execution - bytecode->native test
FAIL: PR218 execution - source compiled test
FAIL: PR218 execution - bytecode->native test
FAIL: PR218 -O3 execution - source compiled test
FAIL: PR218 -O3 execution - bytecode->native test
FAIL: PR260 execution - gij test
FAIL: PR260 execution - bytecode->native test
FAIL: PR260 execution - gij test
FAIL: PR260 -O3 execution - bytecode->native test
FAIL: Serialization output - gij test
FAIL: Serialization output - gij test
FAIL: SyncTest execution - gij test
FAIL: SyncTest execution - bytecode->native test
FAIL: SyncTest -O3 execution - source compiled test
FAIL: SyncTest execution - gij test
FAIL: SyncTest -O3 execution - bytecode->native test
FAIL: invokethrow execution - gij test
FAIL: invokethrow execution - bytecode->native test
FAIL: invokethrow execution - gij test
FAIL: invokethrow -O3 execution - bytecode->native test
FAIL: negzero output - gij test
FAIL: negzero output - gij test
FAIL: pr179 execution - gij test
FAIL: pr179 execution - bytecode->native test
FAIL: pr179 execution - gij test
FAIL: pr179 -O3 execution - bytecode->native test
FAIL: pr21785 execution - source compiled test
FAIL: pr21785 execution - gij test
FAIL: pr21785 execution - bytecode->native test
FAIL: pr21785 -O3 execution - source compiled test
FAIL: pr21785 execution - gij test
FAIL: pr21785 -O3 execution - bytecode->native test
FAIL: pr8415 execution - gij test
FAIL: pr8415 execution - bytecode->native test
FAIL: pr8415 execution - gij test
FAIL: pr8415 -O3 execution - bytecode->native test
FAIL: stringconst2 output - source compiled test
FAIL: stringconst2 output - gij test
FAIL: stringconst2 output - bytecode->native test
FAIL: stringconst2 -O3 output - source compiled test
FAIL: stringconst2 output - gij test
FAIL: stringconst2 -O3 output - bytecode->native test
FAIL: pr21115 run
=== libjava Summary ===
# of expected passes 3808
# of unexpected failures 60
# of expected failures 10
# of untested testcases 58
=== libmudflap tests ===
Running target unix
=== libmudflap Summary ===
# of expected passes 1771
=== libstdc++ tests ===
Running target unix
XPASS: 26_numerics/cmath/c99_classification_macros_c.cc (test for excess errors)
=== libstdc++ Summary ===
# of expected passes 3868
# of unexpected successes 1
# of expected failures 13
Compiler version: 4.1.0 20050728 (experimental)
Platform: hppa-unknown-linux-gnu
configure flags: --with-gnu-as --with-as=/home/dave/opt/gnu/bin/as --with-gnu-ld --with-ld=/home/dave/opt/gnu/bin/ld --enable-shared --prefix=/home/dave/opt/gnu/gcc/gcc-4.1.0 --with-local-prefix=/home/dave/opt/gnu --enable-threads=posix --enable-__cxa_atexit --host=hppa-linux --enable-clocale=gnu --enable-java-gc=boehm --enable-java-awt=xlib --enable-languages=c,ada,c++,f95,java,objc
More information about the Gcc-testresults
mailing list