Results for 4.1.020050719(experimental) testsuite on x86_64-unknown-linux-gnu
Laurent GUERBY
laurent@guerby.net
Tue Jul 19 19:51:00 GMT 2005
LAST_UPDATED: Tue Jul 19 13:51:13 UTC 2005
=== acats tests ===
FAIL: c34007p
FAIL: c34007r
FAIL: c45282b
FAIL: c52103x
FAIL: ca11c01
FAIL: cd10002
FAIL: cdd2a02
=== acats Summary ===
# of expected passes 2312
# of unexpected failures 7
Native configuration is x86_64-unknown-linux-gnu
=== gcc tests ===
Running target unix
FAIL: gcc.dg/cpp/arith-3.c (test for bogus messages, line 257)
FAIL: gcc.dg/tree-ssa/loop-3.c scan-tree-dump-times step: 1
XPASS: gcc.dg/vect/vect-22.c scan-tree-dump-times vectorized 3 loops 1
XPASS: gcc.dg/vect/vect-67.c scan-tree-dump-times vectorized 1 loops 1
FAIL: gcc.target/x86_64/abi/test_struct_returning.c execution, -O1
FAIL: gcc.target/x86_64/abi/test_struct_returning.c execution, -O2
FAIL: gcc.target/x86_64/abi/test_struct_returning.c execution, -O3 -fomit-frame-pointer
FAIL: gcc.target/x86_64/abi/test_struct_returning.c execution, -O3 -fomit-frame-pointer -funroll-loops
FAIL: gcc.target/x86_64/abi/test_struct_returning.c execution, -O3 -fomit-frame-pointer -funroll-all-loops -finline-functions
FAIL: gcc.target/x86_64/abi/test_struct_returning.c execution, -O3 -g
=== gcc Summary ===
# of expected passes 36432
# of unexpected failures 8
# of unexpected successes 2
# of expected failures 93
# of untested testcases 28
# of unsupported tests 438
/home/guerby/work/gcc/build/build-20050719T155313/gcc/xgcc version 4.1.0 20050719 (experimental)
Compiler version: 4.1.020050719(experimental)
Platform: x86_64-unknown-linux-gnu
configure flags: --prefix=/home/guerby/work/gcc/install/install-20050719T155313 --enable-__cxa_atexit --disable-nls --enable-threads=posix --disable-multilib --enable-checking --enable-languages=c,ada
More information about the Gcc-testresults
mailing list