Results for 4.1.0 20050716 (experimental) testsuite on s390-ibm-linux-gnu
Andreas Krebbel
krebbel1@de.ibm.com
Sat Jul 16 04:38:00 GMT 2005
LAST_UPDATED: Sat Jul 16 00:35:15 UTC 2005
Native configuration is s390-ibm-linux-gnu
=== g++ tests ===
Running target unix
FAIL: g++.dg/tree-ssa/pr14814.C scan-tree-dump-times &this 0
FAIL: g++.old-deja/g++.benjamin/13908.C (test for excess errors)
XPASS: g++.old-deja/g++.other/init5.C execution test
=== g++ Summary ===
# of expected passes 11092
# of unexpected failures 2
# of unexpected successes 1
# of expected failures 65
# of unsupported tests 99
/build/BUILD/gcc-4.1.0/obj-s390-redhat-linux/gcc/testsuite/../g++ version 4.1.0 20050716 (experimental)
=== gcc tests ===
Running target unix
XPASS: gcc.dg/tree-ssa/20040204-1.c scan-tree-dump-times link_error 0
=== gcc Summary ===
# of expected passes 35554
# of unexpected successes 1
# of expected failures 70
# of untested testcases 28
# of unsupported tests 498
/build/BUILD/gcc-4.1.0/obj-s390-redhat-linux/gcc/xgcc version 4.1.0 20050716 (experimental)
=== gfortran tests ===
Running target unix
=== gfortran Summary ===
# of expected passes 8027
# of expected failures 2
# of unsupported tests 33
/build/BUILD/gcc-4.1.0/obj-s390-redhat-linux/gcc/testsuite/../gfortran version 4.1.0 20050716 (experimental)
=== obj-c++ tests ===
Running target unix
FAIL: obj-c++.dg/basic.mm execution test
FAIL: obj-c++.dg/bitfield-1.mm execution test
FAIL: obj-c++.dg/bitfield-2.mm execution test
FAIL: obj-c++.dg/bitfield-4.mm execution test
FAIL: obj-c++.dg/cxx-ivars-1.mm execution test
FAIL: obj-c++.dg/cxx-ivars-2.mm execution test
FAIL: obj-c++.dg/cxx-scope-1.mm execution test
FAIL: obj-c++.dg/defs.mm execution test
FAIL: obj-c++.dg/encode-3.mm execution test
FAIL: obj-c++.dg/encode-4.mm (test for excess errors)
WARNING: obj-c++.dg/encode-4.mm compilation failed to produce executable
FAIL: obj-c++.dg/encode-5.mm (test for excess errors)
WARNING: obj-c++.dg/encode-5.mm compilation failed to produce executable
FAIL: obj-c++.dg/encode-6.mm (test for excess errors)
WARNING: obj-c++.dg/encode-6.mm compilation failed to produce executable
FAIL: obj-c++.dg/encode-8.mm execution test
FAIL: obj-c++.dg/isa-field-1.mm (test for excess errors)
FAIL: obj-c++.dg/lookup-2.mm (test for excess errors)
WARNING: obj-c++.dg/lookup-2.mm compilation failed to produce executable
FAIL: obj-c++.dg/method-10.mm execution test
FAIL: obj-c++.dg/method-17.mm execution test
FAIL: obj-c++.dg/method-19.mm (test for excess errors)
WARNING: obj-c++.dg/method-19.mm compilation failed to produce executable
FAIL: obj-c++.dg/proto-lossage-3.mm execution test
FAIL: obj-c++.dg/proto-qual-1.mm execution test
FAIL: obj-c++.dg/qual-types-1.mm execution test
FAIL: obj-c++.dg/template-1.mm execution test
FAIL: obj-c++.dg/template-3.mm execution test
FAIL: obj-c++.dg/template-4.mm execution test
FAIL: obj-c++.dg/try-catch-2.mm (test for excess errors)
WARNING: obj-c++.dg/try-catch-2.mm compilation failed to produce executable
FAIL: obj-c++.dg/try-catch-9.mm (test for excess errors)
WARNING: obj-c++.dg/try-catch-9.mm compilation failed to produce executable
FAIL: obj-c++.dg/va-meth-1.mm execution test
=== obj-c++ Summary ===
# of expected passes 390
# of unexpected failures 27
# of unsupported tests 13
/build/BUILD/gcc-4.1.0/obj-s390-redhat-linux/gcc/testsuite/../g++ version 4.1.0 20050716 (experimental)
=== objc tests ===
Running target unix
=== objc Summary ===
# of expected passes 1590
# of unsupported tests 23
/build/BUILD/gcc-4.1.0/obj-s390-redhat-linux/gcc/xgcc version 4.1.0 20050716 (experimental)
=== libffi tests ===
Running target unix
=== libffi Summary ===
# of expected passes 228
# of unsupported tests 2
=== libjava tests ===
Running target unix
FAIL: Divide_1 output - source compiled test
FAIL: Divide_1 output - gij test
FAIL: Divide_1 output - bytecode->native test
FAIL: Divide_1 -O3 output - source compiled test
FAIL: Divide_1 output - gij test
FAIL: Divide_1 -O3 output - bytecode->native test
=== libjava Summary ===
# of expected passes 3911
# of unexpected failures 6
# of expected failures 10
# of untested testcases 8
=== libmudflap tests ===
Running target unix
=== libmudflap Summary ===
# of expected passes 1771
=== libstdc++ tests ===
Running target unix
FAIL: 23_containers/set/explicit_instantiation/1.cc (test for excess errors)
XPASS: 26_numerics/cmath/c99_classification_macros_c.cc (test for excess errors)
=== libstdc++ Summary ===
# of expected passes 1532
# of unexpected failures 1
# of unexpected successes 1
# of expected failures 6
Compiler version: 4.1.0 20050716 (experimental)
Platform: s390-ibm-linux-gnu
configure flags: --prefix=/usr --mandir=/usr/share/man --infodir=/usr/share/info --enable-shared --enable-threads=posix --enable-checking=release --with-system-zlib --enable-__cxa_atexit --disable-libunwind-exceptions --host=s390-redhat-linux --enable-languages=c,c++,f95,java,objc,obj-c++
More information about the Gcc-testresults
mailing list