Results for 4.0.1 testsuite on i686-pc-cygwin
Christian Joensson
christian.joensson@gmail.com
Tue Jul 12 13:56:00 GMT 2005
Windows XP/SP2 cygwin on pentium4 single i686:
binutils 20050610-1 OK
bison 20030307-1 OK
cygwin 1.5.18-1 OK
dejagnu 20021217-2 OK
expect 20030128-1 OK
gcc 3.4.4-1 OK
make 3.80-1 OK
tcltk 20030901-1 OK
LAST_UPDATED: Obtained from CVS: -rgcc_4_0_1_release
=== acats tests ===
FAIL: c23003b
FAIL: c23003g
FAIL: c23003i
FAIL: c96005d
FAIL: cc3120a
FAIL: cxg2002
FAIL: cxg2003
FAIL: cxg2004
FAIL: cxg2006
FAIL: cxg2007
FAIL: cxg2010
FAIL: cxg2011
FAIL: cxg2012
FAIL: cxg2013
FAIL: cxg2014
FAIL: cxg2015
FAIL: cxg2016
FAIL: cxg2017
FAIL: cxg2018
FAIL: cxg2019
FAIL: cxg2020
FAIL: cxg2021
=== acats Summary ===
# of expected passes 1942
# of unexpected failures 22
# of unsupported tests 356
Native configuration is i686-pc-cygwin
=== g++ tests ===
Running target unix
FAIL: g++.dg/abi/local1.C execution test
FAIL: g++.dg/abi/rtti1.C scan-assembler-dem-not \\ntypeinfo for A[: \\t\\n]
FAIL: g++.dg/ext/dllexport-MI1.C scan-assembler-not -export:_ZN2D1C2ERKS_
FAIL: g++.dg/ext/dllexport-MI1.C scan-assembler-not -export:_ZN2D1D2Ev
FAIL: g++.dg/ext/dllimport2.C (test for warnings, line 18)
FAIL: g++.dg/ext/dllimport2.C (test for warnings, line 22)
FAIL: g++.dg/ext/dllimport2.C (test for warnings, line 23)
FAIL: g++.dg/ext/dllimport2.C (test for warnings, line 24)
FAIL: g++.dg/ext/dllimport3.C (test for warnings, line 18)
FAIL: g++.dg/opt/vt1.C scan-assembler-not
section[^\\n\\r]*_ZTV1S[^\\n\\r]*"[^w"\\n\\r]*"
FAIL: g++.dg/template/repo1.C (test for excess errors)
FAIL: g++.dg/template/repo3.C (test for excess errors)
ERROR: g++.dg/tree-ssa/pr15791-3.C: error executing dg-final: no files
matched glob pattern "pr15791-3.C.t??.gimple"
UNRESOLVED: g++.dg/tree-ssa/pr15791-3.C: error executing dg-final: no
files matched glob pattern "pr15791-3.C.t??.gimple"
ERROR: g++.dg/tree-ssa/pr15791-4.C: error executing dg-final: no files
matched glob pattern "pr15791-4.C.t??.gimple"
UNRESOLVED: g++.dg/tree-ssa/pr15791-4.C: error executing dg-final: no
files matched glob pattern "pr15791-4.C.t??.gimple"
ERROR: g++.dg/tree-ssa/pr15791-5.C: error executing dg-final: no files
matched glob pattern "pr15791-5.C.t??.gimple"
UNRESOLVED: g++.dg/tree-ssa/pr15791-5.C: error executing dg-final: no
files matched glob pattern "pr15791-5.C.t??.gimple"
FAIL: g++.dg/pch/externc-1.C -g assembly comparison
FAIL: g++.dg/pch/externc-1.C -O2 -g assembly comparison
FAIL: g++.dg/pch/static-1.C -g assembly comparison
FAIL: g++.dg/pch/static-1.C -O2 -g assembly comparison
FAIL: g++.dg/pch/system-1.C -g assembly comparison
FAIL: g++.dg/pch/system-1.C -O2 -g assembly comparison
FAIL: g++.dg/pch/system-2.C -g assembly comparison
FAIL: g++.dg/pch/system-2.C -O2 -g assembly comparison
FAIL: g++.dg/pch/uninst.C -g assembly comparison
FAIL: g++.dg/pch/uninst.C -O2 -g assembly comparison
FAIL: g++.dg/pch/wchar-1.C -g assembly comparison
FAIL: g++.dg/pch/wchar-1.C -O2 -g assembly comparison
FAIL: g++.old-deja/g++.eh/badalloc1.C execution test
XPASS: g++.old-deja/g++.ext/attrib5.C execution test
FAIL: g++.old-deja/g++.pt/instantiate4.C (test for excess errors)
FAIL: g++.old-deja/g++.pt/instantiate6.C (test for excess errors)
FAIL: g++.old-deja/g++.pt/repo1.C (test for excess errors)
FAIL: g++.old-deja/g++.pt/repo2.C (test for excess errors)
FAIL: g++.old-deja/g++.pt/repo3.C (test for excess errors)
FAIL: g++.old-deja/g++.pt/repo4.C (test for excess errors)
=== g++ Summary ===
# of expected passes 11105
# of unexpected failures 31
# of unexpected successes 1
# of expected failures 70
# of unresolved testcases 3
# of unsupported tests 106
/usr/local/src/branch/objdir32/gcc/testsuite/../g++ version 4.0.1
=== gcc tests ===
Running target unix
FAIL: gcc.c-torture/compile/20011119-1.c (test for excess errors)
FAIL: gcc.c-torture/compile/20011119-1.c (test for excess errors)
FAIL: gcc.c-torture/compile/20011119-1.c (test for excess errors)
FAIL: gcc.c-torture/compile/20011119-1.c (test for excess errors)
FAIL: gcc.c-torture/compile/20011119-1.c (test for excess errors)
FAIL: gcc.c-torture/compile/20011119-1.c (test for excess errors)
FAIL: gcc.c-torture/compile/20011119-2.c (test for excess errors)
FAIL: gcc.c-torture/compile/20011119-2.c (test for excess errors)
FAIL: gcc.c-torture/compile/20011119-2.c (test for excess errors)
FAIL: gcc.c-torture/compile/20011119-2.c (test for excess errors)
FAIL: gcc.c-torture/compile/20011119-2.c (test for excess errors)
FAIL: gcc.c-torture/compile/20011119-2.c (test for excess errors)
FAIL: gcc.dg/20021014-1.c (test for excess errors)
WARNING: gcc.dg/20021014-1.c compilation failed to produce executable
FAIL: gcc.dg/alias-7.c (test for excess errors)
WARNING: gcc.dg/alias-7.c compilation failed to produce executable
FAIL: gcc.dg/i386-pic-1.c (test for errors, line 10)
FAIL: gcc.dg/pr17957.c (test for excess errors)
FAIL: gcc.dg/tree-ssa/loop-1.c scan-assembler-times foo 5
XPASS: gcc.dg/vect/vect-22.c scan-tree-dump-times vectorized 3 loops 1
=== gcc Summary ===
# of expected passes 36215
# of unexpected failures 17
# of unexpected successes 1
# of expected failures 100
# of untested testcases 28
# of unsupported tests 349
/usr/local/src/branch/objdir32/gcc/xgcc version 4.0.1
=== gfortran tests ===
Running target unix
=== gfortran Summary ===
# of expected passes 6940
# of expected failures 10
/usr/local/src/branch/objdir32/gcc/testsuite/../gfortran version 4.0.1
=== objc tests ===
Running target unix
=== objc Summary ===
# of expected passes 1534
# of unsupported tests 10
/usr/local/src/branch/objdir32/gcc/xgcc version 4.0.1
=== treelang tests ===
Running target unix
=== treelang Summary ===
# of expected passes 47
=== libstdc++ tests ===
Running target unix
FAIL: 26_numerics/cmath/c99_classification_macros_c.cc (test for excess errors)
FAIL: 27_io/basic_filebuf/sgetn/char/1-in.cc execution test
FAIL: 27_io/basic_filebuf/sgetn/char/1-io.cc execution test
FAIL: 27_io/basic_filebuf/sgetn/char/2-in.cc execution test
FAIL: 27_io/basic_filebuf/sgetn/char/2-io.cc execution test
FAIL: 27_io/basic_istream/extractors_arithmetic/char/12.cc execution test
FAIL: 27_io/basic_istream/readsome/char/6746-2.cc execution test
=== libstdc++ Summary ===
# of expected passes 2514
# of unexpected failures 7
# of expected failures 11
# of unsupported tests 9
Compiler version: 4.0.1
Platform: i686-pc-cygwin
configure flags: --enable-__cxa_atexit --prefix=/usr/local/gcc
--enable-shared --enable-languages=c,ada,c++,f95,java,objc,treelang
Counting all warnings,
there are 221 warnings in stage0 of this bootstrap.
Number of warnings per file:
19 gcc/ada/vms_conv.adb
15 libiberty/concat.c
9 libiberty/regex.c
9 libgfortran/intrinsics/date_and_time.c
6 libiberty/getopt.c
6 libgfortran/io/list_read.c
4 libgfortran/intrinsics/stat.c
4 libgfortran/intrinsics/rename.c
4 include/xregex2.h
3 libtool
3 libiberty/strsignal.c
3 libgfortran/intrinsics/eoshift2.c
3 libgfortran/intrinsics/eoshift0.c
3 libgfortran/generated/eoshift3_8.c
3 libgfortran/generated/eoshift3_4.c
3 libgfortran/generated/eoshift1_8.c
3 libgfortran/generated/eoshift1_4.c
2 libgfortran/io/unit.c
2 libgfortran/generated/matmul_r8.c
2 libgfortran/generated/matmul_r4.c
2 libgfortran/generated/matmul_i8.c
2 libgfortran/generated/matmul_i4.c
2 libgfortran/generated/matmul_c8.c
2 libgfortran/generated/matmul_c4.c
2 cc1
1 time_members.cc
1 raise.c
1 numeric_members.cc
1 monetary_members.cc
1 messages_members.cc
1 libsupc++/vterminate.cc
1 libsupc++/vec.cc
1 libsupc++/tinfo2.cc
1 libsupc++/tinfo.cc
1 libsupc++/pure.cc
1 libsupc++/new_opvnt.cc
1 libsupc++/new_opv.cc
1 libsupc++/new_opnt.cc
1 libsupc++/new_op.cc
1 libsupc++/new_handler.cc
1 libsupc++/guard.cc
1 libsupc++/eh_unex_handler.cc
1 libsupc++/eh_type.cc
1 libsupc++/eh_throw.cc
1 libsupc++/eh_terminate.cc
1 libsupc++/eh_term_handler.cc
1 libsupc++/eh_personality.cc
1 libsupc++/eh_globals.cc
1 libsupc++/eh_exception.cc
1 libsupc++/eh_catch.cc
1 libsupc++/eh_aux_runtime.cc
1 libsupc++/eh_alloc.cc
1 libsupc++/del_opvnt.cc
1 libsupc++/del_opv.cc
1 libsupc++/del_opnt.cc
1 libsupc++/del_op.cc
1 libstdc++-v3/testsuite/testsuite_hooks.cc
1 libstdc++-v3/testsuite/testsuite_character.cc
1 libstdc++-v3/testsuite/testsuite_allocator.cc
1 libstdc++-v3/testsuite/testsuite_abi.cc
1 libstdc++-v3/src/wstring-inst.cc
1 libstdc++-v3/src/wlocale-inst.cc
1 libstdc++-v3/src/valarray-inst.cc
1 libstdc++-v3/src/tree.cc
1 libstdc++-v3/src/strstream.cc
1 libstdc++-v3/src/string-inst.cc
1 libstdc++-v3/src/streambuf.cc
1 libstdc++-v3/src/streambuf-inst.cc
1 libstdc++-v3/src/stdexcept.cc
1 libstdc++-v3/src/sstream-inst.cc
1 libstdc++-v3/src/pool_allocator.cc
1 libstdc++-v3/src/ostream-inst.cc
1 libstdc++-v3/src/mt_allocator.cc
1 libstdc++-v3/src/misc-inst.cc
1 libstdc++-v3/src/localename.cc
1 libstdc++-v3/src/locale_init.cc
1 libstdc++-v3/src/locale_facets.cc
1 libstdc++-v3/src/locale.cc
1 libstdc++-v3/src/locale-misc-inst.cc
1 libstdc++-v3/src/locale-inst.cc
1 libstdc++-v3/src/list.cc
1 libstdc++-v3/src/limits.cc
1 libstdc++-v3/src/istream.cc
1 libstdc++-v3/src/istream-inst.cc
1 libstdc++-v3/src/ios_locale.cc
1 libstdc++-v3/src/ios_init.cc
1 libstdc++-v3/src/ios_failure.cc
1 libstdc++-v3/src/ios.cc
1 libstdc++-v3/src/io-inst.cc
1 libstdc++-v3/src/globals_locale.cc
1 libstdc++-v3/src/globals_io.cc
1 libstdc++-v3/src/functexcept.cc
1 libstdc++-v3/src/fstream-inst.cc
1 libstdc++-v3/src/ext-inst.cc
1 libstdc++-v3/src/debug_list.cc
1 libstdc++-v3/src/debug.cc
1 libstdc++-v3/src/ctype.cc
1 libstdc++-v3/src/concept-inst.cc
1 libstdc++-v3/src/complex_io.cc
1 libstdc++-v3/src/compatibility.cc
1 libstdc++-v3/src/codecvt.cc
1 libstdc++-v3/src/bitmap_allocator.cc
1 libstdc++-v3/src/allocator-inst.cc
1 libobjc/thr.c
1 libobjc/sendmsg.c
1 libiberty/pex-unix.c
1 libgfortran/runtime/string.c
1 libgfortran/io/open.c
1 libgfortran/intrinsics/unpack_generic.c
1 libgfortran/intrinsics/unlink.c
1 libgfortran/intrinsics/spread_generic.c
1 libgfortran/intrinsics/getcwd.c
1 libgfortran/intrinsics/etime.c
1 libgfortran/generated/transpose_i8.c
1 libgfortran/generated/transpose_i4.c
1 libgfortran/generated/transpose_c8.c
1 libgfortran/generated/transpose_c4.c
1 libgfortran/generated/exp_c8.c
1 libgfortran/generated/exp_c4.c
1 gcc/gthr-single.h
1 gcc/coretypes.h
1 fastjar/jartool.c
1 fastjar/compress.c
1 ctype_members.cc
1 collate_members.cc
1 codecvt_members.cc
1 c++locale.cc
1 basic_file.cc
1 atomicity.cc
1 ./runtime-info.h
Number of warning types:
83 -ffunction-sections may affect debugging on some targets
21 \`???' may be used uninitialized in this function
19 alignment of \`???' is greater than maximum object file
alignment. Using 16
16 passing argument 1 of \`???' from incompatible pointer type
15 traditional C rejects ISO C style function definitions
12 unused variable \`???'
9 signed and unsigned type in conditional expression
8 unused parameter \`???'
3 undefined symbols not allowed in i686-pc-cygwin shared libraries
3 format \`???' expects type \`???', but argument 5 has type \`???'
3 format \`???' expects type \`???', but argument 4 has type \`???'
3 comparison between signed and unsigned
3 ISO C90 does not support \`static' or type qualifiers in
parameter array declarators
2 missing braces around initializer
2 incompatible implicit declaration of built-in function \`???'
2 implicit declaration of function \`???'
2 format \`???' expects type \`???', but argument 6 has type \`???'
2 (near initialization for \`???')
1 variable \`???' might be clobbered by \`???' or \`???'
1 this is the location of the previous definition
1 string length \`???' is greater than the length \`???' ISO C89
compilers are required to support
1 pointer targets in assignment differ in signedness
1 passing argument 1 of \`???' discards qualifiers from pointer
target type
1 format \`???' expects type \`???', but argument 7 has type \`???'
1 format \`???' expects type \`???', but argument 3 has type \`???'
1 command line option \`-fno-underscoring' is valid for F95 but not for C
1 command line option \`-fno-repack-arrays' is valid for F95 but not for C
1 \`rtx' redefined
1 \`???' function does return
1 \`???' defined but not used
1 ISO C90 does not support \`???' or type qualifiers in
parameter array declarators
Counting all warnings,
there are 51 warnings in stage3 of this bootstrap.
Number of warnings per file:
11 gengtype-lex.c
11 gcc/tsystem.h
11 ./auto-host.h
3 treelang/lex.c
3 gcc/gcc.c
2 gcc/objc/lang-specs.h
1 insn-conditions.c
1 gcc/treelang/parse.y
1 gcc/java/jvspec.c
1 gcc/java/jcf-write.c
1 gcc/fortran/trans-common.c
1 gcc/fortran/simplify.c
1 gcc/fortran/resolve.c
1 gcc/fortran/expr.c
1 gcc/config/i386/i386.md
1 gcc/ada/tracebak.c
Number of warning types:
11 this is the location of the previous definition
11 no previous prototype for \`???'
11 \`HAVE_DECL_GETOPT' redefined
7 string length \`???' is greater than the length \`???' ISO C89
compilers are required to support
5 control may reach end of non-void function \`???' being inlined
3 old-style function definition
1 unused variable \`???'
1 operand 1 missing mode?
1 comparison of unsigned expression < 0 is always false
More information about the Gcc-testresults
mailing list